{"id":965,"date":"2021-03-10T07:45:57","date_gmt":"2021-03-10T07:45:57","guid":{"rendered":"https:\/\/magicgamesbolivia.com\/?post_type=product&#038;p=965"},"modified":"2026-01-14T14:15:11","modified_gmt":"2026-01-14T14:15:11","slug":"codigo-secreto-imagenes","status":"publish","type":"product","link":"https:\/\/magicgamesbolivia.com\/index.php\/product\/codigo-secreto-imagenes\/","title":{"rendered":"C\u00d3DIGO SECRETO IM\u00c1GENES"},"content":{"rendered":"<p>Los dos jefes de una red de espionaje saben cu\u00e1l es la localizaci\u00f3n de cada agente, y deber\u00e1n\u00a0indicar a sus agentes de campo a qu\u00e9 lugar deben acudir para su reuni\u00f3n clandestina. Los\u00a0agentes tendr\u00e1n que andarse con ojo. Si se equivocan al descifrar la informaci\u00f3n, pueden\u00a0tener un desagradable encuentro con un agente enemigo o, peor todav\u00eda, \u00a1con el asesino!\u00a0<em>C\u00f3digo Secreto Im\u00e1genes<\/em>\u00a0es la versi\u00f3n con ilustraciones del multipremiado\u00a0<em>C\u00f3digo Secreto<\/em>. En\u00a0lugar de una palabra, cada tarjeta contiene una imagen, pero el juego mantiene las mismas\u00a0reglas y la misma dosis de diversi\u00f3n. Adem\u00e1s, esta versi\u00f3n se puede jugar por separado o<br \/>\ncombinarla con<em>\u00a0C\u00f3digo Secreto<\/em>.<\/p>\n<p>Un juego de Vlaada Chv\u00e1til<\/p>\n","protected":false},"excerpt":{"rendered":"<h4 class=\"a-size-base-plus a-text-bold\">Acerca de este producto<\/h4>\n<ul class=\"a-unordered-list a-vertical a-spacing-mini\">\n<li><span class=\"a-list-item\">De 2 a 8 jugadores<\/span><\/li>\n<li><span class=\"a-list-item\">Duraci\u00f3n: 15 minutos<\/span><\/li>\n<li><span class=\"a-list-item\">A partir de los 10 a\u00f1os<\/span><\/li>\n<li><span class=\"a-list-item\">N\u00famero de modelo: BGCOSEIM<\/span><\/li>\n<li><span class=\"a-list-item\">Idioma principal: espa\u00f1ol<\/span><\/li>\n<\/ul>\n<p>&nbsp;<\/p>\n","protected":false},"featured_media":966,"comment_status":"open","ping_status":"closed","template":"","meta":{"_themeisle_gutenberg_block_has_review":false},"product_brand":[],"product_cat":[29,30],"product_tag":[42,44,43],"class_list":{"0":"post-965","1":"product","2":"type-product","3":"status-publish","4":"has-post-thumbnail","6":"product_cat-juegos-de-mesa","7":"product_cat-devir","8":"product_tag-codigo","9":"product_tag-imagenes","10":"product_tag-secreto","12":"first","13":"instock","14":"shipping-taxable","15":"purchasable","16":"product-type-simple"},"_links":{"self":[{"href":"https:\/\/magicgamesbolivia.com\/index.php\/wp-json\/wp\/v2\/product\/965","targetHints":{"allow":["GET"]}}],"collection":[{"href":"https:\/\/magicgamesbolivia.com\/index.php\/wp-json\/wp\/v2\/product"}],"about":[{"href":"https:\/\/magicgamesbolivia.com\/index.php\/wp-json\/wp\/v2\/types\/product"}],"replies":[{"embeddable":true,"href":"https:\/\/magicgamesbolivia.com\/index.php\/wp-json\/wp\/v2\/comments?post=965"}],"version-history":[{"count":2,"href":"https:\/\/magicgamesbolivia.com\/index.php\/wp-json\/wp\/v2\/product\/965\/revisions"}],"predecessor-version":[{"id":3040,"href":"https:\/\/magicgamesbolivia.com\/index.php\/wp-json\/wp\/v2\/product\/965\/revisions\/3040"}],"wp:featuredmedia":[{"embeddable":true,"href":"https:\/\/magicgamesbolivia.com\/index.php\/wp-json\/wp\/v2\/media\/966"}],"wp:attachment":[{"href":"https:\/\/magicgamesbolivia.com\/index.php\/wp-json\/wp\/v2\/media?parent=965"}],"wp:term":[{"taxonomy":"product_brand","embeddable":true,"href":"https:\/\/magicgamesbolivia.com\/index.php\/wp-json\/wp\/v2\/product_brand?post=965"},{"taxonomy":"product_cat","embeddable":true,"href":"https:\/\/magicgamesbolivia.com\/index.php\/wp-json\/wp\/v2\/product_cat?post=965"},{"taxonomy":"product_tag","embeddable":true,"href":"https:\/\/magicgamesbolivia.com\/index.php\/wp-json\/wp\/v2\/product_tag?post=965"}],"curies":[{"name":"wp","href":"https:\/\/api.w.org\/{rel}","templated":true}]}}