{"id":6069,"date":"2026-03-15T23:47:39","date_gmt":"2026-03-15T23:47:39","guid":{"rendered":"https:\/\/magicgamesbolivia.com\/?post_type=product&#038;p=6069"},"modified":"2026-03-15T23:48:18","modified_gmt":"2026-03-15T23:48:18","slug":"dice-throne","status":"publish","type":"product","link":"https:\/\/magicgamesbolivia.com\/index.php\/product\/dice-throne\/","title":{"rendered":"Dice Throne"},"content":{"rendered":"<ul class=\"a-unordered-list a-vertical a-spacing-mini\">\n<li class=\"a-spacing-mini\"><span class=\"a-list-item\">V\u00edstete para la batalla en Marvel Dice Throne, un juego de dados intrigantes, juego de cartas t\u00e1cticas, poderosos h\u00e9roes de Marvel y habilidades \u00fanicas. La caja de 2 h\u00e9roes es un juego de combate independiente y de ritmo r\u00e1pido para 2 jugadores. Selecciona entre h\u00e9roes de Marvel (Capit\u00e1n Marvel o Black Panther) que juegan y se sienten completamente distintos entre s\u00ed.<\/span><\/li>\n<li class=\"a-spacing-mini\"><span class=\"a-list-item\">Ataca a los oponentes y activa habilidades lanzando el conjunto \u00fanico de cinco dados de tu h\u00e9roe. Acumula puntos de combate y g\u00e1stalos en cartas que tengan una amplia gama de efectos, como otorgar mejoras permanentes de h\u00e9roe, aplicar efectos de estatus y manipular los dados directamente (tuyos, los de tu compa\u00f1ero de equipo o incluso el de tu oponente).<\/span><\/li>\n<li class=\"a-spacing-mini\"><span class=\"a-list-item\">Ampl\u00eda tu colecci\u00f3n Marvel Dice Throne y juega con hasta 6 jugadores, eligiendo entre 8 h\u00e9roes, con la caja de 4 h\u00e9roes con Scarlet Witch, Thor, Loki y Spider-Man, o la caja de expansi\u00f3n con Black Widow y Doctor Strange. Estas colecciones son compatibles con todo el ecosistema de Dice Throne de Roxley Games.<\/span><\/li>\n<li class=\"a-spacing-mini\"><span class=\"a-list-item\">Incluye: 2 tableros de h\u00e9roe (Capit\u00e1n Marvel, Black Panther), 2 folletos, 2 juegos de 5 dados (1 juego cada h\u00e9roe), 64 cartas de h\u00e9roe, 2 diales de punto de combate (CP), 2 diales de salud, reglas<\/span><\/li>\n<li class=\"a-spacing-mini\"><span class=\"a-list-item\">2 jugadores (2-6 jugadores) | A partir de 8 a\u00f1os | Tiempo de juego de m\u00e1s de 30 minutos<\/span><\/li>\n<li>IDIOMA INGLES<\/li>\n<\/ul>\n","protected":false},"excerpt":{"rendered":"<table id=\"productDetails_detailBullets_sections1\" class=\"a-keyvalue prodDetTable\">\n<tbody>\n<tr>\n<th class=\"a-color-secondary a-size-base prodDetSectionEntry\">Idioma<\/th>\n<td class=\"a-size-base prodDetAttrValue\">Ingl\u00e9s<\/td>\n<\/tr>\n<tr>\n<th class=\"a-color-secondary a-size-base prodDetSectionEntry\">Fabricante<\/th>\n<td class=\"a-size-base prodDetAttrValue\">USAOpoly<\/p>\n<p>&nbsp;<\/td>\n<\/tr>\n<\/tbody>\n<\/table>\n","protected":false},"featured_media":6070,"comment_status":"open","ping_status":"closed","template":"","meta":{"_themeisle_gutenberg_block_has_review":false},"product_brand":[],"product_cat":[123,29],"product_tag":[1028,1048,140],"class_list":{"0":"post-6069","1":"product","2":"type-product","3":"status-publish","4":"has-post-thumbnail","6":"product_cat-otros-juegos","7":"product_cat-juegos-de-mesa","8":"product_tag-blackpanter","9":"product_tag-dicetrhone","10":"product_tag-marvel","12":"first","13":"instock","14":"shipping-taxable","15":"purchasable","16":"product-type-simple"},"_links":{"self":[{"href":"https:\/\/magicgamesbolivia.com\/index.php\/wp-json\/wp\/v2\/product\/6069","targetHints":{"allow":["GET"]}}],"collection":[{"href":"https:\/\/magicgamesbolivia.com\/index.php\/wp-json\/wp\/v2\/product"}],"about":[{"href":"https:\/\/magicgamesbolivia.com\/index.php\/wp-json\/wp\/v2\/types\/product"}],"replies":[{"embeddable":true,"href":"https:\/\/magicgamesbolivia.com\/index.php\/wp-json\/wp\/v2\/comments?post=6069"}],"version-history":[{"count":1,"href":"https:\/\/magicgamesbolivia.com\/index.php\/wp-json\/wp\/v2\/product\/6069\/revisions"}],"predecessor-version":[{"id":6072,"href":"https:\/\/magicgamesbolivia.com\/index.php\/wp-json\/wp\/v2\/product\/6069\/revisions\/6072"}],"wp:featuredmedia":[{"embeddable":true,"href":"https:\/\/magicgamesbolivia.com\/index.php\/wp-json\/wp\/v2\/media\/6070"}],"wp:attachment":[{"href":"https:\/\/magicgamesbolivia.com\/index.php\/wp-json\/wp\/v2\/media?parent=6069"}],"wp:term":[{"taxonomy":"product_brand","embeddable":true,"href":"https:\/\/magicgamesbolivia.com\/index.php\/wp-json\/wp\/v2\/product_brand?post=6069"},{"taxonomy":"product_cat","embeddable":true,"href":"https:\/\/magicgamesbolivia.com\/index.php\/wp-json\/wp\/v2\/product_cat?post=6069"},{"taxonomy":"product_tag","embeddable":true,"href":"https:\/\/magicgamesbolivia.com\/index.php\/wp-json\/wp\/v2\/product_tag?post=6069"}],"curies":[{"name":"wp","href":"https:\/\/api.w.org\/{rel}","templated":true}]}}