{"id":6059,"date":"2026-03-15T23:36:57","date_gmt":"2026-03-15T23:36:57","guid":{"rendered":"https:\/\/magicgamesbolivia.com\/?post_type=product&#038;p=6059"},"modified":"2026-03-15T23:37:47","modified_gmt":"2026-03-15T23:37:47","slug":"marvel-x-men-dice-throne-box-2","status":"publish","type":"product","link":"https:\/\/magicgamesbolivia.com\/index.php\/product\/marvel-x-men-dice-throne-box-2\/","title":{"rendered":"Marvel X-Men Dice Throne box 2"},"content":{"rendered":"<ul class=\"a-unordered-list a-vertical a-spacing-mini\">\n<li class=\"a-spacing-mini\"><span class=\"a-list-item\">Combate como ic\u00f3nicos h\u00e9roes de X-Men: C\u00edclope, Jean Grey, Gambit y Rogue en este juego de combate r\u00e1pido de rodar dados.<\/span><\/li>\n<li class=\"a-spacing-mini\"><span class=\"a-list-item\">\u00a1Juega en m\u00faltiples modos: duelos 1v1, batallas de equipo 2v2, \u00a1o caos libre para todos!<\/span><\/li>\n<li class=\"a-spacing-mini\"><span class=\"a-list-item\">Cada h\u00e9roe viene con dados \u00fanicos, un tablero de jugador y una baraja personalizada de cartas para un emocionante juego estrat\u00e9gico.<\/span><\/li>\n<li class=\"a-spacing-mini\"><span class=\"a-list-item\">Mejora las habilidades y usa cartas de acci\u00f3n para burlar y superar a tus oponentes.<\/span><\/li>\n<li class=\"a-spacing-mini\"><span class=\"a-list-item\">\u00a1Compatible con todo el ecosistema de Dice Throne: mezcla y combina h\u00e9roes para batallas \u00fanicas sin fin!<\/span><\/li>\n<li>IDIOMA INGLES<\/li>\n<\/ul>\n","protected":false},"excerpt":{"rendered":"<table id=\"productDetails_detailBullets_sections1\" class=\"a-keyvalue prodDetTable\">\n<tbody>\n<tr>\n<th class=\"a-color-secondary a-size-base prodDetSectionEntry\">Idioma<\/th>\n<td class=\"a-size-base prodDetAttrValue\">Ingl\u00e9s, Ingl\u00e9s<\/td>\n<\/tr>\n<tr>\n<th class=\"a-color-secondary a-size-base prodDetSectionEntry\">Fabricante<\/th>\n<td class=\"a-size-base prodDetAttrValue\">USAopoly<\/td>\n<\/tr>\n<\/tbody>\n<\/table>\n","protected":false},"featured_media":6060,"comment_status":"open","ping_status":"closed","template":"","meta":{"_themeisle_gutenberg_block_has_review":false},"product_brand":[],"product_cat":[123,29],"product_tag":[157,1048,155,824],"class_list":{"0":"post-6059","1":"product","2":"type-product","3":"status-publish","4":"has-post-thumbnail","6":"product_cat-otros-juegos","7":"product_cat-juegos-de-mesa","8":"product_tag-bolivia","9":"product_tag-dicetrhone","10":"product_tag-juegosdemesa","11":"product_tag-xmen","13":"first","14":"instock","15":"shipping-taxable","16":"purchasable","17":"product-type-simple"},"_links":{"self":[{"href":"https:\/\/magicgamesbolivia.com\/index.php\/wp-json\/wp\/v2\/product\/6059","targetHints":{"allow":["GET"]}}],"collection":[{"href":"https:\/\/magicgamesbolivia.com\/index.php\/wp-json\/wp\/v2\/product"}],"about":[{"href":"https:\/\/magicgamesbolivia.com\/index.php\/wp-json\/wp\/v2\/types\/product"}],"replies":[{"embeddable":true,"href":"https:\/\/magicgamesbolivia.com\/index.php\/wp-json\/wp\/v2\/comments?post=6059"}],"version-history":[{"count":1,"href":"https:\/\/magicgamesbolivia.com\/index.php\/wp-json\/wp\/v2\/product\/6059\/revisions"}],"predecessor-version":[{"id":6063,"href":"https:\/\/magicgamesbolivia.com\/index.php\/wp-json\/wp\/v2\/product\/6059\/revisions\/6063"}],"wp:featuredmedia":[{"embeddable":true,"href":"https:\/\/magicgamesbolivia.com\/index.php\/wp-json\/wp\/v2\/media\/6060"}],"wp:attachment":[{"href":"https:\/\/magicgamesbolivia.com\/index.php\/wp-json\/wp\/v2\/media?parent=6059"}],"wp:term":[{"taxonomy":"product_brand","embeddable":true,"href":"https:\/\/magicgamesbolivia.com\/index.php\/wp-json\/wp\/v2\/product_brand?post=6059"},{"taxonomy":"product_cat","embeddable":true,"href":"https:\/\/magicgamesbolivia.com\/index.php\/wp-json\/wp\/v2\/product_cat?post=6059"},{"taxonomy":"product_tag","embeddable":true,"href":"https:\/\/magicgamesbolivia.com\/index.php\/wp-json\/wp\/v2\/product_tag?post=6059"}],"curies":[{"name":"wp","href":"https:\/\/api.w.org\/{rel}","templated":true}]}}