{"id":6050,"date":"2026-02-24T14:04:28","date_gmt":"2026-02-24T14:04:28","guid":{"rendered":"https:\/\/magicgamesbolivia.com\/?post_type=product&#038;p=6050"},"modified":"2026-02-24T14:05:33","modified_gmt":"2026-02-24T14:05:33","slug":"taco-gorro-tarta-regalo-pizza","status":"publish","type":"product","link":"https:\/\/magicgamesbolivia.com\/index.php\/product\/taco-gorro-tarta-regalo-pizza\/","title":{"rendered":"Taco, Gorro, Tarta, Regalo, Pizza"},"content":{"rendered":"<p><strong>Taco, Gorro, Tarta, Regalo, Pizza<\/strong>\u00a0es un\u00a0<strong>juego de cartas<\/strong>\u00a0divertid\u00edsimo, \u00a1Adem\u00e1s de todo un\u00a0<strong>trabalenguas<\/strong>\u00a0para tu\u00a0<strong>cerebro<\/strong>, ahora versi\u00f3n cumplea\u00f1os! Tendr\u00e1s que estar muy atento a las\u00a0<strong>cartas<\/strong>\u00a0que se van\u00a0<strong>sacando<\/strong>\u00a0y a las\u00a0<strong>palabras<\/strong>\u00a0que se van diciendo, y si coinciden, \u00a1pon la mano volando en el\u00a0<strong>centro<\/strong>\u00a0de la\u00a0<strong>mesa<\/strong>! Un\u00a0<strong>adictivo<\/strong>\u00a0<strong>juego<\/strong>\u00a0de\u00a0<strong>cartas<\/strong>\u00a0tan \u00fanico como su nombre \u00a1<strong>disfr\u00fatalo<\/strong>!<\/p>\n<p>&nbsp;<\/p>\n<p>Cuando un jugador se\u00a0<strong>descarte<\/strong>\u00a0de una\u00a0<strong>carta<\/strong>\u00a0que\u00a0<strong>coincida<\/strong>\u00a0con la\u00a0<strong>palabra<\/strong>\u00a0que\u00a0<strong>dice<\/strong>, coloca tu\u00a0<strong>mano<\/strong>\u00a0sobre el\u00a0<strong>mont\u00f3n<\/strong>\u00a0<strong>central<\/strong>, \u00a1el\u00a0<strong>\u00faltimo<\/strong>\u00a0en\u00a0<strong>poner<\/strong>\u00a0la\u00a0<strong>mano<\/strong>\u00a0se\u00a0<strong>queda<\/strong>\u00a0con todas las\u00a0<strong>cartas<\/strong>\u00a0del mont\u00f3n! Conc\u00e9ntrate y s\u00e9 el m\u00e1s\u00a0<strong>r\u00e1pido<\/strong>\u00a0en deshacerte de todas tus cartas. La diversi\u00f3n est\u00e1 garantizada con este\u00a0<strong>fren\u00e9tico<\/strong>\u00a0y\u00a0<strong>divertido<\/strong>\u00a0juego de cartas.<\/p>\n<p><strong>Paso 1<\/strong>: Baraja las\u00a0<strong>cartas<\/strong>\u00a0y\u00a0<strong>reparte<\/strong>, bocabajo\u00a0<strong>12<\/strong>\u00a0<strong>cartas<\/strong>\u00a0para cada uno. Se descartan las cartas sobrantes. Los jugadores no miran sus cartas.<\/p>\n<p><strong>Paso 2<\/strong>: Por\u00a0<strong>turnos<\/strong>, cada uno destapa la\u00a0<strong>primera<\/strong>\u00a0carta de su mazo y\u00a0<strong>dice<\/strong>\u00a0la\u00a0<strong>palabra<\/strong>\u00a0que\u00a0<strong>corresponda<\/strong>: Taco, Gorro, Tarta, Regalo, Pizza.<\/p>\n<p><strong>Paso 3<\/strong>: Si\u00a0<strong>coinciden<\/strong>\u00a0<strong>palabra<\/strong>\u00a0y\u00a0<strong>carta<\/strong>, los jugadores ponen la\u00a0<strong>mano<\/strong>\u00a0al\u00a0<strong>centro<\/strong>. Si salen cartas\u00a0<strong>especiales<\/strong>\u00a0hay que hacer el\u00a0<strong>gesto<\/strong>\u00a0indicado. El\u00a0<strong>\u00faltimo<\/strong>\u00a0en\u00a0<strong>ponerla<\/strong>, se queda el\u00a0<strong>mont\u00f3n<\/strong>.<\/p>\n","protected":false},"excerpt":{"rendered":"<p><strong>Taco, Gorro, Tarta, Regalo, Pizza<\/strong>\u00a0es un\u00a0<strong>juego de cartas<\/strong>\u00a0divertid\u00edsimo, \u00a1Adem\u00e1s de todo un\u00a0<strong>trabalenguas<\/strong>\u00a0para tu\u00a0<strong>cerebro<\/strong>, ahora versi\u00f3n cumplea\u00f1os! Tendr\u00e1s que estar muy atento a las\u00a0<strong>cartas<\/strong>\u00a0que se van\u00a0<strong>sacando<\/strong>\u00a0y a las\u00a0<strong>palabras<\/strong>\u00a0que se van diciendo, y si coinciden, \u00a1pon la mano volando en el\u00a0<strong>centro<\/strong>\u00a0de la\u00a0<strong>mesa<\/strong>! Un\u00a0<strong>adictivo<\/strong>\u00a0<strong>juego<\/strong>\u00a0de\u00a0<strong>cartas<\/strong>\u00a0tan \u00fanico como su nombre \u00a1<strong>disfr\u00fatalo<\/strong>!<\/p>\n<div class=\"box_features\">\n<div class=\"iconfeature\"><img decoding=\"async\" class=\"\" title=\"N\u00famero de jugadores: De 2 a 20 jugadores\" src=\"https:\/\/juegosdelamesaredonda.com\/img\/caracteristicas\/9.svg\" alt=\"N\u00famero de jugadores: De 2 a 20 jugadores\" \/> <span class=\"name\">N\u00famero de jugadores:<\/span><span class=\"value\">De 2 a 20 jugadores<\/span><\/div>\n<\/div>\n<div class=\"box_features\">\n<div class=\"iconfeature\"><img decoding=\"async\" class=\"\" title=\"Duraci\u00f3n aproximada del juego: 10 minutos\" src=\"https:\/\/juegosdelamesaredonda.com\/img\/caracteristicas\/7.svg\" alt=\"Duraci\u00f3n aproximada del juego: 10 minutos\" \/> <span class=\"name\">Duraci\u00f3n aproximada:<\/span><span class=\"value\">10 minutos<\/span><\/div>\n<\/div>\n<div class=\"box_features\">\n<div class=\"iconfeature\"><img decoding=\"async\" class=\"\" title=\"Edad m\u00ednima recomendada: 8 a\u00f1os\" src=\"https:\/\/juegosdelamesaredonda.com\/img\/caracteristicas\/10.svg\" alt=\"Edad m\u00ednima recomendada: 8 a\u00f1os\" \/> <span class=\"name\">Edad m\u00ednima:<\/span><span class=\"value\">8 a\u00f1os<\/span><\/div>\n<\/div>\n<div class=\"box_features\">\n<div class=\"iconfeature\"><img decoding=\"async\" class=\"\" title=\"Tipo: Juego de cartas\" src=\"https:\/\/juegosdelamesaredonda.com\/img\/caracteristicas\/11.svg\" alt=\"Tipo: Juego de cartas\" \/> <span class=\"name\">Tipo:<\/span><span class=\"value\">Juego de cartas<\/span><\/div>\n<\/div>\n<div class=\"box_features\">\n<div class=\"iconfeature\"><img decoding=\"async\" class=\"\" title=\"G\u00e9nero: Humor\" src=\"https:\/\/juegosdelamesaredonda.com\/img\/caracteristicas\/12.svg\" alt=\"G\u00e9nero: Humor\" \/> <span class=\"name\">G\u00e9nero:<\/span><span class=\"value\">Humor<\/span><\/div>\n<\/div>\n<div class=\"box_features\">\n<div class=\"iconfeature\"><img decoding=\"async\" class=\"\" title=\"Idioma: Espa\u00f1ol\" src=\"https:\/\/juegosdelamesaredonda.com\/img\/caracteristicas\/14.svg\" alt=\"Idioma: Espa\u00f1ol\" \/> <span class=\"name\">Idioma:<\/span><span class=\"value\">Espa\u00f1ol<\/span><\/div>\n<\/div>\n<div class=\"box_features\">\n<div class=\"iconfeature\"><img decoding=\"async\" class=\"\" title=\"Marca: Ludilo\" src=\"https:\/\/juegosdelamesaredonda.com\/img\/caracteristicas\/13.svg\" alt=\"Marca: Ludilo\" \/> <span class=\"name\">Marca:<\/span><span class=\"value\">Ludilo<\/span><\/div>\n<\/div>\n","protected":false},"featured_media":6051,"comment_status":"open","ping_status":"closed","template":"","meta":{"_themeisle_gutenberg_block_has_review":false},"product_brand":[],"product_cat":[123,29],"product_tag":[309,1046,308,1045,1047],"class_list":{"0":"post-6050","1":"product","2":"type-product","3":"status-publish","4":"has-post-thumbnail","6":"product_cat-otros-juegos","7":"product_cat-juegos-de-mesa","8":"product_tag-fiesta","9":"product_tag-gorro","10":"product_tag-partygame","11":"product_tag-taco","12":"product_tag-tarta","14":"first","15":"instock","16":"shipping-taxable","17":"purchasable","18":"product-type-simple"},"_links":{"self":[{"href":"https:\/\/magicgamesbolivia.com\/index.php\/wp-json\/wp\/v2\/product\/6050","targetHints":{"allow":["GET"]}}],"collection":[{"href":"https:\/\/magicgamesbolivia.com\/index.php\/wp-json\/wp\/v2\/product"}],"about":[{"href":"https:\/\/magicgamesbolivia.com\/index.php\/wp-json\/wp\/v2\/types\/product"}],"replies":[{"embeddable":true,"href":"https:\/\/magicgamesbolivia.com\/index.php\/wp-json\/wp\/v2\/comments?post=6050"}],"version-history":[{"count":1,"href":"https:\/\/magicgamesbolivia.com\/index.php\/wp-json\/wp\/v2\/product\/6050\/revisions"}],"predecessor-version":[{"id":6052,"href":"https:\/\/magicgamesbolivia.com\/index.php\/wp-json\/wp\/v2\/product\/6050\/revisions\/6052"}],"wp:featuredmedia":[{"embeddable":true,"href":"https:\/\/magicgamesbolivia.com\/index.php\/wp-json\/wp\/v2\/media\/6051"}],"wp:attachment":[{"href":"https:\/\/magicgamesbolivia.com\/index.php\/wp-json\/wp\/v2\/media?parent=6050"}],"wp:term":[{"taxonomy":"product_brand","embeddable":true,"href":"https:\/\/magicgamesbolivia.com\/index.php\/wp-json\/wp\/v2\/product_brand?post=6050"},{"taxonomy":"product_cat","embeddable":true,"href":"https:\/\/magicgamesbolivia.com\/index.php\/wp-json\/wp\/v2\/product_cat?post=6050"},{"taxonomy":"product_tag","embeddable":true,"href":"https:\/\/magicgamesbolivia.com\/index.php\/wp-json\/wp\/v2\/product_tag?post=6050"}],"curies":[{"name":"wp","href":"https:\/\/api.w.org\/{rel}","templated":true}]}}