{"id":6041,"date":"2026-02-23T01:51:10","date_gmt":"2026-02-23T01:51:10","guid":{"rendered":"https:\/\/magicgamesbolivia.com\/?post_type=product&#038;p=6041"},"modified":"2026-02-23T01:51:32","modified_gmt":"2026-02-23T01:51:32","slug":"el-senor-de-los-anillos-las-dos-torres-el-juego-de-bazas","status":"publish","type":"product","link":"https:\/\/magicgamesbolivia.com\/index.php\/product\/el-senor-de-los-anillos-las-dos-torres-el-juego-de-bazas\/","title":{"rendered":"El Se\u00f1or de los Anillos Las Dos Torres: El juego de bazas"},"content":{"rendered":"<p style=\"font-weight: 500;\"><strong style=\"font-weight: 600;\">El Se\u00f1or de los Anillos Las Dos Torres: El juego de bazas<\/strong>\u00a0es un\u00a0<strong style=\"font-weight: 600;\">juego de cartas<\/strong>\u00a0con el que regresar\u00e1s al\u00a0<strong style=\"font-weight: 600;\">fascinante<\/strong>\u00a0<strong style=\"font-weight: 600;\">mundo<\/strong>\u00a0de la\u00a0<strong style=\"font-weight: 600;\">Tierra<\/strong>\u00a0<strong style=\"font-weight: 600;\">Media<\/strong>.\u00a0<strong style=\"font-weight: 600;\">Merry y Pippin<\/strong>\u00a0han sido\u00a0<strong style=\"font-weight: 600;\">capturados<\/strong>\u00a0por los\u00a0<strong style=\"font-weight: 600;\">orcos<\/strong>\u00a0y\u00a0<strong style=\"font-weight: 600;\">Frodo<\/strong>\u00a0est\u00e1 llevando el\u00a0<strong style=\"font-weight: 600;\">Anillo<\/strong>\u00a0<strong style=\"font-weight: 600;\">\u00danico<\/strong>\u00a0hacia el\u00a0<strong style=\"font-weight: 600;\">Monte del Destino<\/strong>. Sigue los\u00a0<strong style=\"font-weight: 600;\">caminos<\/strong>\u00a0<strong style=\"font-weight: 600;\">divergentes<\/strong>\u00a0en partidas\u00a0<strong style=\"font-weight: 600;\">cooperativas<\/strong>\u00a0en las que\u00a0<strong style=\"font-weight: 600;\">jugar\u00e9is<\/strong>\u00a0<strong style=\"font-weight: 600;\">cartas<\/strong>\u00a0para conseguir el\u00a0<strong style=\"font-weight: 600;\">objetivo<\/strong>\u00a0de cada personaje.<\/p>\n<p style=\"font-weight: 500;\"><strong style=\"font-weight: 600;\">Explora<\/strong>\u00a0las diferentes\u00a0<strong style=\"font-weight: 600;\">estrategias<\/strong>\u00a0de las\u00a0<strong style=\"font-weight: 600;\">potentes<\/strong>\u00a0<strong style=\"font-weight: 600;\">cartas<\/strong>\u00a0opuestas de la\u00a0<strong style=\"font-weight: 600;\">Torre Blanca<\/strong>\u00a0y la\u00a0<strong style=\"font-weight: 600;\">Torre Negra<\/strong>, y saca partido de las\u00a0<strong style=\"font-weight: 600;\">capacidades<\/strong>\u00a0de\u00a0<strong style=\"font-weight: 600;\">nuevos<\/strong>\u00a0<strong style=\"font-weight: 600;\">personajes<\/strong>\u00a0como Sm\u00e9agol, B\u00e1rbol y \u00c9owyn mientras superas desaf\u00edos en los que las cartas de\u00a0<strong style=\"font-weight: 600;\">Orcos<\/strong>\u00a0entorpecer\u00e1n tu mano.<\/p>\n<p style=\"font-weight: 500;\"><strong style=\"font-weight: 600;\">Las Dos Torres &#8211; El juego de bazas<\/strong>\u00a0es una\u00a0<strong style=\"font-weight: 600;\">continuaci\u00f3n<\/strong>\u00a0<strong style=\"font-weight: 600;\">independiente<\/strong>\u00a0de\u00a0<strong style=\"font-weight: 600;\">La<\/strong>\u00a0<strong style=\"font-weight: 600;\">Comunidad del Anillo &#8211; El juego de bazas<\/strong>, con varios modos de juego: en\u00a0<strong style=\"font-weight: 600;\">solitario<\/strong>, para\u00a0<strong style=\"font-weight: 600;\">2 jugadores<\/strong>\u00a0y\u00a0<strong style=\"font-weight: 600;\">El<\/strong>\u00a0<strong style=\"font-weight: 600;\">Camino sigue y sigue<\/strong>&#8230;<\/p>\n","protected":false},"excerpt":{"rendered":"<p><b>El Se\u00f1or de los Anillos Las Dos Torres: El juego de bazas<\/b>\u00a0es un\u00a0<b>juego de cartas<\/b>\u00a0con el que regresar\u00e1s al\u00a0<b>fascinante<\/b>\u00a0<b>mundo<\/b>\u00a0de la\u00a0<b>Tierra<\/b>\u00a0<b>Media<\/b>.\u00a0<b>Merry y Pippin<\/b>\u00a0han sido\u00a0<b>capturados<\/b>\u00a0por los\u00a0<b>orcos<\/b>\u00a0y\u00a0<b>Frodo<\/b>\u00a0est\u00e1 llevando el\u00a0<b>Anillo<\/b>\u00a0<b>\u00danico<\/b>\u00a0hacia el\u00a0<b>Monte del Destino<\/b>. Sigue los\u00a0<b>caminos<\/b>\u00a0<b>divergentes<\/b>\u00a0en partidas\u00a0<b>cooperativas<\/b>\u00a0en las que\u00a0<b>jugar\u00e9is<\/b>\u00a0<b>cartas<\/b>\u00a0para conseguir el\u00a0<b>objetivo<\/b>\u00a0de cada personaje.<\/p>\n<div class=\"box_features\">\n<div class=\"iconfeature\"><img decoding=\"async\" class=\"\" title=\"N\u00famero de jugadores: De 1 a 4 jugadores\" src=\"https:\/\/juegosdelamesaredonda.com\/img\/caracteristicas\/9.svg\" alt=\"N\u00famero de jugadores: De 1 a 4 jugadores\" \/> <span class=\"name\">N\u00famero de jugadores:<\/span><span class=\"value\">De 1 a 4 jugadores<\/span><\/div>\n<\/div>\n<div class=\"box_features\">\n<div class=\"iconfeature\"><img decoding=\"async\" class=\"\" title=\"Duraci\u00f3n aproximada del juego: 20 minutos\" src=\"https:\/\/juegosdelamesaredonda.com\/img\/caracteristicas\/7.svg\" alt=\"Duraci\u00f3n aproximada del juego: 20 minutos\" \/> <span class=\"name\">Duraci\u00f3n aproximada:<\/span><span class=\"value\">20 minutos<\/span><\/div>\n<\/div>\n<div class=\"box_features\">\n<div class=\"iconfeature\"><img decoding=\"async\" class=\"\" title=\"Edad m\u00ednima recomendada: 10 a\u00f1os\" src=\"https:\/\/juegosdelamesaredonda.com\/img\/caracteristicas\/10.svg\" alt=\"Edad m\u00ednima recomendada: 10 a\u00f1os\" \/> <span class=\"name\">Edad m\u00ednima:<\/span><span class=\"value\">10 a\u00f1os<\/span><\/div>\n<\/div>\n<div class=\"box_features\">\n<div class=\"iconfeature\"><img decoding=\"async\" class=\"\" title=\"Tipo: Juego de cartas\" src=\"https:\/\/juegosdelamesaredonda.com\/img\/caracteristicas\/11.svg\" alt=\"Tipo: Juego de cartas\" \/> <span class=\"name\">Tipo:<\/span><span class=\"value\">Juego de cartas<\/span><\/div>\n<\/div>\n<div class=\"box_features\">\n<div class=\"iconfeature\"><img decoding=\"async\" class=\"\" title=\"G\u00e9nero: Cooperativo\" src=\"https:\/\/juegosdelamesaredonda.com\/img\/caracteristicas\/12.svg\" alt=\"G\u00e9nero: Cooperativo\" \/> <span class=\"name\">G\u00e9nero:<\/span><span class=\"value\">Cooperativo<\/span><\/div>\n<\/div>\n<div class=\"box_features\">\n<div class=\"iconfeature\"><img decoding=\"async\" class=\"\" title=\"Idioma: Espa\u00f1ol\" src=\"https:\/\/juegosdelamesaredonda.com\/img\/caracteristicas\/14.svg\" alt=\"Idioma: Espa\u00f1ol\" \/> <span class=\"name\">Idioma:<\/span><span class=\"value\">Espa\u00f1ol<\/span><\/div>\n<\/div>\n<div class=\"box_features\">\n<div class=\"iconfeature\"><img decoding=\"async\" class=\"\" title=\"Marca: Asmodee\" src=\"https:\/\/juegosdelamesaredonda.com\/img\/caracteristicas\/13.svg\" alt=\"Marca: Asmodee\" \/> <span class=\"name\">Marca:<\/span><span class=\"value\">Asmodee<\/span><\/div>\n<\/div>\n","protected":false},"featured_media":6042,"comment_status":"open","ping_status":"closed","template":"","meta":{"_themeisle_gutenberg_block_has_review":false},"product_brand":[],"product_cat":[352,29],"product_tag":[279,218,290],"class_list":{"0":"post-6041","1":"product","2":"type-product","3":"status-publish","4":"has-post-thumbnail","6":"product_cat-asmodee","7":"product_cat-juegos-de-mesa","8":"product_tag-asmodee","9":"product_tag-juegodemesa","10":"product_tag-senordelosanillos","12":"first","13":"instock","14":"shipping-taxable","15":"purchasable","16":"product-type-simple"},"_links":{"self":[{"href":"https:\/\/magicgamesbolivia.com\/index.php\/wp-json\/wp\/v2\/product\/6041","targetHints":{"allow":["GET"]}}],"collection":[{"href":"https:\/\/magicgamesbolivia.com\/index.php\/wp-json\/wp\/v2\/product"}],"about":[{"href":"https:\/\/magicgamesbolivia.com\/index.php\/wp-json\/wp\/v2\/types\/product"}],"replies":[{"embeddable":true,"href":"https:\/\/magicgamesbolivia.com\/index.php\/wp-json\/wp\/v2\/comments?post=6041"}],"version-history":[{"count":1,"href":"https:\/\/magicgamesbolivia.com\/index.php\/wp-json\/wp\/v2\/product\/6041\/revisions"}],"predecessor-version":[{"id":6045,"href":"https:\/\/magicgamesbolivia.com\/index.php\/wp-json\/wp\/v2\/product\/6041\/revisions\/6045"}],"wp:featuredmedia":[{"embeddable":true,"href":"https:\/\/magicgamesbolivia.com\/index.php\/wp-json\/wp\/v2\/media\/6042"}],"wp:attachment":[{"href":"https:\/\/magicgamesbolivia.com\/index.php\/wp-json\/wp\/v2\/media?parent=6041"}],"wp:term":[{"taxonomy":"product_brand","embeddable":true,"href":"https:\/\/magicgamesbolivia.com\/index.php\/wp-json\/wp\/v2\/product_brand?post=6041"},{"taxonomy":"product_cat","embeddable":true,"href":"https:\/\/magicgamesbolivia.com\/index.php\/wp-json\/wp\/v2\/product_cat?post=6041"},{"taxonomy":"product_tag","embeddable":true,"href":"https:\/\/magicgamesbolivia.com\/index.php\/wp-json\/wp\/v2\/product_tag?post=6041"}],"curies":[{"name":"wp","href":"https:\/\/api.w.org\/{rel}","templated":true}]}}