{"id":6037,"date":"2026-02-23T01:43:05","date_gmt":"2026-02-23T01:43:05","guid":{"rendered":"https:\/\/magicgamesbolivia.com\/?post_type=product&#038;p=6037"},"modified":"2026-02-23T01:43:41","modified_gmt":"2026-02-23T01:43:41","slug":"hellapagos","status":"publish","type":"product","link":"https:\/\/magicgamesbolivia.com\/index.php\/product\/hellapagos\/","title":{"rendered":"Hellapagos"},"content":{"rendered":"<p><em>\u00a1Este viaje de placer se ha convertido en un infierno! Est\u00e1is varados en una isla desierta, casi sin agua ni comida y, por si fuera poco, se acerca un hurac\u00e1n.<\/em><\/p>\n<p><strong>Hellapagos\u00a0<\/strong>es un\u00a0<strong>juego de mesa<\/strong>\u00a0lleno de\u00a0<strong>tensi\u00f3n, faroleo, negociaci\u00f3n y pu\u00f1aladas por la espalda<\/strong>. Un juego con partidas cortas que te pueden\u00a0<strong>hacer perder amigos muy r\u00e1pido<\/strong>. Hay mucho que hacer antes de que llegue el hurac\u00e1n.<\/p>\n<p>Deb\u00e9is\u00a0<strong>repartiros bien las tareas para poder sobrevivir<\/strong>\u00a0en esta isla; buscar\u00a0<strong>agua, comida, madera, construir la balsa<\/strong>\u00a0para\u00a0<strong>escapar<\/strong>, incluso buscar cosas \u00fatiles en el barco en el que viajabais&#8230; Pero\u00a0<strong>mejor que seas imprescindible<\/strong>\u00a0porque cuando se acaba la comida o el agua no hay amigos, y alguien debe\u00a0<strong>quedar abandonado a su suerte<\/strong>.<\/p>\n","protected":false},"excerpt":{"rendered":"<p><strong>Hellapagos\u00a0<\/strong>es un\u00a0<strong>juego de mesa<\/strong>\u00a0lleno de\u00a0<strong>tensi\u00f3n, faroleo, negociaci\u00f3n y pu\u00f1aladas por la espalda<\/strong>. Un juego con partidas cortas que te pueden\u00a0<strong>hacer perder amigos muy r\u00e1pido<\/strong>. Hay mucho que hacer antes de que llegue el hurac\u00e1n.<\/p>\n<div class=\"box_features\">\n<div class=\"iconfeature\"><img decoding=\"async\" class=\"\" title=\"N\u00famero de jugadores: De 3 a 12 jugadores\" src=\"https:\/\/juegosdelamesaredonda.com\/img\/caracteristicas\/9.svg\" alt=\"N\u00famero de jugadores: De 3 a 12 jugadores\" \/> <span class=\"name\">N\u00famero de jugadores:<\/span><span class=\"value\">De 3 a 12 jugadores<\/span><\/div>\n<\/div>\n<div class=\"box_features\">\n<div class=\"iconfeature\"><img decoding=\"async\" class=\"\" title=\"Duraci\u00f3n aproximada del juego: 20 minutos\" src=\"https:\/\/juegosdelamesaredonda.com\/img\/caracteristicas\/7.svg\" alt=\"Duraci\u00f3n aproximada del juego: 20 minutos\" \/> <span class=\"name\">Duraci\u00f3n aproximada:<\/span><span class=\"value\">20 minutos<\/span><\/div>\n<\/div>\n<div class=\"box_features\">\n<div class=\"iconfeature\"><img decoding=\"async\" class=\"\" title=\"Edad m\u00ednima recomendada: 8 a\u00f1os\" src=\"https:\/\/juegosdelamesaredonda.com\/img\/caracteristicas\/10.svg\" alt=\"Edad m\u00ednima recomendada: 8 a\u00f1os\" \/> <span class=\"name\">Edad m\u00ednima:<\/span><span class=\"value\">8 a\u00f1os<\/span><\/div>\n<\/div>\n<div class=\"box_features\">\n<div class=\"iconfeature\"><img decoding=\"async\" class=\"\" title=\"Tipo: Juego de tablero\" src=\"https:\/\/juegosdelamesaredonda.com\/img\/caracteristicas\/11.svg\" alt=\"Tipo: Juego de tablero\" \/> <span class=\"name\">Tipo:<\/span><span class=\"value\">Juego de tablero<\/span><\/div>\n<\/div>\n<div class=\"box_features\">\n<div class=\"iconfeature\"><img decoding=\"async\" class=\"\" title=\"G\u00e9nero: Cooperativo\" src=\"https:\/\/juegosdelamesaredonda.com\/img\/caracteristicas\/12.svg\" alt=\"G\u00e9nero: Cooperativo\" \/> <span class=\"name\">G\u00e9nero:<\/span><span class=\"value\">Cooperativo<\/span><\/div>\n<\/div>\n<div class=\"box_features\">\n<div class=\"iconfeature\"><img decoding=\"async\" class=\"\" title=\"Idioma: Espa\u00f1ol\" src=\"https:\/\/juegosdelamesaredonda.com\/img\/caracteristicas\/14.svg\" alt=\"Idioma: Espa\u00f1ol\" \/> <span class=\"name\">Idioma:<\/span><span class=\"value\">Espa\u00f1ol<\/span><\/div>\n<\/div>\n<div class=\"box_features\">\n<div class=\"iconfeature\"><img decoding=\"async\" class=\"\" title=\"Marca: Morapiaf\" src=\"https:\/\/juegosdelamesaredonda.com\/img\/caracteristicas\/13.svg\" alt=\"Marca: Morapiaf\" \/> <span class=\"name\">Marca:<\/span><span class=\"value\">Morapiaf<\/span><\/div>\n<\/div>\n","protected":false},"featured_media":6038,"comment_status":"open","ping_status":"closed","template":"","meta":{"_themeisle_gutenberg_block_has_review":false},"product_brand":[],"product_cat":[123,29],"product_tag":[748,1043,218],"class_list":{"0":"post-6037","1":"product","2":"type-product","3":"status-publish","4":"has-post-thumbnail","6":"product_cat-otros-juegos","7":"product_cat-juegos-de-mesa","8":"product_tag-cooperativo","9":"product_tag-hellapagos","10":"product_tag-juegodemesa","12":"first","13":"instock","14":"shipping-taxable","15":"purchasable","16":"product-type-simple"},"_links":{"self":[{"href":"https:\/\/magicgamesbolivia.com\/index.php\/wp-json\/wp\/v2\/product\/6037","targetHints":{"allow":["GET"]}}],"collection":[{"href":"https:\/\/magicgamesbolivia.com\/index.php\/wp-json\/wp\/v2\/product"}],"about":[{"href":"https:\/\/magicgamesbolivia.com\/index.php\/wp-json\/wp\/v2\/types\/product"}],"replies":[{"embeddable":true,"href":"https:\/\/magicgamesbolivia.com\/index.php\/wp-json\/wp\/v2\/comments?post=6037"}],"version-history":[{"count":1,"href":"https:\/\/magicgamesbolivia.com\/index.php\/wp-json\/wp\/v2\/product\/6037\/revisions"}],"predecessor-version":[{"id":6040,"href":"https:\/\/magicgamesbolivia.com\/index.php\/wp-json\/wp\/v2\/product\/6037\/revisions\/6040"}],"wp:featuredmedia":[{"embeddable":true,"href":"https:\/\/magicgamesbolivia.com\/index.php\/wp-json\/wp\/v2\/media\/6038"}],"wp:attachment":[{"href":"https:\/\/magicgamesbolivia.com\/index.php\/wp-json\/wp\/v2\/media?parent=6037"}],"wp:term":[{"taxonomy":"product_brand","embeddable":true,"href":"https:\/\/magicgamesbolivia.com\/index.php\/wp-json\/wp\/v2\/product_brand?post=6037"},{"taxonomy":"product_cat","embeddable":true,"href":"https:\/\/magicgamesbolivia.com\/index.php\/wp-json\/wp\/v2\/product_cat?post=6037"},{"taxonomy":"product_tag","embeddable":true,"href":"https:\/\/magicgamesbolivia.com\/index.php\/wp-json\/wp\/v2\/product_tag?post=6037"}],"curies":[{"name":"wp","href":"https:\/\/api.w.org\/{rel}","templated":true}]}}