{"id":5984,"date":"2026-01-19T16:16:18","date_gmt":"2026-01-19T16:16:18","guid":{"rendered":"https:\/\/magicgamesbolivia.com\/?post_type=product&#038;p=5984"},"modified":"2026-01-19T16:17:01","modified_gmt":"2026-01-19T16:17:01","slug":"sushi-go-gira-y-come-dim-sum","status":"publish","type":"product","link":"https:\/\/magicgamesbolivia.com\/index.php\/product\/sushi-go-gira-y-come-dim-sum\/","title":{"rendered":"Sushi Go Gira y Come Dim Sum"},"content":{"rendered":"<p><em>Sushi Go!: Gira y Come Dim Sum\u00a0<\/em>es el resultado de darle un delicioso \u201cgiro\u201d al conocido juego de cartas\u00a0<em><a href=\"https:\/\/dragonesylosetas.com\/producto\/sushi-go\/\">Sushi Go!<\/a>.<\/em>\u00a0Con\u00a0<a href=\"https:\/\/dragonesylosetas.com\/producto\/sushi-go-party\/\"><em>Sushi Go Party!<\/em><\/a>\u00a0ya se vio magn\u00edficamente ampliado el universo de este juego familiar con mec\u00e1nicas de draft. Con esta tercera incorporaci\u00f3n totalmente novedosa, seguimos disfrutando de la comida asi\u00e1tica, pero de una manera muy diferente.<\/p>\n<p>En\u00a0<em>Sushi Go!: Gira y Come Dim Sum<\/em><em>\u00a0<\/em>habr\u00e1 un soporte giratorio en el centro de la mesa y tendr\u00e1s que girarlo e ir cogiendo platos de las cestas de vapor para conseguir hacer la mejor combinaci\u00f3n y obtener m\u00e1s puntos que el resto.<\/p>\n<p>Esta nueva entrega del universo de\u00a0<em><a href=\"https:\/\/dragonesylosetas.com\/producto\/sushi-go\/\">Sushi Go!<\/a><\/em>\u00a0es obra de los estadounidenses Quentin Weir y Ken Gruhl que ya hab\u00edan colaborado en otros party games anteriormente como por ejemplo:\u00a0<em>Misi\u00f3n Cumplida<\/em>\u00a0y\u00a0<em>Happy Salmon<\/em>.<\/p>\n<p><em>Sushi Go!: Gira y Come Dim Sum\u00a0<\/em>es r\u00e1pido, divertido y para todos los p\u00fablicos. Adem\u00e1s la edici\u00f3n de Devir es impresionante. La mesa giratoria con las cestas de vapor imitando bamb\u00fa y las cartas redondas le dan un toque muy especial, pero eso no es todo. Lo mejor es que no podr\u00e1s resistirte a achuchar el blandito bollito de dim sum que viene incluido.<\/p>\n","protected":false},"excerpt":{"rendered":"<table class=\"woocommerce-product-attributes shop_attributes\">\n<tbody>\n<tr class=\"woocommerce-product-attributes-item woocommerce-product-attributes-item--attribute_pa_autor\">\n<th class=\"woocommerce-product-attributes-item__label\">Autor<\/th>\n<td class=\"woocommerce-product-attributes-item__value\"><a href=\"https:\/\/dragonesylosetas.com\/autor\/ken-gruhl\/\" rel=\"tag\">Ken Gruhl<\/a>,\u00a0<a href=\"https:\/\/dragonesylosetas.com\/autor\/quentin-weir\/\" rel=\"tag\">Quentin Weir<\/a><\/td>\n<\/tr>\n<tr class=\"woocommerce-product-attributes-item woocommerce-product-attributes-item--attribute_pa_anno\">\n<th class=\"woocommerce-product-attributes-item__label\">A\u00f1o<\/th>\n<td class=\"woocommerce-product-attributes-item__value\"><a href=\"https:\/\/dragonesylosetas.com\/anno\/anno2023\/\" rel=\"tag\">2023<\/a><\/td>\n<\/tr>\n<tr class=\"woocommerce-product-attributes-item woocommerce-product-attributes-item--attribute_pa_min_jug\">\n<th class=\"woocommerce-product-attributes-item__label\">Min n\u00ba de Jugadores<\/th>\n<td class=\"woocommerce-product-attributes-item__value\"><a href=\"https:\/\/dragonesylosetas.com\/min_jug\/2\/\" rel=\"tag\">2<\/a><\/td>\n<\/tr>\n<tr class=\"woocommerce-product-attributes-item woocommerce-product-attributes-item--attribute_pa_max_jug\">\n<th class=\"woocommerce-product-attributes-item__label\">Max n\u00ba de Jugadores<\/th>\n<td class=\"woocommerce-product-attributes-item__value\"><a href=\"https:\/\/dragonesylosetas.com\/max_jug\/6\/\" rel=\"tag\">6<\/a><\/td>\n<\/tr>\n<tr class=\"woocommerce-product-attributes-item woocommerce-product-attributes-item--attribute_pa_duracion\">\n<th class=\"woocommerce-product-attributes-item__label\">Duraci\u00f3n<\/th>\n<td class=\"woocommerce-product-attributes-item__value\"><a href=\"https:\/\/dragonesylosetas.com\/duracion\/20min\/\" rel=\"tag\">20 minutos<\/a><\/td>\n<\/tr>\n<tr class=\"woocommerce-product-attributes-item woocommerce-product-attributes-item--attribute_pa_fabricante_editorial\">\n<th class=\"woocommerce-product-attributes-item__label\">Fabricante \/ Editorial<\/th>\n<td class=\"woocommerce-product-attributes-item__value\"><a href=\"https:\/\/dragonesylosetas.com\/fabricante_editorial\/devir\/\" rel=\"tag\">DEVIR<\/a><\/td>\n<\/tr>\n<\/tbody>\n<\/table>\n","protected":false},"featured_media":5985,"comment_status":"open","ping_status":"closed","template":"","meta":{"_themeisle_gutenberg_block_has_review":false},"product_brand":[],"product_cat":[29,30],"product_tag":[31,433],"class_list":{"0":"post-5984","1":"product","2":"type-product","3":"status-publish","4":"has-post-thumbnail","6":"product_cat-juegos-de-mesa","7":"product_cat-devir","8":"product_tag-devir","9":"product_tag-sushigo","11":"first","12":"instock","13":"shipping-taxable","14":"purchasable","15":"product-type-simple"},"_links":{"self":[{"href":"https:\/\/magicgamesbolivia.com\/index.php\/wp-json\/wp\/v2\/product\/5984","targetHints":{"allow":["GET"]}}],"collection":[{"href":"https:\/\/magicgamesbolivia.com\/index.php\/wp-json\/wp\/v2\/product"}],"about":[{"href":"https:\/\/magicgamesbolivia.com\/index.php\/wp-json\/wp\/v2\/types\/product"}],"replies":[{"embeddable":true,"href":"https:\/\/magicgamesbolivia.com\/index.php\/wp-json\/wp\/v2\/comments?post=5984"}],"version-history":[{"count":1,"href":"https:\/\/magicgamesbolivia.com\/index.php\/wp-json\/wp\/v2\/product\/5984\/revisions"}],"predecessor-version":[{"id":5986,"href":"https:\/\/magicgamesbolivia.com\/index.php\/wp-json\/wp\/v2\/product\/5984\/revisions\/5986"}],"wp:featuredmedia":[{"embeddable":true,"href":"https:\/\/magicgamesbolivia.com\/index.php\/wp-json\/wp\/v2\/media\/5985"}],"wp:attachment":[{"href":"https:\/\/magicgamesbolivia.com\/index.php\/wp-json\/wp\/v2\/media?parent=5984"}],"wp:term":[{"taxonomy":"product_brand","embeddable":true,"href":"https:\/\/magicgamesbolivia.com\/index.php\/wp-json\/wp\/v2\/product_brand?post=5984"},{"taxonomy":"product_cat","embeddable":true,"href":"https:\/\/magicgamesbolivia.com\/index.php\/wp-json\/wp\/v2\/product_cat?post=5984"},{"taxonomy":"product_tag","embeddable":true,"href":"https:\/\/magicgamesbolivia.com\/index.php\/wp-json\/wp\/v2\/product_tag?post=5984"}],"curies":[{"name":"wp","href":"https:\/\/api.w.org\/{rel}","templated":true}]}}