{"id":5724,"date":"2025-07-20T22:45:53","date_gmt":"2025-07-20T22:45:53","guid":{"rendered":"https:\/\/magicgamesbolivia.com\/?post_type=product&#038;p=5724"},"modified":"2025-07-20T22:46:24","modified_gmt":"2025-07-20T22:46:24","slug":"match-perfecto","status":"publish","type":"product","link":"https:\/\/magicgamesbolivia.com\/index.php\/product\/match-perfecto\/","title":{"rendered":"Match Perfecto"},"content":{"rendered":"<p>\u00bfEst\u00e1s listo para hacer tu Match Perrrfecto?<\/p>\n<p>Tu cafeter\u00eda de gatos est\u00e1 a punto de abrir y tienes casi todo listo&#8230; \u00a1pero necesitas m\u00e1s gatos! Para atraer la mayor cantidad de clientes no s\u00f3lo necesitar\u00e1s los mejores gatos, sino que tambi\u00e9n la mayor variedad de estos. Hay muchas cafeter\u00edas de gatos en la ciudad, \u00a1as\u00ed que deber\u00e1s competir cara a cara con los otros due\u00f1os de las cafeter\u00edas para asegurarte de que tendr\u00e1s todos los gatos necesarios! Re\u00fane a tus gatos, atrae clientes y no tengas miedo de hacer alguna travesura gatuna&#8230; al fin y al cabo, \u00a1todo es para ayudar a tus clientes a encontrar su Match Perrrfecto!<\/p>\n","protected":false},"excerpt":{"rendered":"<p>\u00bfEst\u00e1s listo para hacer tu Match Perrrfecto? Tu cafeter\u00eda de gatos est\u00e1 a punto de abrir y tienes casi todo listo&#8230; \u00a1pero necesitas m\u00e1s gatos! Para atraer la mayor cantidad de clientes no s\u00f3lo necesitar\u00e1s los mejores gatos, sino que tambi\u00e9n la mayor variedad de estos. Hay muchas cafeter\u00edas de gatos en la ciudad, \u00a1as\u00ed [&hellip;]<\/p>\n","protected":false},"featured_media":5725,"comment_status":"open","ping_status":"closed","template":"","meta":{"_themeisle_gutenberg_block_has_review":false},"product_brand":[],"product_cat":[352,29],"product_tag":[896,282,266,218],"class_list":{"0":"post-5724","1":"product","2":"type-product","3":"status-publish","4":"has-post-thumbnail","6":"product_cat-asmodee","7":"product_cat-juegos-de-mesa","8":"product_tag-cafe","9":"product_tag-cats","10":"product_tag-gatos","11":"product_tag-juegodemesa","13":"first","14":"instock","15":"shipping-taxable","16":"purchasable","17":"product-type-simple"},"_links":{"self":[{"href":"https:\/\/magicgamesbolivia.com\/index.php\/wp-json\/wp\/v2\/product\/5724","targetHints":{"allow":["GET"]}}],"collection":[{"href":"https:\/\/magicgamesbolivia.com\/index.php\/wp-json\/wp\/v2\/product"}],"about":[{"href":"https:\/\/magicgamesbolivia.com\/index.php\/wp-json\/wp\/v2\/types\/product"}],"replies":[{"embeddable":true,"href":"https:\/\/magicgamesbolivia.com\/index.php\/wp-json\/wp\/v2\/comments?post=5724"}],"version-history":[{"count":1,"href":"https:\/\/magicgamesbolivia.com\/index.php\/wp-json\/wp\/v2\/product\/5724\/revisions"}],"predecessor-version":[{"id":5726,"href":"https:\/\/magicgamesbolivia.com\/index.php\/wp-json\/wp\/v2\/product\/5724\/revisions\/5726"}],"wp:featuredmedia":[{"embeddable":true,"href":"https:\/\/magicgamesbolivia.com\/index.php\/wp-json\/wp\/v2\/media\/5725"}],"wp:attachment":[{"href":"https:\/\/magicgamesbolivia.com\/index.php\/wp-json\/wp\/v2\/media?parent=5724"}],"wp:term":[{"taxonomy":"product_brand","embeddable":true,"href":"https:\/\/magicgamesbolivia.com\/index.php\/wp-json\/wp\/v2\/product_brand?post=5724"},{"taxonomy":"product_cat","embeddable":true,"href":"https:\/\/magicgamesbolivia.com\/index.php\/wp-json\/wp\/v2\/product_cat?post=5724"},{"taxonomy":"product_tag","embeddable":true,"href":"https:\/\/magicgamesbolivia.com\/index.php\/wp-json\/wp\/v2\/product_tag?post=5724"}],"curies":[{"name":"wp","href":"https:\/\/api.w.org\/{rel}","templated":true}]}}