{"id":5451,"date":"2025-01-10T14:52:24","date_gmt":"2025-01-10T14:52:24","guid":{"rendered":"https:\/\/magicgamesbolivia.com\/?post_type=product&#038;p=5451"},"modified":"2025-10-03T01:50:35","modified_gmt":"2025-10-03T01:50:35","slug":"king-of-tokyo","status":"publish","type":"product","link":"https:\/\/magicgamesbolivia.com\/index.php\/product\/king-of-tokyo\/","title":{"rendered":"King of Tokyo"},"content":{"rendered":"<p>Un gran estruendo se escucha en la\u00a0<strong>bah\u00eda de Tokyo,<\/strong>\u00a0en el horizonte se puede ver un pu\u00f1ado de\u00a0<strong>monstruos<\/strong>\u00a0variopintos que luchan para ver qui\u00e9n entra antes a destruir la ciudad.<\/p>\n<p>&nbsp;<\/p>\n<p>Ponte en la piel de un\u00a0<strong>feroz monstruo,<\/strong>\u00a0lucha y acumula energ\u00eda para convertirte en el aut\u00e9ntico\u00a0<strong>Rey de Tokyo.<\/strong><\/p>\n<p>Lanza los dados para conseguir la mejor combinaci\u00f3n con la que curarte, atacar, comprar cartas especiales o ganar Puntos de Victoria. T\u00fa decides qu\u00e9 t\u00e1ctica usar para conseguir ser el\u00a0<strong>Rey de Tokyo:<\/strong>\u00a0<em><strong>acumular 20 Puntos de Victoria o ser el \u00faltimo Monstruo en pie.<\/strong><\/em><\/p>\n<p>Ambas opciones te convertir\u00e1n en el\u00a0<strong>Monstruo vencedor.<\/strong><\/p>\n<p><em><strong>\u00a1Toma el control de un Mega Monstruo y destruye todo lo que encuentres a tu paso! \u00a1King Of Tokyo es un juego muy divertido para toda la familia!<\/strong><\/em><\/p>\n","protected":false},"excerpt":{"rendered":"<p>\u00a1Toma el control de un\u00a0<strong>Mega Monstruo<\/strong>\u00a0y destruye todo lo que encuentres a tu paso!<\/p>\n<p>En\u00a0<strong>King of Tokyo<\/strong>\u00a0eres un gigantesco y enfurecido\u00a0<strong>Monstruo\u00a0<\/strong>que destruir\u00e1 todo lo que se encuentre para llegar a ser el rey de la ciudad.\u00a0Ponte en la piel de un feroz\u00a0<strong>Monstruo,<\/strong>\u00a0lucha y acumula energ\u00eda para convertirte en el aut\u00e9ntico\u00a0<strong>Rey de Tokyo.<\/strong><\/p>\n<div class=\"box_features\">\n<div class=\"iconfeature\"><img decoding=\"async\" class=\"\" title=\"N\u00famero de jugadores: De 2 a 6 jugadores\" src=\"https:\/\/juegosdelamesaredonda.com\/img\/caracteristicas\/9.svg\" alt=\"N\u00famero de jugadores: De 2 a 6 jugadores\" \/><\/div>\n<div class=\"valuesfeatures\"><span class=\"name\">N\u00famero de jugadores:<\/span><span class=\"value\">De 2 a 6 jugadores<\/span><\/div>\n<\/div>\n<div class=\"box_features\">\n<div class=\"iconfeature\"><img decoding=\"async\" class=\"\" title=\"Duraci\u00f3n aproximada del juego: 30 minutos\" src=\"https:\/\/juegosdelamesaredonda.com\/img\/caracteristicas\/7.svg\" alt=\"Duraci\u00f3n aproximada del juego: 30 minutos\" \/> <span class=\"name\">Duraci\u00f3n aproximada:<\/span><span class=\"value\">30 minutos<\/span><\/div>\n<\/div>\n<div class=\"box_features\">\n<div class=\"iconfeature\"><img decoding=\"async\" class=\"\" title=\"Edad m\u00ednima recomendada: 8 a\u00f1os\" src=\"https:\/\/juegosdelamesaredonda.com\/img\/caracteristicas\/10.svg\" alt=\"Edad m\u00ednima recomendada: 8 a\u00f1os\" \/> <span class=\"name\">Edad m\u00ednima:<\/span><span class=\"value\">8 a\u00f1os<\/span><\/div>\n<\/div>\n<div class=\"box_features\">\n<div class=\"iconfeature\"><img decoding=\"async\" class=\"\" title=\"Tipo: Juego de tablero\" src=\"https:\/\/juegosdelamesaredonda.com\/img\/caracteristicas\/11.svg\" alt=\"Tipo: Juego de tablero\" \/> <span class=\"name\">Tipo:<\/span><span class=\"value\">Juego de tablero<\/span><\/div>\n<\/div>\n<div class=\"box_features\">\n<div class=\"iconfeature\"><img decoding=\"async\" class=\"\" title=\"G\u00e9nero: Familiar\" src=\"https:\/\/juegosdelamesaredonda.com\/img\/caracteristicas\/12.svg\" alt=\"G\u00e9nero: Familiar\" \/> <span class=\"name\">G\u00e9nero:<\/span><span class=\"value\">Familiar<\/span><\/div>\n<\/div>\n<div class=\"box_features\">\n<div class=\"iconfeature\"><img decoding=\"async\" class=\"\" title=\"Idioma: Espa\u00f1ol\" src=\"https:\/\/juegosdelamesaredonda.com\/img\/caracteristicas\/14.svg\" alt=\"Idioma: Espa\u00f1ol\" \/> <span class=\"name\">Idioma:<\/span><span class=\"value\">Espa\u00f1ol<\/span><\/div>\n<\/div>\n<div class=\"box_features\">\n<div class=\"iconfeature\"><img decoding=\"async\" class=\"\" title=\"Marca: Devir\" src=\"https:\/\/juegosdelamesaredonda.com\/img\/caracteristicas\/13.svg\" alt=\"Marca: Devir\" \/> <span class=\"name\">Marca:<\/span><span class=\"value\">Devir<\/span><\/div>\n<\/div>\n","protected":false},"featured_media":5452,"comment_status":"open","ping_status":"closed","template":"","meta":{"_themeisle_gutenberg_block_has_review":false},"product_brand":[],"product_cat":[29,30],"product_tag":[31,155,598,241,849],"class_list":{"0":"post-5451","1":"product","2":"type-product","3":"status-publish","4":"has-post-thumbnail","6":"product_cat-juegos-de-mesa","7":"product_cat-devir","8":"product_tag-devir","9":"product_tag-juegosdemesa","10":"product_tag-kingoftokyo","11":"product_tag-magicgames","12":"product_tag-richardgarfield","14":"first","15":"outofstock","16":"shipping-taxable","17":"purchasable","18":"product-type-simple"},"_links":{"self":[{"href":"https:\/\/magicgamesbolivia.com\/index.php\/wp-json\/wp\/v2\/product\/5451","targetHints":{"allow":["GET"]}}],"collection":[{"href":"https:\/\/magicgamesbolivia.com\/index.php\/wp-json\/wp\/v2\/product"}],"about":[{"href":"https:\/\/magicgamesbolivia.com\/index.php\/wp-json\/wp\/v2\/types\/product"}],"replies":[{"embeddable":true,"href":"https:\/\/magicgamesbolivia.com\/index.php\/wp-json\/wp\/v2\/comments?post=5451"}],"version-history":[{"count":1,"href":"https:\/\/magicgamesbolivia.com\/index.php\/wp-json\/wp\/v2\/product\/5451\/revisions"}],"predecessor-version":[{"id":5453,"href":"https:\/\/magicgamesbolivia.com\/index.php\/wp-json\/wp\/v2\/product\/5451\/revisions\/5453"}],"wp:featuredmedia":[{"embeddable":true,"href":"https:\/\/magicgamesbolivia.com\/index.php\/wp-json\/wp\/v2\/media\/5452"}],"wp:attachment":[{"href":"https:\/\/magicgamesbolivia.com\/index.php\/wp-json\/wp\/v2\/media?parent=5451"}],"wp:term":[{"taxonomy":"product_brand","embeddable":true,"href":"https:\/\/magicgamesbolivia.com\/index.php\/wp-json\/wp\/v2\/product_brand?post=5451"},{"taxonomy":"product_cat","embeddable":true,"href":"https:\/\/magicgamesbolivia.com\/index.php\/wp-json\/wp\/v2\/product_cat?post=5451"},{"taxonomy":"product_tag","embeddable":true,"href":"https:\/\/magicgamesbolivia.com\/index.php\/wp-json\/wp\/v2\/product_tag?post=5451"}],"curies":[{"name":"wp","href":"https:\/\/api.w.org\/{rel}","templated":true}]}}