{"id":5400,"date":"2024-11-24T16:17:02","date_gmt":"2024-11-24T16:17:02","guid":{"rendered":"https:\/\/magicgamesbolivia.com\/?post_type=product&#038;p=5400"},"modified":"2026-03-06T14:14:34","modified_gmt":"2026-03-06T14:14:34","slug":"splendor-nueva-edicion","status":"publish","type":"product","link":"https:\/\/magicgamesbolivia.com\/index.php\/product\/splendor-nueva-edicion\/","title":{"rendered":"Splendor &#8211; Nueva Edicion"},"content":{"rendered":"<p><strong>Los comerciantes del Renacimiento intentaban conseguir el m\u00e1ximo<\/strong>\u00a0<strong>Splendor<\/strong>\u00a0y no reparaban en gastar sus riquezas en comprar minas de piedras preciosas, medios de transporte y \u00a0tiendas donde contrataban a los mejores artesanos para tratar sus preciadas materias primas. Todo con el fin de vender los productos m\u00e1s exclusivos de la \u00e9poca que le proporcionar\u00edan grande riquezas y las visitas de los m\u00e1s altos nobles para admirar y comprar sus preciadas mercanc\u00edas.<\/p>\n<p>&nbsp;<\/p>\n<p><strong>En el juego de mesa\u00a0Splendor\u00a0nos meteremos en el papel de un rico mercader del Renacimiento<\/strong>\u00a0y a lo largo del juego\u00a0<strong>iremos cogiendo oro y piedras preciosas, con las que podr\u00e1n adquirir cartas de de desarrollo<\/strong>, las cuales otorgan puntos de prestigio y\/o bonus. Dichos bonus permiten adquirir las restantes cartas de desarrollo a un precio menor.\u00a0<strong>Cuando un jugador posee suficientes bonus, inmediatamente recibe la visita de un noble<\/strong>\u00a0(lo cual tambi\u00e9n reporta puntos de prestigio). Cuando un jugador llega a 15 puntos, se completa la roda de juego y el jugador con m\u00e1s puntos de prestigio ser\u00e1 declarado ganador de la partida.\u00a0<strong>\u00a1No esperes m\u00e1s para conseguir el m\u00e1ximo\u00a0Splendor\u00a0como comerciante!<\/strong><\/p>\n","protected":false},"excerpt":{"rendered":"<p><strong>Splendor\u00a0es un<\/strong>\u00a0<strong>juego de mesa de ritmo r\u00e1pido y adictivo<\/strong>, en el que interpretas a un rico mercader del Renacimiento. Utiliza tu riqueza para adquirir minas, m\u00e9todos de transporte y artesanos que transformen bastas piedras en magn\u00edficas piezas de joyer\u00eda.<\/p>\n<div class=\"box_features\">\n<div class=\"iconfeature\"><img decoding=\"async\" class=\"\" title=\"N\u00famero de jugadores: De 2 a 4 jugadores\" src=\"https:\/\/juegosdelamesaredonda.com\/img\/caracteristicas\/9.svg\" alt=\"N\u00famero de jugadores: De 2 a 4 jugadores\" \/> <span class=\"name\">N\u00famero de jugadores:<\/span><span class=\"value\">De 2 a 4 jugadores<\/span><\/div>\n<\/div>\n<div class=\"box_features\">\n<div class=\"iconfeature\"><img decoding=\"async\" class=\"\" title=\"Duraci\u00f3n aproximada del juego: 30 minutos\" src=\"https:\/\/juegosdelamesaredonda.com\/img\/caracteristicas\/7.svg\" alt=\"Duraci\u00f3n aproximada del juego: 30 minutos\" \/> <span class=\"name\">Duraci\u00f3n aproximada:<\/span><span class=\"value\">30 minutos<\/span><\/div>\n<\/div>\n<div class=\"box_features\">\n<div class=\"iconfeature\"><img decoding=\"async\" class=\"\" title=\"Edad m\u00ednima recomendada: 10 a\u00f1os\" src=\"https:\/\/juegosdelamesaredonda.com\/img\/caracteristicas\/10.svg\" alt=\"Edad m\u00ednima recomendada: 10 a\u00f1os\" \/> <span class=\"name\">Edad m\u00ednima:<\/span><span class=\"value\">10 a\u00f1os<\/span><\/div>\n<\/div>\n<div class=\"box_features\">\n<div class=\"iconfeature\"><img decoding=\"async\" class=\"\" title=\"Tipo: Juego de cartas\" src=\"https:\/\/juegosdelamesaredonda.com\/img\/caracteristicas\/11.svg\" alt=\"Tipo: Juego de cartas\" \/> <span class=\"name\">Tipo:<\/span><span class=\"value\">Juego de cartas<\/span><\/div>\n<\/div>\n<div class=\"box_features\">\n<div class=\"iconfeature\"><img decoding=\"async\" class=\"\" title=\"G\u00e9nero: Estrategia\" src=\"https:\/\/juegosdelamesaredonda.com\/img\/caracteristicas\/12.svg\" alt=\"G\u00e9nero: Estrategia\" \/> <span class=\"name\">G\u00e9nero:<\/span><span class=\"value\">Estrategia<\/span><\/div>\n<\/div>\n<div class=\"box_features\">\n<div class=\"iconfeature\"><img decoding=\"async\" class=\"\" title=\"Idioma: Espa\u00f1ol\" src=\"https:\/\/juegosdelamesaredonda.com\/img\/caracteristicas\/14.svg\" alt=\"Idioma: Espa\u00f1ol\" \/> <span class=\"name\">Idioma:<\/span><span class=\"value\">Espa\u00f1ol<\/span><\/div>\n<\/div>\n<div class=\"box_features\">\n<div class=\"iconfeature\"><img decoding=\"async\" class=\"\" title=\"Marca: Asmodee\" src=\"https:\/\/juegosdelamesaredonda.com\/img\/caracteristicas\/13.svg\" alt=\"Marca: Asmodee\" \/> <span class=\"name\">Marca:<\/span><span class=\"value\">Asmodee<\/span><\/div>\n<\/div>\n","protected":false},"featured_media":5401,"comment_status":"open","ping_status":"closed","template":"","meta":{"_themeisle_gutenberg_block_has_review":false},"product_brand":[],"product_cat":[352,29],"product_tag":[279,155,368,168],"class_list":{"0":"post-5400","1":"product","2":"type-product","3":"status-publish","4":"has-post-thumbnail","6":"product_cat-asmodee","7":"product_cat-juegos-de-mesa","8":"product_tag-asmodee","9":"product_tag-juegosdemesa","10":"product_tag-nuevaedicion","11":"product_tag-splendor","13":"first","14":"instock","15":"shipping-taxable","16":"purchasable","17":"product-type-simple"},"_links":{"self":[{"href":"https:\/\/magicgamesbolivia.com\/index.php\/wp-json\/wp\/v2\/product\/5400","targetHints":{"allow":["GET"]}}],"collection":[{"href":"https:\/\/magicgamesbolivia.com\/index.php\/wp-json\/wp\/v2\/product"}],"about":[{"href":"https:\/\/magicgamesbolivia.com\/index.php\/wp-json\/wp\/v2\/types\/product"}],"replies":[{"embeddable":true,"href":"https:\/\/magicgamesbolivia.com\/index.php\/wp-json\/wp\/v2\/comments?post=5400"}],"version-history":[{"count":1,"href":"https:\/\/magicgamesbolivia.com\/index.php\/wp-json\/wp\/v2\/product\/5400\/revisions"}],"predecessor-version":[{"id":5402,"href":"https:\/\/magicgamesbolivia.com\/index.php\/wp-json\/wp\/v2\/product\/5400\/revisions\/5402"}],"wp:featuredmedia":[{"embeddable":true,"href":"https:\/\/magicgamesbolivia.com\/index.php\/wp-json\/wp\/v2\/media\/5401"}],"wp:attachment":[{"href":"https:\/\/magicgamesbolivia.com\/index.php\/wp-json\/wp\/v2\/media?parent=5400"}],"wp:term":[{"taxonomy":"product_brand","embeddable":true,"href":"https:\/\/magicgamesbolivia.com\/index.php\/wp-json\/wp\/v2\/product_brand?post=5400"},{"taxonomy":"product_cat","embeddable":true,"href":"https:\/\/magicgamesbolivia.com\/index.php\/wp-json\/wp\/v2\/product_cat?post=5400"},{"taxonomy":"product_tag","embeddable":true,"href":"https:\/\/magicgamesbolivia.com\/index.php\/wp-json\/wp\/v2\/product_tag?post=5400"}],"curies":[{"name":"wp","href":"https:\/\/api.w.org\/{rel}","templated":true}]}}