{"id":5181,"date":"2024-05-28T15:45:39","date_gmt":"2024-05-28T15:45:39","guid":{"rendered":"https:\/\/magicgamesbolivia.com\/?post_type=product&#038;p=5181"},"modified":"2025-07-23T22:40:53","modified_gmt":"2025-07-23T22:40:53","slug":"cytd","status":"publish","type":"product","link":"https:\/\/magicgamesbolivia.com\/index.php\/product\/cytd\/","title":{"rendered":"Coyote"},"content":{"rendered":"<p><strong>Coyote<\/strong>\u00a0es un divertid\u00edsimo juego de mesa donde las risas est\u00e1n aseguradas.<\/p>\n<p>Lo primero que tendremos que hacer es atarnos la cinta de colores a la cabeza, de esta manera empiezan las primeras risas, y despu\u00e9s del mazo central de cartas, previamente mezcladas, cogeremos una\u00a0<strong>sin mirarla<\/strong>\u00a0y nos la pondremos entre la frente y la cinta, de tal manera que puedas ver todas las dem\u00e1s cartas de los jugadores menos la propia.<br \/>\n<strong>\u00a1Y empieza la diversi\u00f3n!<\/strong>\u00a0En\u00a0<strong>Coyote,<\/strong>\u00a0comienza el juego el jugador que mejor imite un\u00a0<em><strong>coyote<\/strong><\/em>\u00a0ri\u00e9ndose.<\/p>\n<p>Por turnos, cada jugador dice un n\u00famero de indios que ve, o sea, la suma de los valores de las cartas. El siguiente jugador puede creerse este n\u00famero y decir un n\u00famero superior y pasar turno o no cre\u00e9rselo. Para esto dice\u00a0<strong>\u00a1Coyote!<\/strong>\u00a0lo que provoca que esta ronda se acabe y se muestren todas las cartas para comprobar el resultado final.<br \/>\nSi el valor total es igual o mayor que el \u00faltimo valor declarado, ese jugador gana y hace que el jugador anterior gane un\u00a0<em><strong>\u00abCoyote\u00bb.<\/strong><\/em>Si el valor es inferior es el jugador que ha dicho<strong>\u00a0\u00a1Coyote!<\/strong>\u00a0quien se lleva el\u00a0<em><strong>Coyote.<\/strong><\/em><br \/>\nCon\u00a0<em><strong>tres coyotes<\/strong><\/em>\u00a0pegados en la frente, el jugador queda fuera de juego. Y al final, solo podr\u00e1 quedar un jugador que ser\u00e1\u00a0<em><strong>\u00a1el ganador del juego!<\/strong><\/em><\/p>\n","protected":false},"excerpt":{"rendered":"<p><strong>Coyote<\/strong>\u00a0es un divertid\u00edsimo juego de mesa donde las risas est\u00e1n aseguradas.<\/p>\n<p>En\u00a0<strong>Coyote,<\/strong>\u00a0los participantes se meten en el papel de los indios y deben ponerse una cinta en la cabeza con una\u00a0<strong>\u00abpluma\u00bb<\/strong>\u00a0numerada. El objetivo es adivinar la suma de los valores de todas las\u00a0<strong>\u00abplumas\u00bb<\/strong>\u00a0<strong>\u00a1sin conocer el valor de la tuya! \u00a1Quien falle ser\u00e1 todo un coyote!<\/strong><\/p>\n<div class=\"box_features\">\n<div class=\"iconfeature\"><img decoding=\"async\" class=\"\" title=\"N\u00famero de jugadores: De 3 a 6 Jugadores\" src=\"https:\/\/juegosdelamesaredonda.com\/img\/caracteristicas\/9.svg\" alt=\"N\u00famero de jugadores: De 3 a 6 Jugadores\" \/> <span class=\"name\">N\u00famero de jugadores:<\/span><span class=\"value\">De 3 a 6 Jugadores<\/span><\/div>\n<\/div>\n<div class=\"box_features\">\n<div class=\"iconfeature\"><img decoding=\"async\" class=\"\" title=\"Duraci\u00f3n aproximada del juego: 25 minutos\" src=\"https:\/\/juegosdelamesaredonda.com\/img\/caracteristicas\/7.svg\" alt=\"Duraci\u00f3n aproximada del juego: 25 minutos\" \/> <span class=\"name\">Duraci\u00f3n aproximada:<\/span><span class=\"value\">25 minutos<\/span><\/div>\n<\/div>\n<div class=\"box_features\">\n<div class=\"iconfeature\"><img decoding=\"async\" class=\"\" title=\"Edad m\u00ednima recomendada: 10 a\u00f1os\" src=\"https:\/\/juegosdelamesaredonda.com\/img\/caracteristicas\/10.svg\" alt=\"Edad m\u00ednima recomendada: 10 a\u00f1os\" \/> <span class=\"name\">Edad m\u00ednima:<\/span><span class=\"value\">10 a\u00f1os<\/span><\/div>\n<\/div>\n<div class=\"box_features\">\n<div class=\"iconfeature\"><img decoding=\"async\" class=\"\" title=\"Tipo: Juego de cartas\" src=\"https:\/\/juegosdelamesaredonda.com\/img\/caracteristicas\/11.svg\" alt=\"Tipo: Juego de cartas\" \/> <span class=\"name\">Tipo:<\/span><span class=\"value\">Juego de cartas<\/span><\/div>\n<\/div>\n<div class=\"box_features\">\n<div class=\"iconfeature\"><img decoding=\"async\" class=\"\" title=\"G\u00e9nero: Humor\" src=\"https:\/\/juegosdelamesaredonda.com\/img\/caracteristicas\/12.svg\" alt=\"G\u00e9nero: Humor\" \/> <span class=\"name\">G\u00e9nero:<\/span><span class=\"value\">Humor<\/span><\/div>\n<\/div>\n<div class=\"box_features\">\n<div class=\"iconfeature\"><img decoding=\"async\" class=\"\" title=\"Idioma: Espa\u00f1ol, portugu\u00e9s y catal\u00e1n\" src=\"https:\/\/juegosdelamesaredonda.com\/img\/caracteristicas\/14.svg\" alt=\"Idioma: Espa\u00f1ol, portugu\u00e9s y catal\u00e1n\" \/> <span class=\"name\">Idioma:<\/span><span class=\"value\">Espa\u00f1ol, portugu\u00e9s y catal\u00e1n<\/span><\/div>\n<\/div>\n<div class=\"box_features\">\n<div class=\"iconfeature\"><img decoding=\"async\" class=\"\" title=\"Marca: Devir\" src=\"https:\/\/juegosdelamesaredonda.com\/img\/caracteristicas\/13.svg\" alt=\"Marca: Devir\" \/> <span class=\"name\">Marca:<\/span><span class=\"value\">Devir<\/span><\/div>\n<\/div>\n","protected":false},"featured_media":5182,"comment_status":"open","ping_status":"closed","template":"","meta":{"_themeisle_gutenberg_block_has_review":false},"product_brand":[],"product_cat":[29,30],"product_tag":[867,31,308],"class_list":{"0":"post-5181","1":"product","2":"type-product","3":"status-publish","4":"has-post-thumbnail","6":"product_cat-juegos-de-mesa","7":"product_cat-devir","8":"product_tag-coyote","9":"product_tag-devir","10":"product_tag-partygame","12":"first","13":"instock","14":"shipping-taxable","15":"purchasable","16":"product-type-simple"},"_links":{"self":[{"href":"https:\/\/magicgamesbolivia.com\/index.php\/wp-json\/wp\/v2\/product\/5181","targetHints":{"allow":["GET"]}}],"collection":[{"href":"https:\/\/magicgamesbolivia.com\/index.php\/wp-json\/wp\/v2\/product"}],"about":[{"href":"https:\/\/magicgamesbolivia.com\/index.php\/wp-json\/wp\/v2\/types\/product"}],"replies":[{"embeddable":true,"href":"https:\/\/magicgamesbolivia.com\/index.php\/wp-json\/wp\/v2\/comments?post=5181"}],"version-history":[{"count":1,"href":"https:\/\/magicgamesbolivia.com\/index.php\/wp-json\/wp\/v2\/product\/5181\/revisions"}],"predecessor-version":[{"id":5184,"href":"https:\/\/magicgamesbolivia.com\/index.php\/wp-json\/wp\/v2\/product\/5181\/revisions\/5184"}],"wp:featuredmedia":[{"embeddable":true,"href":"https:\/\/magicgamesbolivia.com\/index.php\/wp-json\/wp\/v2\/media\/5182"}],"wp:attachment":[{"href":"https:\/\/magicgamesbolivia.com\/index.php\/wp-json\/wp\/v2\/media?parent=5181"}],"wp:term":[{"taxonomy":"product_brand","embeddable":true,"href":"https:\/\/magicgamesbolivia.com\/index.php\/wp-json\/wp\/v2\/product_brand?post=5181"},{"taxonomy":"product_cat","embeddable":true,"href":"https:\/\/magicgamesbolivia.com\/index.php\/wp-json\/wp\/v2\/product_cat?post=5181"},{"taxonomy":"product_tag","embeddable":true,"href":"https:\/\/magicgamesbolivia.com\/index.php\/wp-json\/wp\/v2\/product_tag?post=5181"}],"curies":[{"name":"wp","href":"https:\/\/api.w.org\/{rel}","templated":true}]}}