{"id":4957,"date":"2024-01-22T22:29:15","date_gmt":"2024-01-22T22:29:15","guid":{"rendered":"https:\/\/magicgamesbolivia.com\/?post_type=product&#038;p=4957"},"modified":"2024-10-21T22:58:10","modified_gmt":"2024-10-21T22:58:10","slug":"pistas-cruzadas","status":"publish","type":"product","link":"https:\/\/magicgamesbolivia.com\/index.php\/product\/pistas-cruzadas\/","title":{"rendered":"Pistas Cruzadas"},"content":{"rendered":"<p><em>\u00bfSe te ocurre alguna pista que relacione \u00abOso\u00bb y \u00abM\u00e9dico\u00bb? \u00bfTienes una? \u00a1D\u00edsela en voz alta al resto de jugadores con la esperanza de que puedan adivinar qu\u00e9 dos palabras clave has relacionado para formar tu pista!<\/em><\/p>\n<p><strong>Pistas Cruzadas<\/strong>\u00a0es un\u00a0<strong>juego de cartas<\/strong>\u00a0donde los jugadores\u00a0<strong>deber\u00e1n de trabajar en equipo<\/strong>\u00a0tratando de\u00a0que dar con una pista que represente la relaci\u00f3n de su\u00a0<strong>combinaci\u00f3n \u00fanica de palabras clave.<\/strong><\/p>\n<p>Si los dem\u00e1s jugadores pueden adivinar qu\u00e9 dos palabras has relacionado,\u00a0<strong>coloca tu carta de posici\u00f3n en su lugar correspondiente<\/strong>\u00a0de la cuadr\u00edcula. Si no las aciertan, descarta la carta.<\/p>\n<p><strong>El objetivo es completar la cuadr\u00edcula con tantas cartas de posici\u00f3n como pod\u00e1is<\/strong>, acertando el lugar de cada carta. \u00a1<strong>Elegid vuestras pistas<\/strong>\u00a0con cuidado e intentad obtener la mejor puntuaci\u00f3n posible!<\/p>\n<p>&nbsp;<\/p>\n","protected":false},"excerpt":{"rendered":"<p><strong>Pistas Cruzadas<\/strong>\u00a0es un\u00a0<strong>juego de cartas<\/strong>\u00a0donde los jugadores\u00a0<strong>deber\u00e1n de trabajar en equipo<\/strong>\u00a0tratando de\u00a0que dar con una pista que represente la relaci\u00f3n de su\u00a0<strong>combinaci\u00f3n \u00fanica de palabras clave.<\/strong><\/p>\n<div class=\"box_features\">\n<div class=\"iconfeature\"><img decoding=\"async\" class=\"\" title=\"N\u00famero de jugadores: De 2 a 6 jugadores\" src=\"https:\/\/juegosdelamesaredonda.com\/img\/caracteristicas\/9.svg\" alt=\"N\u00famero de jugadores: De 2 a 6 jugadores\" \/><\/div>\n<div class=\"valuesfeatures\"><span class=\"name\">N\u00famero de jugadores:<\/span><span class=\"value\">De 2 a 6 jugadores<\/span><\/div>\n<\/div>\n<div class=\"box_features\">\n<div class=\"iconfeature\"><img decoding=\"async\" class=\"\" title=\"Duraci\u00f3n aproximada del juego: 10 minutos\" src=\"https:\/\/juegosdelamesaredonda.com\/img\/caracteristicas\/7.svg\" alt=\"Duraci\u00f3n aproximada del juego: 10 minutos\" \/><\/div>\n<div class=\"valuesfeatures\"><span class=\"name\">Duraci\u00f3n aproximada:<\/span><span class=\"value\">10 minutos<\/span><\/div>\n<\/div>\n<div class=\"box_features\">\n<div class=\"iconfeature\"><img decoding=\"async\" class=\"\" title=\"Edad m\u00ednima recomendada: 7 a\u00f1os\" src=\"https:\/\/juegosdelamesaredonda.com\/img\/caracteristicas\/10.svg\" alt=\"Edad m\u00ednima recomendada: 7 a\u00f1os\" \/><\/div>\n<div class=\"valuesfeatures\"><span class=\"name\">Edad m\u00ednima:<\/span><span class=\"value\">7 a\u00f1os<\/span><\/div>\n<\/div>\n<div class=\"box_features\">\n<div class=\"iconfeature\"><img decoding=\"async\" class=\"\" title=\"Tipo: Juego de cartas\" src=\"https:\/\/juegosdelamesaredonda.com\/img\/caracteristicas\/11.svg\" alt=\"Tipo: Juego de cartas\" \/><\/div>\n<div class=\"valuesfeatures\"><span class=\"name\">Tipo:<\/span><span class=\"value\">Juego de cartas<\/span><\/div>\n<\/div>\n<div class=\"box_features\">\n<div class=\"iconfeature\"><img decoding=\"async\" class=\"\" title=\"G\u00e9nero: Familiar\" src=\"https:\/\/juegosdelamesaredonda.com\/img\/caracteristicas\/12.svg\" alt=\"G\u00e9nero: Familiar\" \/><\/div>\n<div class=\"valuesfeatures\"><span class=\"name\">G\u00e9nero:<\/span><span class=\"value\">Familiar<\/span><\/div>\n<\/div>\n<div class=\"box_features\">\n<div class=\"iconfeature\"><img decoding=\"async\" class=\"\" title=\"Idioma: Espa\u00f1ol\" src=\"https:\/\/juegosdelamesaredonda.com\/img\/caracteristicas\/14.svg\" alt=\"Idioma: Espa\u00f1ol\" \/><\/div>\n<div class=\"valuesfeatures\"><span class=\"name\">Idioma:<\/span><span class=\"value\">Espa\u00f1ol<\/span><\/div>\n<\/div>\n<div class=\"box_features\">\n<div class=\"iconfeature\"><img decoding=\"async\" class=\"\" title=\"Marca: Maldito Games\" src=\"https:\/\/juegosdelamesaredonda.com\/img\/caracteristicas\/13.svg\" alt=\"Marca: Maldito Games\" \/><\/div>\n<div class=\"valuesfeatures\"><span class=\"name\">Marca:<\/span><span class=\"value\">Maldito Games<\/span><\/div>\n<\/div>\n","protected":false},"featured_media":4958,"comment_status":"open","ping_status":"closed","template":"","meta":{"_themeisle_gutenberg_block_has_review":false},"product_brand":[],"product_cat":[29,93],"product_tag":[267,155,197,351],"class_list":{"0":"post-4957","1":"product","2":"type-product","3":"status-publish","4":"has-post-thumbnail","6":"product_cat-juegos-de-mesa","7":"product_cat-maldito-games","8":"product_tag-familiar","9":"product_tag-juegosdemesa","10":"product_tag-malditogames","11":"product_tag-partygames","13":"first","14":"outofstock","15":"shipping-taxable","16":"purchasable","17":"product-type-simple"},"_links":{"self":[{"href":"https:\/\/magicgamesbolivia.com\/index.php\/wp-json\/wp\/v2\/product\/4957","targetHints":{"allow":["GET"]}}],"collection":[{"href":"https:\/\/magicgamesbolivia.com\/index.php\/wp-json\/wp\/v2\/product"}],"about":[{"href":"https:\/\/magicgamesbolivia.com\/index.php\/wp-json\/wp\/v2\/types\/product"}],"replies":[{"embeddable":true,"href":"https:\/\/magicgamesbolivia.com\/index.php\/wp-json\/wp\/v2\/comments?post=4957"}],"version-history":[{"count":1,"href":"https:\/\/magicgamesbolivia.com\/index.php\/wp-json\/wp\/v2\/product\/4957\/revisions"}],"predecessor-version":[{"id":4959,"href":"https:\/\/magicgamesbolivia.com\/index.php\/wp-json\/wp\/v2\/product\/4957\/revisions\/4959"}],"wp:featuredmedia":[{"embeddable":true,"href":"https:\/\/magicgamesbolivia.com\/index.php\/wp-json\/wp\/v2\/media\/4958"}],"wp:attachment":[{"href":"https:\/\/magicgamesbolivia.com\/index.php\/wp-json\/wp\/v2\/media?parent=4957"}],"wp:term":[{"taxonomy":"product_brand","embeddable":true,"href":"https:\/\/magicgamesbolivia.com\/index.php\/wp-json\/wp\/v2\/product_brand?post=4957"},{"taxonomy":"product_cat","embeddable":true,"href":"https:\/\/magicgamesbolivia.com\/index.php\/wp-json\/wp\/v2\/product_cat?post=4957"},{"taxonomy":"product_tag","embeddable":true,"href":"https:\/\/magicgamesbolivia.com\/index.php\/wp-json\/wp\/v2\/product_tag?post=4957"}],"curies":[{"name":"wp","href":"https:\/\/api.w.org\/{rel}","templated":true}]}}