{"id":4483,"date":"2023-08-19T22:02:59","date_gmt":"2023-08-19T22:02:59","guid":{"rendered":"https:\/\/magicgamesbolivia.com\/?post_type=product&#038;p=4483"},"modified":"2026-03-30T01:09:16","modified_gmt":"2026-03-30T01:09:16","slug":"bohnanza","status":"publish","type":"product","link":"https:\/\/magicgamesbolivia.com\/index.php\/product\/bohnanza\/","title":{"rendered":"BOHNANZA"},"content":{"rendered":"<p>Hay quienes consideran que las jud\u00edas son simplemente vegetales, pero \u00bfsabes qu\u00e9? \u00a1Est\u00e1n equivocados!<\/p>\n<p>En el juego de mesa Bohnanza, las jud\u00edas pueden generar un gran n\u00famero de monedas de oro, siempre y cuando se cosechen las jud\u00edas adecuadas. Pero aqu\u00ed viene lo complicado: solo podemos plantar las jud\u00edas en orden y por tipos, y esto no siempre es sencillo de lograr.<\/p>\n<p>No pienses que es f\u00e1cil, \u00a1porque no lo es! Para tener \u00e9xito en el mercado de las jud\u00edas, debes ser un h\u00e1bil agricultor y negociar con tus oponentes para asegurarte una cosecha exitosa.<\/p>\n<p>Este juego de cartas es t\u00e1ctico y se basa en la negociaci\u00f3n, no es apto para jugadores sin experiencia.<\/p>\n","protected":false},"excerpt":{"rendered":"<p>Algunos afirman que las jud\u00edas son meros vegetales, pero \u00bfsab\u00edas qu\u00e9? \u00a1Est\u00e1n equivocados!<\/p>\n<p>En el juego de mesa Bohnanza, las jud\u00edas pueden ser una fuente de valiosas monedas de oro, \u00a1siempre y cuando cultives las jud\u00edas adecuadas!<\/p>\n<table class=\"table-data-sheet\">\n<tbody>\n<tr class=\"odd\">\n<td>N\u00famero de jugadores:<\/td>\n<td>De 3 a 5 jugadores<\/td>\n<\/tr>\n<tr class=\"even\">\n<td>Duraci\u00f3n aproximada del juego:<\/td>\n<td>45 minutos<\/td>\n<\/tr>\n<tr class=\"odd\">\n<td>Edad m\u00ednima recomendada:<\/td>\n<td>10 a\u00f1os<\/td>\n<\/tr>\n<tr class=\"even\">\n<td>Tipo:<\/td>\n<td>Juego de cartas<\/td>\n<\/tr>\n<tr class=\"odd\">\n<td>G\u00e9nero:<\/td>\n<td>Familiar<\/td>\n<\/tr>\n<tr class=\"even\">\n<td>Idioma:<\/td>\n<td>Espa\u00f1ol<\/td>\n<\/tr>\n<tr class=\"odd\">\n<td>Marca:<\/td>\n<td>Mercurio<\/td>\n<\/tr>\n<\/tbody>\n<\/table>\n","protected":false},"featured_media":4484,"comment_status":"open","ping_status":"closed","template":"","meta":{"_themeisle_gutenberg_block_has_review":false},"product_brand":[],"product_cat":[123,29],"product_tag":[803,219,308],"class_list":{"0":"post-4483","1":"product","2":"type-product","3":"status-publish","4":"has-post-thumbnail","6":"product_cat-otros-juegos","7":"product_cat-juegos-de-mesa","8":"product_tag-bohnanza","9":"product_tag-juegodecartas","10":"product_tag-partygame","12":"first","13":"instock","14":"shipping-taxable","15":"purchasable","16":"product-type-simple"},"_links":{"self":[{"href":"https:\/\/magicgamesbolivia.com\/index.php\/wp-json\/wp\/v2\/product\/4483","targetHints":{"allow":["GET"]}}],"collection":[{"href":"https:\/\/magicgamesbolivia.com\/index.php\/wp-json\/wp\/v2\/product"}],"about":[{"href":"https:\/\/magicgamesbolivia.com\/index.php\/wp-json\/wp\/v2\/types\/product"}],"replies":[{"embeddable":true,"href":"https:\/\/magicgamesbolivia.com\/index.php\/wp-json\/wp\/v2\/comments?post=4483"}],"version-history":[{"count":1,"href":"https:\/\/magicgamesbolivia.com\/index.php\/wp-json\/wp\/v2\/product\/4483\/revisions"}],"predecessor-version":[{"id":4485,"href":"https:\/\/magicgamesbolivia.com\/index.php\/wp-json\/wp\/v2\/product\/4483\/revisions\/4485"}],"wp:featuredmedia":[{"embeddable":true,"href":"https:\/\/magicgamesbolivia.com\/index.php\/wp-json\/wp\/v2\/media\/4484"}],"wp:attachment":[{"href":"https:\/\/magicgamesbolivia.com\/index.php\/wp-json\/wp\/v2\/media?parent=4483"}],"wp:term":[{"taxonomy":"product_brand","embeddable":true,"href":"https:\/\/magicgamesbolivia.com\/index.php\/wp-json\/wp\/v2\/product_brand?post=4483"},{"taxonomy":"product_cat","embeddable":true,"href":"https:\/\/magicgamesbolivia.com\/index.php\/wp-json\/wp\/v2\/product_cat?post=4483"},{"taxonomy":"product_tag","embeddable":true,"href":"https:\/\/magicgamesbolivia.com\/index.php\/wp-json\/wp\/v2\/product_tag?post=4483"}],"curies":[{"name":"wp","href":"https:\/\/api.w.org\/{rel}","templated":true}]}}