{"id":4433,"date":"2023-08-15T00:51:46","date_gmt":"2023-08-15T00:51:46","guid":{"rendered":"https:\/\/magicgamesbolivia.com\/?post_type=product&#038;p=4433"},"modified":"2024-07-14T00:32:16","modified_gmt":"2024-07-14T00:32:16","slug":"dragon-shield-pink-diamond-matte-sleeves-standard-size","status":"publish","type":"product","link":"https:\/\/magicgamesbolivia.com\/index.php\/product\/dragon-shield-pink-diamond-matte-sleeves-standard-size\/","title":{"rendered":"Dragon Shield Pink Diamond &#8211; Matte Sleeves &#8211; Standard Size"},"content":{"rendered":"<div class=\"group w-full text-token-text-primary border-b border-black\/10 dark:border-gray-900\/50 bg-gray-50 dark:bg-[#444654]\">\n<div class=\"flex p-4 gap-4 text-base md:gap-6 md:max-w-2xl lg:max-w-[38rem] xl:max-w-3xl md:py-6 lg:px-0 m-auto\">\n<div class=\"relative flex w-[calc(100%-50px)] flex-col gap-1 md:gap-3 lg:w-[calc(100%-115px)]\">\n<div class=\"flex flex-grow flex-col gap-3\">\n<div class=\"min-h-[20px] flex flex-col items-start gap-3 overflow-x-auto whitespace-pre-wrap break-words\">\n<div class=\"markdown prose w-full break-words dark:prose-invert light\">\n<p>Frente transparente y parte trasera de diamante rosado. Haz que tu colecci\u00f3n brille como un diamante.<\/p>\n<p>Las fundas mate son nuestra l\u00ednea popular de Dragon Shield con textura y manejo superior. Una combinaci\u00f3n perfecta de durabilidad y facilidad para barajar. La elecci\u00f3n n\u00famero 1 del Profesor para fundas de cartas.<\/p>\n<p>La resistente caja de cart\u00f3n puede contener m\u00e1s de 75 cartas con funda individual o m\u00e1s de 65 cartas con funda doble. Cada caja tiene una etiqueta en la parte superior para personalizaci\u00f3n.<\/p>\n<p>Excelentes fundas para juegos de cartas coleccionables como MTG, Pok\u00e9mon, Flesh &amp; Blood y Digimon.<\/p>\n<p>Cantidad 100<\/p>\n<\/div>\n<\/div>\n<\/div>\n<\/div>\n<\/div>\n<\/div>\n","protected":false},"excerpt":{"rendered":"<p>Frente transparente y parte trasera de diamante rosado. Haz que tu colecci\u00f3n brille como un diamante.<\/p>\n<p>Las fundas mate son nuestra l\u00ednea popular de Dragon Shield con textura y manejo superior. Una combinaci\u00f3n perfecta de durabilidad y facilidad para barajar. La elecci\u00f3n n\u00famero 1 del Profesor para fundas de cartas.<\/p>\n<p>La resistente caja de cart\u00f3n puede contener m\u00e1s de 75 cartas con funda individual o m\u00e1s de 65 cartas con funda doble. Cada caja tiene una etiqueta en la parte superior para personalizaci\u00f3n.<\/p>\n<p>Excelentes fundas para juegos de cartas coleccionables como MTG, Pok\u00e9mon, Flesh &amp; Blood y Digimon.<\/p>\n<p>Cantidad 100<\/p>\n","protected":false},"featured_media":4434,"comment_status":"open","ping_status":"closed","template":"","meta":{"_themeisle_gutenberg_block_has_review":false},"product_brand":[],"product_cat":[131,167],"product_tag":[450,451,789,133],"class_list":{"0":"post-4433","1":"product","2":"type-product","3":"status-publish","4":"has-post-thumbnail","6":"product_cat-accesorios","7":"product_cat-prg","8":"product_tag-dragonshield","9":"product_tag-matte","10":"product_tag-pinkdiamond","11":"product_tag-sleeves","13":"first","14":"outofstock","15":"shipping-taxable","16":"purchasable","17":"product-type-simple"},"_links":{"self":[{"href":"https:\/\/magicgamesbolivia.com\/index.php\/wp-json\/wp\/v2\/product\/4433","targetHints":{"allow":["GET"]}}],"collection":[{"href":"https:\/\/magicgamesbolivia.com\/index.php\/wp-json\/wp\/v2\/product"}],"about":[{"href":"https:\/\/magicgamesbolivia.com\/index.php\/wp-json\/wp\/v2\/types\/product"}],"replies":[{"embeddable":true,"href":"https:\/\/magicgamesbolivia.com\/index.php\/wp-json\/wp\/v2\/comments?post=4433"}],"version-history":[{"count":1,"href":"https:\/\/magicgamesbolivia.com\/index.php\/wp-json\/wp\/v2\/product\/4433\/revisions"}],"predecessor-version":[{"id":4436,"href":"https:\/\/magicgamesbolivia.com\/index.php\/wp-json\/wp\/v2\/product\/4433\/revisions\/4436"}],"wp:featuredmedia":[{"embeddable":true,"href":"https:\/\/magicgamesbolivia.com\/index.php\/wp-json\/wp\/v2\/media\/4434"}],"wp:attachment":[{"href":"https:\/\/magicgamesbolivia.com\/index.php\/wp-json\/wp\/v2\/media?parent=4433"}],"wp:term":[{"taxonomy":"product_brand","embeddable":true,"href":"https:\/\/magicgamesbolivia.com\/index.php\/wp-json\/wp\/v2\/product_brand?post=4433"},{"taxonomy":"product_cat","embeddable":true,"href":"https:\/\/magicgamesbolivia.com\/index.php\/wp-json\/wp\/v2\/product_cat?post=4433"},{"taxonomy":"product_tag","embeddable":true,"href":"https:\/\/magicgamesbolivia.com\/index.php\/wp-json\/wp\/v2\/product_tag?post=4433"}],"curies":[{"name":"wp","href":"https:\/\/api.w.org\/{rel}","templated":true}]}}