{"id":4394,"date":"2023-08-14T19:56:28","date_gmt":"2023-08-14T19:56:28","guid":{"rendered":"https:\/\/magicgamesbolivia.com\/?post_type=product&#038;p=4394"},"modified":"2024-07-14T00:34:27","modified_gmt":"2024-07-14T00:34:27","slug":"dragon-shield-lime-matte-sleeves-standard-size","status":"publish","type":"product","link":"https:\/\/magicgamesbolivia.com\/index.php\/product\/dragon-shield-lime-matte-sleeves-standard-size\/","title":{"rendered":"Dragon Shield Lime &#8211; Matte Sleeves &#8211; Standard Size"},"content":{"rendered":"<p>Frente transparente y parte trasera de vibrante lima. M\u00e1s fresco que nunca.<\/p>\n<p>Las fundas mate son nuestra popular l\u00ednea de Dragon Shield con textura y manejo superior. Una combinaci\u00f3n perfecta de durabilidad y facilidad para barajar. La elecci\u00f3n n\u00famero 1 del Profesor para fundas de cartas.<\/p>\n<p>La resistente caja de cart\u00f3n puede contener m\u00e1s de 75 cartas con funda individual o m\u00e1s de 65 cartas con funda doble. Cada caja tiene una etiqueta en la parte superior para personalizaci\u00f3n.<\/p>\n<p>Excelentes fundas para juegos de cartas coleccionables como MTG, Pok\u00e9mon, Flesh &amp; Blood y Digimon.<\/p>\n<p>Cantidad 100<\/p>\n","protected":false},"excerpt":{"rendered":"<p>Frente transparente y parte trasera de vibrante lima. M\u00e1s fresco que nunca.<\/p>\n<p>Las fundas mate son nuestra popular l\u00ednea de Dragon Shield con textura y manejo superior. Una combinaci\u00f3n perfecta de durabilidad y facilidad para barajar. La elecci\u00f3n n\u00famero 1 del Profesor para fundas de cartas.<\/p>\n<p>La resistente caja de cart\u00f3n puede contener m\u00e1s de 75 cartas con funda individual o m\u00e1s de 65 cartas con funda doble. Cada caja tiene una etiqueta en la parte superior para personalizaci\u00f3n.<\/p>\n<p>Excelentes fundas para juegos de cartas coleccionables como MTG, Pok\u00e9mon, Flesh &amp; Blood y Digimon.<\/p>\n<p>Cantidad 100<\/p>\n","protected":false},"featured_media":4395,"comment_status":"open","ping_status":"closed","template":"","meta":{"_themeisle_gutenberg_block_has_review":false},"product_brand":[],"product_cat":[131,167],"product_tag":[450,781,451,165,133],"class_list":{"0":"post-4394","1":"product","2":"type-product","3":"status-publish","4":"has-post-thumbnail","6":"product_cat-accesorios","7":"product_cat-prg","8":"product_tag-dragonshield","9":"product_tag-lime","10":"product_tag-matte","11":"product_tag-protectores","12":"product_tag-sleeves","14":"first","15":"outofstock","16":"shipping-taxable","17":"purchasable","18":"product-type-simple"},"_links":{"self":[{"href":"https:\/\/magicgamesbolivia.com\/index.php\/wp-json\/wp\/v2\/product\/4394","targetHints":{"allow":["GET"]}}],"collection":[{"href":"https:\/\/magicgamesbolivia.com\/index.php\/wp-json\/wp\/v2\/product"}],"about":[{"href":"https:\/\/magicgamesbolivia.com\/index.php\/wp-json\/wp\/v2\/types\/product"}],"replies":[{"embeddable":true,"href":"https:\/\/magicgamesbolivia.com\/index.php\/wp-json\/wp\/v2\/comments?post=4394"}],"version-history":[{"count":1,"href":"https:\/\/magicgamesbolivia.com\/index.php\/wp-json\/wp\/v2\/product\/4394\/revisions"}],"predecessor-version":[{"id":4397,"href":"https:\/\/magicgamesbolivia.com\/index.php\/wp-json\/wp\/v2\/product\/4394\/revisions\/4397"}],"wp:featuredmedia":[{"embeddable":true,"href":"https:\/\/magicgamesbolivia.com\/index.php\/wp-json\/wp\/v2\/media\/4395"}],"wp:attachment":[{"href":"https:\/\/magicgamesbolivia.com\/index.php\/wp-json\/wp\/v2\/media?parent=4394"}],"wp:term":[{"taxonomy":"product_brand","embeddable":true,"href":"https:\/\/magicgamesbolivia.com\/index.php\/wp-json\/wp\/v2\/product_brand?post=4394"},{"taxonomy":"product_cat","embeddable":true,"href":"https:\/\/magicgamesbolivia.com\/index.php\/wp-json\/wp\/v2\/product_cat?post=4394"},{"taxonomy":"product_tag","embeddable":true,"href":"https:\/\/magicgamesbolivia.com\/index.php\/wp-json\/wp\/v2\/product_tag?post=4394"}],"curies":[{"name":"wp","href":"https:\/\/api.w.org\/{rel}","templated":true}]}}