{"id":4291,"date":"2023-07-17T12:21:13","date_gmt":"2023-07-17T12:21:13","guid":{"rendered":"http:\/\/magicgamesbolivia.com\/?post_type=product&#038;p=4291"},"modified":"2025-12-24T16:45:17","modified_gmt":"2025-12-24T16:45:17","slug":"pictionary","status":"publish","type":"product","link":"https:\/\/magicgamesbolivia.com\/index.php\/product\/pictionary\/","title":{"rendered":"Pictionary"},"content":{"rendered":"<ul class=\"a-unordered-list a-vertical a-spacing-mini\">\n<li class=\"a-spacing-mini\"><span class=\"a-list-item\">El cl\u00e1sico juego de dibujo r\u00e1pido desde 1985.<\/span><\/li>\n<li class=\"a-spacing-mini\"><span class=\"a-list-item\">No hace falta ser bueno dibujando; de hecho, si \u00abno sabes dibujar\u00bb, el juego puede ser a\u00fan m\u00e1s divertido.<\/span><\/li>\n<li class=\"a-spacing-mini\"><span class=\"a-list-item\">Dos niveles de pistas (120 para adultos y 80 para j\u00f3venes) hacen que este juego sea ideal para ni\u00f1os y adultos.<\/span><\/li>\n<li class=\"a-spacing-mini\"><span class=\"a-list-item\">Incluye dos rotuladores y dos tableros que se pueden borrar para dibujar y una categor\u00eda actualizada de pistas.<\/span><\/li>\n<\/ul>\n","protected":false},"excerpt":{"rendered":"<p>Pictionary es el juego perfecto para descubrir qui\u00e9n es un verdadero artista. \u00a1Prep\u00e1rate para re\u00edrte a carcajadas! En este juego, tendr\u00e1s que desatar tu creatividad y dibujar lo m\u00e1s r\u00e1pido posible para que tu equipo adivine la palabra y alcance la meta. \u00a1Solo necesitas papel, l\u00e1piz y mucha imaginaci\u00f3n para disfrutar de este emocionante desaf\u00edo art\u00edstico!<\/p>\n<h3 class=\"ui-pdp-specs__subtitle\"><\/h3>\n<div class=\"ui-pdp-list ui-pdp-specs__list\">\n<ul class=\"ui-pdp-list__wrapper\">\n<li class=\"ui-pdp-list__item\">\n<p class=\"ui-pdp-family--REGULAR ui-pdp-list__text\"><span class=\"ui-pdp-color--BLACK ui-pdp-size--XSMALL ui-pdp-family--BOLD\">Tipo de juego<\/span>: Cooperativo<\/p>\n<\/li>\n<li class=\"ui-pdp-list__item\">\n<p class=\"ui-pdp-family--REGULAR ui-pdp-list__text\"><span class=\"ui-pdp-color--BLACK ui-pdp-size--XSMALL ui-pdp-family--BOLD\">Componentes del juego<\/span>: 120 tarjetas de adulto, 80 tarjetas junior, 2 cajas de tarjetas, 4 tarjetas de categor\u00eda, 2 marcadores borrables, 2 pizarras borrables, 1 tablero, 2 fichas, 1 reloj de arena, 1 dado<\/p>\n<\/li>\n<\/ul>\n<ul class=\"ui-pdp-list__wrapper\">\n<li class=\"ui-pdp-list__item\">\n<p class=\"ui-pdp-family--REGULAR ui-pdp-list__text\"><span class=\"ui-pdp-color--BLACK ui-pdp-size--XSMALL ui-pdp-family--BOLD\">Edad m\u00ednima recomendada<\/span>: 8 a\u00f1os<\/p>\n<\/li>\n<li class=\"ui-pdp-list__item\">\n<p class=\"ui-pdp-family--REGULAR ui-pdp-list__text\"><span class=\"ui-pdp-color--BLACK ui-pdp-size--XSMALL ui-pdp-family--BOLD\">Tiempo estimado de juego<\/span>: 30 m<\/p>\n<\/li>\n<li>\u00a0Idioma Espa\u00f1ol<\/li>\n<\/ul>\n<\/div>\n","protected":false},"featured_media":4292,"comment_status":"open","ping_status":"closed","template":"","meta":{"_themeisle_gutenberg_block_has_review":false},"product_brand":[],"product_cat":[123,29],"product_tag":[157,296,158,299,267,771,770],"class_list":{"0":"post-4291","1":"product","2":"type-product","3":"status-publish","4":"has-post-thumbnail","6":"product_cat-otros-juegos","7":"product_cat-juegos-de-mesa","8":"product_tag-bolivia","9":"product_tag-clasico","10":"product_tag-cochabamba","11":"product_tag-espanol","12":"product_tag-familiar","13":"product_tag-mattel","14":"product_tag-pictionary","16":"first","17":"outofstock","18":"shipping-taxable","19":"purchasable","20":"product-type-simple"},"_links":{"self":[{"href":"https:\/\/magicgamesbolivia.com\/index.php\/wp-json\/wp\/v2\/product\/4291","targetHints":{"allow":["GET"]}}],"collection":[{"href":"https:\/\/magicgamesbolivia.com\/index.php\/wp-json\/wp\/v2\/product"}],"about":[{"href":"https:\/\/magicgamesbolivia.com\/index.php\/wp-json\/wp\/v2\/types\/product"}],"replies":[{"embeddable":true,"href":"https:\/\/magicgamesbolivia.com\/index.php\/wp-json\/wp\/v2\/comments?post=4291"}],"version-history":[{"count":1,"href":"https:\/\/magicgamesbolivia.com\/index.php\/wp-json\/wp\/v2\/product\/4291\/revisions"}],"predecessor-version":[{"id":4294,"href":"https:\/\/magicgamesbolivia.com\/index.php\/wp-json\/wp\/v2\/product\/4291\/revisions\/4294"}],"wp:featuredmedia":[{"embeddable":true,"href":"https:\/\/magicgamesbolivia.com\/index.php\/wp-json\/wp\/v2\/media\/4292"}],"wp:attachment":[{"href":"https:\/\/magicgamesbolivia.com\/index.php\/wp-json\/wp\/v2\/media?parent=4291"}],"wp:term":[{"taxonomy":"product_brand","embeddable":true,"href":"https:\/\/magicgamesbolivia.com\/index.php\/wp-json\/wp\/v2\/product_brand?post=4291"},{"taxonomy":"product_cat","embeddable":true,"href":"https:\/\/magicgamesbolivia.com\/index.php\/wp-json\/wp\/v2\/product_cat?post=4291"},{"taxonomy":"product_tag","embeddable":true,"href":"https:\/\/magicgamesbolivia.com\/index.php\/wp-json\/wp\/v2\/product_tag?post=4291"}],"curies":[{"name":"wp","href":"https:\/\/api.w.org\/{rel}","templated":true}]}}