{"id":4220,"date":"2023-05-26T20:21:02","date_gmt":"2023-05-26T20:21:02","guid":{"rendered":"http:\/\/magicgamesbolivia.com\/?post_type=product&#038;p=4220"},"modified":"2023-12-24T02:03:44","modified_gmt":"2023-12-24T02:03:44","slug":"harry-potter-hogwarts-battle","status":"publish","type":"product","link":"https:\/\/magicgamesbolivia.com\/index.php\/product\/harry-potter-hogwarts-battle\/","title":{"rendered":"HARRY POTTER  HOGWARTS BATTLE"},"content":{"rendered":"<div class=\"group w-full text-gray-800 dark:text-gray-100 border-b border-black\/10 dark:border-gray-900\/50 bg-gray-50 dark:bg-[#444654]\">\n<div class=\"flex p-4 gap-4 text-base md:gap-6 md:max-w-2xl lg:max-w-xl xl:max-w-3xl md:py-6 lg:px-0 m-auto\">\n<div class=\"relative flex w-[calc(100%-50px)] flex-col gap-1 md:gap-3 lg:w-[calc(100%-115px)]\">\n<div class=\"flex flex-grow flex-col gap-3\">\n<div class=\"min-h-[20px] flex flex-col items-start gap-4 whitespace-pre-wrap break-words\">\n<div class=\"markdown prose w-full break-words dark:prose-invert light\">\n<p>Sum\u00e9rgete en el m\u00e1gico mundo de Harry Potter con Hogwarts Battle, un emocionante juego de cartas cooperativo donde t\u00fa y tus amigos encarnar\u00e1n a los ic\u00f3nicos personajes de Harry, Ron, Hermione o Neville. Juntos, se enfrentar\u00e1n a desafiantes villanos y luchar\u00e1n por proteger la legendaria escuela de Hogwarts.<\/p>\n<p>En este juego de construcci\u00f3n de mazos, deber\u00e1s utilizar estrat\u00e9gicamente tus cartas para fortalecer tus habilidades, lanzar poderosos hechizos y defender la escuela de las fuerzas oscuras. Trabajando en equipo, podr\u00e1n superar obst\u00e1culos, derrotar enemigos y asegurarse de que Hogwarts est\u00e9 a salvo.<\/p>\n<p>Explora el emocionante universo de Harry Potter mientras te sumerges en duelos m\u00e1gicos, enfrentas criaturas fant\u00e1sticas y desbloqueas nuevas habilidades a medida que avanzas en el juego. \u00bfTendr\u00e1s lo necesario para superar los desaf\u00edos y convertirte en el h\u00e9roe de Hogwarts?<\/p>\n<p>Harry Potter Deck Building Hogwarts Battle es el juego perfecto para los amantes de Harry Potter que buscan una experiencia de juego cooperativa llena de magia y emoci\u00f3n. \u00a1Prep\u00e1rate para unirte a tus personajes favoritos en una aventura \u00e9pica para proteger Hogwarts de los villanos m\u00e1s temibles!<\/p>\n<\/div>\n<\/div>\n<\/div>\n<\/div>\n<\/div>\n<\/div>\n<div class=\"group w-full text-gray-800 dark:text-gray-100 border-b border-black\/10 dark:border-gray-900\/50 dark:bg-gray-800\">\n<div class=\"flex p-4 gap-4 text-base md:gap-6 md:max-w-2xl lg:max-w-xl xl:max-w-3xl md:py-6 lg:px-0 m-auto\">\n<div class=\"relative flex w-[calc(100%-50px)] flex-col gap-1 md:gap-3 lg:w-[calc(100%-115px)]\">\n<div class=\"flex flex-grow flex-col gap-3\">\n<div class=\"min-h-[20px] flex flex-col items-start gap-4 whitespace-pre-wrap break-words\">mejora la siguiente redaccion y que se lea en espanol latino Las fuerzas de la oscuridad amenazan con destruir Hogwarts, el castillo de Harry Potter Harry Potter Deck Building Hogwarts Battle es un juego de cartas cooperativo con mec\u00e1nicas de construcci\u00f3n de mazos en donde hasta cuatro estudiantes tratar\u00e1n de poner a salvo la escuela derrotando para ello a los villanos, tratando as\u00ed de consolidar sus defensas. En el juego, los jugadores tomar\u00e1n el papel de uno de los estudiantes de Hogwarts, Harry Potter, Ron, Hermione o Neville, cada uno con su propio mazo de cartas que utilizar\u00e1n para conseguir los recursos. A lo largo de la partida, los jugadores mediante la influencia ir\u00e1n a\u00f1adiendo nuevas cartas a su mazo, en forma de personajes, hechizos y objetos m\u00e1gicos. Otras cartas les permitir\u00e1n ganar salud perdida o pelear contra los villanos en lugar de ganar poder. La \u00fanica forma de defender la escuela ser\u00e1 trabajar en equipo y acabar todos juntos con las amenazas que se ciernen sobre Hogwarts.<\/div>\n<\/div>\n<\/div>\n<\/div>\n<\/div>\n","protected":false},"excerpt":{"rendered":"<p>Sum\u00e9rgete en el m\u00e1gico mundo de Harry Potter con Hogwarts Battle, un emocionante juego de cartas cooperativo donde t\u00fa y tus amigos encarnar\u00e1n a los ic\u00f3nicos personajes de Harry, Ron, Hermione o Neville. Juntos, se enfrentar\u00e1n a desafiantes villanos y luchar\u00e1n por proteger la legendaria escuela de Hogwarts.<\/p>\n<p>En este juego de construcci\u00f3n de mazos, deber\u00e1s utilizar estrat\u00e9gicamente tus cartas para fortalecer tus habilidades, lanzar poderosos hechizos y defender la escuela de las fuerzas oscuras. Trabajando en equipo, podr\u00e1n superar obst\u00e1culos, derrotar enemigos y asegurarse de que Hogwarts est\u00e9 a salvo.<\/p>\n<table class=\"table-data-sheet\">\n<tbody>\n<tr class=\"odd\">\n<td>N\u00famero de jugadores:<\/td>\n<td>De 2 a 4 jugadores<\/td>\n<\/tr>\n<tr class=\"even\">\n<td>Duraci\u00f3n aproximada del juego:<\/td>\n<td>45 minutos<\/td>\n<\/tr>\n<tr class=\"odd\">\n<td>Edad m\u00ednima recomendada:<\/td>\n<td>11 a\u00f1os<\/td>\n<\/tr>\n<tr class=\"even\">\n<td>Tipo:<\/td>\n<td>Juego de tablero<\/td>\n<\/tr>\n<tr class=\"odd\">\n<td>G\u00e9nero:<\/td>\n<td>Estrategia<\/td>\n<\/tr>\n<tr class=\"even\">\n<td>Idioma:<\/td>\n<td>Esp<\/td>\n<\/tr>\n<tr class=\"odd\">\n<td>Marca:<\/td>\n<td>ASmodee<\/td>\n<\/tr>\n<tr class=\"even\">\n<td>Dependencia del idioma:<\/td>\n<td>Media<\/td>\n<\/tr>\n<\/tbody>\n<\/table>\n","protected":false},"featured_media":4221,"comment_status":"open","ping_status":"closed","template":"","meta":{"_themeisle_gutenberg_block_has_review":false},"product_brand":[],"product_cat":[352,29],"product_tag":[397,155,759],"class_list":{"0":"post-4220","1":"product","2":"type-product","3":"status-publish","4":"has-post-thumbnail","6":"product_cat-asmodee","7":"product_cat-juegos-de-mesa","8":"product_tag-harrypotter","9":"product_tag-juegosdemesa","10":"product_tag-tematicos","12":"first","13":"outofstock","14":"shipping-taxable","15":"purchasable","16":"product-type-simple"},"_links":{"self":[{"href":"https:\/\/magicgamesbolivia.com\/index.php\/wp-json\/wp\/v2\/product\/4220","targetHints":{"allow":["GET"]}}],"collection":[{"href":"https:\/\/magicgamesbolivia.com\/index.php\/wp-json\/wp\/v2\/product"}],"about":[{"href":"https:\/\/magicgamesbolivia.com\/index.php\/wp-json\/wp\/v2\/types\/product"}],"replies":[{"embeddable":true,"href":"https:\/\/magicgamesbolivia.com\/index.php\/wp-json\/wp\/v2\/comments?post=4220"}],"version-history":[{"count":1,"href":"https:\/\/magicgamesbolivia.com\/index.php\/wp-json\/wp\/v2\/product\/4220\/revisions"}],"predecessor-version":[{"id":4224,"href":"https:\/\/magicgamesbolivia.com\/index.php\/wp-json\/wp\/v2\/product\/4220\/revisions\/4224"}],"wp:featuredmedia":[{"embeddable":true,"href":"https:\/\/magicgamesbolivia.com\/index.php\/wp-json\/wp\/v2\/media\/4221"}],"wp:attachment":[{"href":"https:\/\/magicgamesbolivia.com\/index.php\/wp-json\/wp\/v2\/media?parent=4220"}],"wp:term":[{"taxonomy":"product_brand","embeddable":true,"href":"https:\/\/magicgamesbolivia.com\/index.php\/wp-json\/wp\/v2\/product_brand?post=4220"},{"taxonomy":"product_cat","embeddable":true,"href":"https:\/\/magicgamesbolivia.com\/index.php\/wp-json\/wp\/v2\/product_cat?post=4220"},{"taxonomy":"product_tag","embeddable":true,"href":"https:\/\/magicgamesbolivia.com\/index.php\/wp-json\/wp\/v2\/product_tag?post=4220"}],"curies":[{"name":"wp","href":"https:\/\/api.w.org\/{rel}","templated":true}]}}