{"id":4065,"date":"2023-04-19T01:23:23","date_gmt":"2023-04-19T01:23:23","guid":{"rendered":"http:\/\/magicgamesbolivia.com\/?post_type=product&#038;p=4065"},"modified":"2026-03-16T19:59:00","modified_gmt":"2026-03-16T19:59:00","slug":"happy-little-dinosaurs-expansion-para-5-6-dinosaurios","status":"publish","type":"product","link":"https:\/\/magicgamesbolivia.com\/index.php\/product\/happy-little-dinosaurs-expansion-para-5-6-dinosaurios\/","title":{"rendered":"HAPPY LITTLE DINOSAURS: EXPANSION PARA 5-6 DINOSAURIOS"},"content":{"rendered":"<p>\u00a1Aumenta la emoci\u00f3n de tus partidas con la expansi\u00f3n Happy Little Dinosaurs: Expansion para 5-6 Dinosaurios! Enfrenta nuevos desaf\u00edos mientras evitas a los pollos asesinos, sobrevives a tornados mortales y luchas contra pel\u00edculas mal\u00edsimas. Con esta expansi\u00f3n, podr\u00e1s jugar con hasta seis amigos y dos nuevos Dinosaurios, \u00a1lo que significa que tendr\u00e1s m\u00e1s competencia para mantenerte a salvo de los pterod\u00e1ctilos y sobrevivir a los desastres! \u00bfTienes lo que se necesita para triunfar en este emocionante y peligroso mundo de los Happy Little Dinosaurs? \u00a1Desc\u00fabrelo ahora con esta expansi\u00f3n!<\/p>\n","protected":false},"excerpt":{"rendered":"<p>La expansi\u00f3n Happy Little Dinosaurs: Expansion para 5-6 Dinosaurios permite ampliar el n\u00famero de jugadores del juego de cartas Happy Little Dinosaurs.<\/p>\n<table class=\"table-data-sheet\">\n<tbody>\n<tr class=\"odd\">\n<td>N\u00famero de jugadores:<\/td>\n<td>De 2 a 6 jugadores<\/td>\n<\/tr>\n<tr class=\"even\">\n<td>Duraci\u00f3n aproximada del juego:<\/td>\n<td>45 minutos<\/td>\n<\/tr>\n<tr class=\"odd\">\n<td>Edad m\u00ednima recomendada:<\/td>\n<td>8 a\u00f1os<\/td>\n<\/tr>\n<tr class=\"even\">\n<td>Tipo:<\/td>\n<td>Juego de tablero<\/td>\n<\/tr>\n<tr class=\"odd\">\n<td>G\u00e9nero:<\/td>\n<td>Estrategia<\/td>\n<\/tr>\n<tr class=\"even\">\n<td>Idioma:<\/td>\n<td>Espa\u00f1ol<\/td>\n<\/tr>\n<tr class=\"odd\">\n<td>Marca:<\/td>\n<td>TeeTurtle<\/td>\n<\/tr>\n<\/tbody>\n<\/table>\n","protected":false},"featured_media":4066,"comment_status":"open","ping_status":"closed","template":"","meta":{"_themeisle_gutenberg_block_has_review":false},"product_brand":[],"product_cat":[123,29],"product_tag":[736,737,735,288,378],"class_list":{"0":"post-4065","1":"product","2":"type-product","3":"status-publish","4":"has-post-thumbnail","6":"product_cat-otros-juegos","7":"product_cat-juegos-de-mesa","8":"product_tag-736","9":"product_tag-6jugadores","10":"product_tag-dinosauiros","11":"product_tag-expansion","12":"product_tag-happylittledinosaur","14":"first","15":"instock","16":"shipping-taxable","17":"purchasable","18":"product-type-simple"},"_links":{"self":[{"href":"https:\/\/magicgamesbolivia.com\/index.php\/wp-json\/wp\/v2\/product\/4065","targetHints":{"allow":["GET"]}}],"collection":[{"href":"https:\/\/magicgamesbolivia.com\/index.php\/wp-json\/wp\/v2\/product"}],"about":[{"href":"https:\/\/magicgamesbolivia.com\/index.php\/wp-json\/wp\/v2\/types\/product"}],"replies":[{"embeddable":true,"href":"https:\/\/magicgamesbolivia.com\/index.php\/wp-json\/wp\/v2\/comments?post=4065"}],"version-history":[{"count":1,"href":"https:\/\/magicgamesbolivia.com\/index.php\/wp-json\/wp\/v2\/product\/4065\/revisions"}],"predecessor-version":[{"id":4068,"href":"https:\/\/magicgamesbolivia.com\/index.php\/wp-json\/wp\/v2\/product\/4065\/revisions\/4068"}],"wp:featuredmedia":[{"embeddable":true,"href":"https:\/\/magicgamesbolivia.com\/index.php\/wp-json\/wp\/v2\/media\/4066"}],"wp:attachment":[{"href":"https:\/\/magicgamesbolivia.com\/index.php\/wp-json\/wp\/v2\/media?parent=4065"}],"wp:term":[{"taxonomy":"product_brand","embeddable":true,"href":"https:\/\/magicgamesbolivia.com\/index.php\/wp-json\/wp\/v2\/product_brand?post=4065"},{"taxonomy":"product_cat","embeddable":true,"href":"https:\/\/magicgamesbolivia.com\/index.php\/wp-json\/wp\/v2\/product_cat?post=4065"},{"taxonomy":"product_tag","embeddable":true,"href":"https:\/\/magicgamesbolivia.com\/index.php\/wp-json\/wp\/v2\/product_tag?post=4065"}],"curies":[{"name":"wp","href":"https:\/\/api.w.org\/{rel}","templated":true}]}}