{"id":3955,"date":"2023-03-16T21:15:50","date_gmt":"2023-03-16T21:15:50","guid":{"rendered":"http:\/\/magicgamesbolivia.com\/?post_type=product&#038;p=3955"},"modified":"2024-12-27T20:29:28","modified_gmt":"2024-12-27T20:29:28","slug":"eldritch-horror-bajo-las-piramides","status":"publish","type":"product","link":"https:\/\/magicgamesbolivia.com\/index.php\/product\/eldritch-horror-bajo-las-piramides\/","title":{"rendered":"Eldritch Horror: Bajo las pir\u00e1mides"},"content":{"rendered":"<p><strong>Eldritch Horror: Bajo las pir\u00e1mides,<\/strong>\u00a0es una expansi\u00f3n de tablero secundario para el juego de mesa cooperativo\u00a0<strong>Eldritch Horror.<\/strong><\/p>\n<p>En las ca\u00f3ticas calles del Cairo los camellos ensillados esperan junto a descapotables. Los mercaderes \u00e1rabes regatean con oficiales brit\u00e1nicos y arque\u00f3logos h\u00fangaros, mientras los beduinos descansan en los caf\u00e9s tras meses recorriendo el S\u00e1hara. Justo a las afueras de la ciudad fluye el Nilo y a solo cincuenta kil\u00f3metros la Gran Esfinge protege un famoso tr\u00edo de pir\u00e1mides. A unos cientos de metros de la entrada del bazar del Cairo, un grupo de cultistas con t\u00fanicas negras recitan solemnemente en un misterioso y arcaico lenguaje, para invocar de vuelta a la vida a uno de los faraones m\u00e1s crueles de todos los tiempos.<\/p>\n<p>&nbsp;<\/p>\n<p><strong>Bajo las pir\u00e1mides<\/strong>\u00a0te invita a\u00a0<strong>descubrir los secretos de Egipto mientras combates la vuelta del Fara\u00f3n Negro.<\/strong>\u00a0Un\u00a0<strong>nuevo tablero secundario que ofrece seis localizaciones egipcias nuevas,<\/strong>\u00a0desde bulliciosas ciudades a legendarios espacios arqueol\u00f3gicos. Seis preludios que presentan nuevos horrores, incluidas una antinatural epidemia letal y el fantasmal regreso de un investigador ca\u00eddo.\u00a0<strong>Ocho investigadores<\/strong>\u00a0m\u00e1s entran en la lucha internacional contra el mal, armados con misteriosas reliquias y poderosos hechizos de encanto que pueden realmente cambiar el destino. Necesitar\u00e1s un grupo fuerte y bien equipado para enfrentarse a los terribles Antiguos que han permanecido dormidos durante milenios en las arenas de Egipto y ahora amenazan con despertar.<\/p>\n<h5>Reino antiguo, conflictos modernos<\/h5>\n<p>&nbsp;<\/p>\n<p><strong>Lo antiguo y moderno se entremezclan por todo Egipto.<\/strong>\u00a0Lanchas militares pasan a toda velocidad a la sombra de las ruinas del Faro de Alejandr\u00eda. Estudiosos y turistas se amontonan alrededor del palacio de Akhenaton en Tel El-Amarna junto al Nilo. Mientras la llamada a la oraci\u00f3n del mediod\u00eda sueno por el Cairo, los separatistas egipcios se enfrentan a los oficiales imperiales y los bur\u00f3cratas discuten sobre la propiedad de la piedra de Rosetta. En medio de todo esto, tus compa\u00f1eros investigadores y t\u00fa llev\u00e1is a cabo una lucha secreta contra los Antiguos.<\/p>\n<p>&nbsp;<\/p>\n<p>Puedes ver el semblante de una diosa gato en las estrellas o prever tu propia muerte en la deformada sombra de la Pir\u00e1mide Torcida.\u00a0<strong>La b\u00fasqueda de pistas te llevar\u00e1 a recorrer el Nilo hasta la frontera con Sud\u00e1n y desde las costas del Mediterr\u00e1neo hasta las arenas del Sahara.<\/strong>\u00a0Tambi\u00e9n puedes descubrir que tu amigo Erich Weiss ha sido acusado del robo de un amuleto fara\u00f3nico de valor incalculable. Las aventuras Golpe en el museo te lanzan a una persecuci\u00f3n por todo Egipto para atrapar al ladr\u00f3n, recuperar el amuleto y limpiar el nombre de Weiss.<\/p>\n<h5>N\u00f3madas y eruditos<\/h5>\n<p>Los\u00a0<strong>n\u00f3madas<\/strong>\u00a0han recorrido los desiertos de Egipto desde antes de la escritura, parando en oasis secretos en su camino para comerciar en el Cairo o descansar en las riberas del Nilo.<strong>\u00a0Los ocho investigadores de Bajo la pir\u00e1mide tambi\u00e9n son n\u00f3madas,<\/strong>\u00a0cada uno por su propio motivo. Por ejemplo, Hank Samson dej\u00f3 la granja familiar en Texas para buscar a su padre desaparecido hace tiempo, o la hermana Mary que sinti\u00f3 la llamada para erradicar la presencia demon\u00edaca por toda \u00c1frica.<\/p>\n<blockquote><p><em>Contempl\u00e9 los horrores y malsana antig\u00fcedad de Egipto y la horrible alianza que siempre ha tenido con las tumbas y templos de los muertos. Vi fantasmag\u00f3ricas procesiones de sacerdotes con cabezas de toro, halc\u00f3n, gatos e \u00edbices; fantasmag\u00f3ricas procesiones interminables que recorr\u00edan laberintos subterr\u00e1neos y ofrec\u00edan innombrables sacrificios a dioses indescriptibles&#8230; Y al fondo de esto contempl\u00e9 la inefable maldad de la nigromancia primordial, negra y amorfa, arrastr\u00e1ndose con voracidad hacia mi en la oscuridad&#8230;<\/em><\/p>\n<p>&nbsp;<\/p>\n<p><em>\u2013H.P. Lovecraft y Harry Houdini, Bajo las pir\u00e1mides<\/em><\/p><\/blockquote>\n","protected":false},"excerpt":{"rendered":"<p><strong>Eldritch Horror: Bajo las pir\u00e1mides,<\/strong>\u00a0es una expansi\u00f3n de tablero secundario para el juego de mesa cooperativo\u00a0<strong>Eldritch Horror.<\/strong><strong>\u00a0Bajo las pir\u00e1mides<\/strong>\u00a0te invita a\u00a0<strong>descubrir los secretos de Egipto mientras combates la vuelta del Fara\u00f3n Negro.<\/strong>\u00a0Un\u00a0<strong>nuevo tablero secundario que ofrece seis localizaciones egipcias nuevas<\/strong>\u00a0y\u00a0<strong>ocho investigadores<\/strong>\u00a0m\u00e1s entran en la lucha internacional contra el mal.<\/p>\n<table class=\"table-data-sheet\">\n<tbody>\n<tr class=\"odd\">\n<td>N\u00famero de jugadores:<\/td>\n<td>De 1 a 8 jugadores<\/td>\n<\/tr>\n<tr class=\"even\">\n<td>Duraci\u00f3n aproximada del juego:<\/td>\n<td>120 minutos<\/td>\n<\/tr>\n<tr class=\"odd\">\n<td>Edad m\u00ednima recomendada:<\/td>\n<td>14 a\u00f1os<\/td>\n<\/tr>\n<tr class=\"even\">\n<td>Tipo:<\/td>\n<td>Juego de tablero<\/td>\n<\/tr>\n<tr class=\"odd\">\n<td>G\u00e9nero:<\/td>\n<td>Misterio<\/td>\n<\/tr>\n<tr class=\"even\">\n<td>Idioma:<\/td>\n<td>Espa\u00f1ol<\/td>\n<\/tr>\n<\/tbody>\n<\/table>\n","protected":false},"featured_media":3956,"comment_status":"open","ping_status":"closed","template":"","meta":{"_themeisle_gutenberg_block_has_review":false},"product_brand":[],"product_cat":[123,29],"product_tag":[715,288,172],"class_list":{"0":"post-3955","1":"product","2":"type-product","3":"status-publish","4":"has-post-thumbnail","6":"product_cat-otros-juegos","7":"product_cat-juegos-de-mesa","8":"product_tag-eldritch-horror-bajo-las-piramides","9":"product_tag-expansion","10":"product_tag-lovecraft","12":"first","13":"outofstock","14":"shipping-taxable","15":"purchasable","16":"product-type-simple"},"_links":{"self":[{"href":"https:\/\/magicgamesbolivia.com\/index.php\/wp-json\/wp\/v2\/product\/3955","targetHints":{"allow":["GET"]}}],"collection":[{"href":"https:\/\/magicgamesbolivia.com\/index.php\/wp-json\/wp\/v2\/product"}],"about":[{"href":"https:\/\/magicgamesbolivia.com\/index.php\/wp-json\/wp\/v2\/types\/product"}],"replies":[{"embeddable":true,"href":"https:\/\/magicgamesbolivia.com\/index.php\/wp-json\/wp\/v2\/comments?post=3955"}],"version-history":[{"count":1,"href":"https:\/\/magicgamesbolivia.com\/index.php\/wp-json\/wp\/v2\/product\/3955\/revisions"}],"predecessor-version":[{"id":3958,"href":"https:\/\/magicgamesbolivia.com\/index.php\/wp-json\/wp\/v2\/product\/3955\/revisions\/3958"}],"wp:featuredmedia":[{"embeddable":true,"href":"https:\/\/magicgamesbolivia.com\/index.php\/wp-json\/wp\/v2\/media\/3956"}],"wp:attachment":[{"href":"https:\/\/magicgamesbolivia.com\/index.php\/wp-json\/wp\/v2\/media?parent=3955"}],"wp:term":[{"taxonomy":"product_brand","embeddable":true,"href":"https:\/\/magicgamesbolivia.com\/index.php\/wp-json\/wp\/v2\/product_brand?post=3955"},{"taxonomy":"product_cat","embeddable":true,"href":"https:\/\/magicgamesbolivia.com\/index.php\/wp-json\/wp\/v2\/product_cat?post=3955"},{"taxonomy":"product_tag","embeddable":true,"href":"https:\/\/magicgamesbolivia.com\/index.php\/wp-json\/wp\/v2\/product_tag?post=3955"}],"curies":[{"name":"wp","href":"https:\/\/api.w.org\/{rel}","templated":true}]}}