{"id":3478,"date":"2022-12-20T16:18:18","date_gmt":"2022-12-20T16:18:18","guid":{"rendered":"http:\/\/magicgamesbolivia.com\/?post_type=product&#038;p=3478"},"modified":"2026-03-27T01:36:38","modified_gmt":"2026-03-27T01:36:38","slug":"3478","status":"publish","type":"product","link":"https:\/\/magicgamesbolivia.com\/index.php\/product\/3478\/","title":{"rendered":"Time&#8217;s Up! Party"},"content":{"rendered":"<p>Time\u2019s Up es el juego de adivinar personajes que cada d\u00eda gana m\u00e1s adeptos. Tu objetivo es sencillo: tendr\u00e1s que hacer adivinar personajes famosos, reales o ficticios, a tus compa\u00f1eros de equipo.<\/p>\n<p>Todos los jugadores tendr\u00e1n los mismos personajes a lo largo de tres rondas: en la primera tendr\u00e1s que describirlos sin nombrarlos; en la segunda, hacer que los adivinen con s\u00f3lo decir una palabra. Y para terminar, en la tercera ronda solamente valdr\u00e1 hacer m\u00edmica.<\/p>\n<p>Adem\u00e1s , \u00a1s\u00f3lo tienes 30 segundos en cada turno!<\/p>\n<p><strong>CONTENIDO<\/strong><br \/>\n220 cartas, 1 Reloj de arena, 1 Bolsa, Reglas y 1 Tabla de anotaci\u00f3n.<\/p>\n<div class=\"col d-flex center px-4 py-2\">Espa\u00f1ol<\/div>\n<div class=\"col d-flex center px-4 py-2\"><i class=\"mr-3 fa fa-hourglass-half\"><\/i>30 Minutos<\/div>\n<div class=\"col d-flex center px-4 py-2\"><i class=\"mr-3 fa fa-users\"><\/i>De 4 a 10<\/div>\n","protected":false},"excerpt":{"rendered":"<p>Time\u2019s Up es el juego de adivinar personajes que cada d\u00eda gana m\u00e1s adeptos. Tu objetivo es sencillo: tendr\u00e1s que hacer adivinar personajes famosos, reales o ficticios, a tus compa\u00f1eros de equipo.<\/p>\n<p>Todos los jugadores tendr\u00e1n los mismos personajes a lo largo de tres rondas: en la primera tendr\u00e1s que describirlos sin nombrarlos; en la segunda, hacer que los adivinen con s\u00f3lo decir una palabra. Y para terminar, en la tercera ronda solamente valdr\u00e1 hacer m\u00edmica.<\/p>\n<p>Adem\u00e1s , \u00a1s\u00f3lo tienes 30 segundos en cada turno!<\/p>\n<p><strong>CONTENIDO<\/strong><br \/>\n220 cartas, 1 Reloj de arena, 1 Bolsa, Reglas y 1 Tabla de anotaci\u00f3n.<\/p>\n<div class=\"col d-flex center px-4 py-2\">Espa\u00f1ol<\/div>\n<div class=\"col d-flex center px-4 py-2\"><i class=\"mr-3 fa fa-hourglass-half\"><\/i>30 Minutos<\/div>\n<div class=\"col d-flex center px-4 py-2\"><i class=\"mr-3 fa fa-users\"><\/i>De 4 a 10<\/div>\n","protected":false},"featured_media":3479,"comment_status":"open","ping_status":"closed","template":"","meta":{"_themeisle_gutenberg_block_has_review":false},"product_brand":[],"product_cat":[123,29],"product_tag":[382,326,218,308,642],"class_list":{"0":"post-3478","1":"product","2":"type-product","3":"status-publish","4":"has-post-thumbnail","6":"product_cat-otros-juegos","7":"product_cat-juegos-de-mesa","8":"product_tag-divertido","9":"product_tag-familia","10":"product_tag-juegodemesa","11":"product_tag-partygame","12":"product_tag-timesupparty","14":"first","15":"instock","16":"shipping-taxable","17":"purchasable","18":"product-type-simple"},"_links":{"self":[{"href":"https:\/\/magicgamesbolivia.com\/index.php\/wp-json\/wp\/v2\/product\/3478","targetHints":{"allow":["GET"]}}],"collection":[{"href":"https:\/\/magicgamesbolivia.com\/index.php\/wp-json\/wp\/v2\/product"}],"about":[{"href":"https:\/\/magicgamesbolivia.com\/index.php\/wp-json\/wp\/v2\/types\/product"}],"replies":[{"embeddable":true,"href":"https:\/\/magicgamesbolivia.com\/index.php\/wp-json\/wp\/v2\/comments?post=3478"}],"version-history":[{"count":2,"href":"https:\/\/magicgamesbolivia.com\/index.php\/wp-json\/wp\/v2\/product\/3478\/revisions"}],"predecessor-version":[{"id":3482,"href":"https:\/\/magicgamesbolivia.com\/index.php\/wp-json\/wp\/v2\/product\/3478\/revisions\/3482"}],"wp:featuredmedia":[{"embeddable":true,"href":"https:\/\/magicgamesbolivia.com\/index.php\/wp-json\/wp\/v2\/media\/3479"}],"wp:attachment":[{"href":"https:\/\/magicgamesbolivia.com\/index.php\/wp-json\/wp\/v2\/media?parent=3478"}],"wp:term":[{"taxonomy":"product_brand","embeddable":true,"href":"https:\/\/magicgamesbolivia.com\/index.php\/wp-json\/wp\/v2\/product_brand?post=3478"},{"taxonomy":"product_cat","embeddable":true,"href":"https:\/\/magicgamesbolivia.com\/index.php\/wp-json\/wp\/v2\/product_cat?post=3478"},{"taxonomy":"product_tag","embeddable":true,"href":"https:\/\/magicgamesbolivia.com\/index.php\/wp-json\/wp\/v2\/product_tag?post=3478"}],"curies":[{"name":"wp","href":"https:\/\/api.w.org\/{rel}","templated":true}]}}