{"id":3435,"date":"2022-12-13T00:11:10","date_gmt":"2022-12-13T00:11:10","guid":{"rendered":"http:\/\/magicgamesbolivia.com\/?post_type=product&#038;p=3435"},"modified":"2024-03-31T15:19:26","modified_gmt":"2024-03-31T15:19:26","slug":"carcassonne-junior-nueva-edicion","status":"publish","type":"product","link":"https:\/\/magicgamesbolivia.com\/index.php\/product\/carcassonne-junior-nueva-edicion\/","title":{"rendered":"CARCASSONNE JUNIOR &#8211; NUEVA EDICION"},"content":{"rendered":"<div id=\"short_description_block\">\n<div id=\"short_description_content\" class=\"rte align_justify\">\n<p><strong>Carcassonne Junior<\/strong>\u00a0es la adaptaci\u00f3n para los m\u00e1s peque\u00f1os de la casa del popular juego\u00a0<a href=\"http:\/\/juegosdelamesaredonda.com\/70-carcassonne.html\" target=\"_blank\" rel=\"noopener\"><strong>Carcassonne\u00a0<\/strong><\/a>(<strong>Juego del a\u00f1o 2001<\/strong>). El\u00a0<strong>entretenimiento y la diversi\u00f3n<\/strong>\u00a0est\u00e1n asegurados para\u00a0<strong>toda la familia<\/strong>, en un juego de mesa que sigue cosechando \u00e9xitos \u00a0a nivel mundial.<\/p>\n<table class=\"table-data-sheet\">\n<tbody>\n<tr class=\"odd\">\n<td>N\u00famero de jugadores:<\/td>\n<td>De 2 a 4 jugadores<\/td>\n<\/tr>\n<tr class=\"even\">\n<td>Duraci\u00f3n aproximada del juego:<\/td>\n<td>20 minutos<\/td>\n<\/tr>\n<tr class=\"odd\">\n<td>Edad m\u00ednima recomendada:<\/td>\n<td>5 a\u00f1os<\/td>\n<\/tr>\n<tr class=\"even\">\n<td>Tipo:<\/td>\n<td>Juego para ni\u00f1os<\/td>\n<\/tr>\n<tr class=\"odd\">\n<td>G\u00e9nero:<\/td>\n<td>Familiar<\/td>\n<\/tr>\n<tr class=\"even\">\n<td>Idioma:<\/td>\n<td>Espa\u00f1ol, ingl\u00e9s y catal\u00e1n<\/td>\n<\/tr>\n<tr class=\"odd\">\n<td>Marca:<\/td>\n<td>Devir<\/td>\n<\/tr>\n<\/tbody>\n<\/table>\n<\/div>\n<\/div>\n<div class=\"pb-right-column\">\n<form id=\"buy_block\" action=\"https:\/\/juegosdelamesaredonda.com\/carro-de-la-compra\" method=\"post\">\n<div class=\"box-info-product\">\n<div class=\"content_prices clearfix\">\n<div><\/div>\n<\/div>\n<\/div>\n<\/form>\n<\/div>\n","protected":false},"excerpt":{"rendered":"<p>El 14 de julio, el D\u00eda Nacional de Francia, es tradici\u00f3n dejar sueltas a las ovejas, gallinas y vacas. Durante todo el d\u00eda, los ni\u00f1os de\u00a0<a href=\"http:\/\/juegosdelamesaredonda.com\/70-carcassonne.html\" target=\"_blank\" rel=\"noopener\"><strong>Carcassonne<\/strong><\/a>\u00a0se divierten mucho persiguiendo e intentando atrapar a los animales antes de que anochezca.<strong>Carcassonne Junior<\/strong>\u00a0es una variante muy simplificada de\u00a0<a href=\"http:\/\/juegosdelamesaredonda.com\/70-carcassonne.html\" target=\"_blank\" rel=\"noopener\"><strong>Carcassonne\u00a0<\/strong><\/a>(<strong>Juego del a\u00f1o 2001<\/strong>), que ha vendido millones de ejemplares, y es tan divertida para los peque\u00f1os de la casa como para los grandes. Aqu\u00ed no hay que contar puntos. El jugador que sea el primero en poner sobre el tablero todas sus figuras ganar\u00e1 la partida.<br \/>\n<strong>Carcassonne Junior<\/strong>\u00a0es la mejor manera de introducir a los m\u00e1s peque\u00f1os de la casa en uno de los juegos m\u00e1s populares editados por\u00a0<a href=\"http:\/\/juegosdelamesaredonda.com\/28-devir\" target=\"_blank\" rel=\"noopener\">Devir.<\/a>\u00a0Es adem\u00e1s lo suficientemente entretenido incluso para mayores, por lo que puede deparar muchos momentos de\u00a0<strong>diversi\u00f3n y risas<\/strong>\u00a0para\u00a0<strong>toda la familia<\/strong>\u00a0reunida alrededor de la mesa.<\/p>\n","protected":false},"featured_media":3436,"comment_status":"open","ping_status":"closed","template":"","meta":{"_themeisle_gutenberg_block_has_review":false},"product_brand":[],"product_cat":[29,30,57],"product_tag":[627,31,278,626],"class_list":{"0":"post-3435","1":"product","2":"type-product","3":"status-publish","4":"has-post-thumbnail","6":"product_cat-juegos-de-mesa","7":"product_cat-devir","8":"product_cat-juegos-infantiles","9":"product_tag-carcassone","10":"product_tag-devir","11":"product_tag-infantil","12":"product_tag-junion","14":"first","15":"instock","16":"shipping-taxable","17":"purchasable","18":"product-type-simple"},"_links":{"self":[{"href":"https:\/\/magicgamesbolivia.com\/index.php\/wp-json\/wp\/v2\/product\/3435","targetHints":{"allow":["GET"]}}],"collection":[{"href":"https:\/\/magicgamesbolivia.com\/index.php\/wp-json\/wp\/v2\/product"}],"about":[{"href":"https:\/\/magicgamesbolivia.com\/index.php\/wp-json\/wp\/v2\/types\/product"}],"replies":[{"embeddable":true,"href":"https:\/\/magicgamesbolivia.com\/index.php\/wp-json\/wp\/v2\/comments?post=3435"}],"version-history":[{"count":1,"href":"https:\/\/magicgamesbolivia.com\/index.php\/wp-json\/wp\/v2\/product\/3435\/revisions"}],"predecessor-version":[{"id":3438,"href":"https:\/\/magicgamesbolivia.com\/index.php\/wp-json\/wp\/v2\/product\/3435\/revisions\/3438"}],"wp:featuredmedia":[{"embeddable":true,"href":"https:\/\/magicgamesbolivia.com\/index.php\/wp-json\/wp\/v2\/media\/3436"}],"wp:attachment":[{"href":"https:\/\/magicgamesbolivia.com\/index.php\/wp-json\/wp\/v2\/media?parent=3435"}],"wp:term":[{"taxonomy":"product_brand","embeddable":true,"href":"https:\/\/magicgamesbolivia.com\/index.php\/wp-json\/wp\/v2\/product_brand?post=3435"},{"taxonomy":"product_cat","embeddable":true,"href":"https:\/\/magicgamesbolivia.com\/index.php\/wp-json\/wp\/v2\/product_cat?post=3435"},{"taxonomy":"product_tag","embeddable":true,"href":"https:\/\/magicgamesbolivia.com\/index.php\/wp-json\/wp\/v2\/product_tag?post=3435"}],"curies":[{"name":"wp","href":"https:\/\/api.w.org\/{rel}","templated":true}]}}