{"id":3424,"date":"2022-12-12T13:43:33","date_gmt":"2022-12-12T13:43:33","guid":{"rendered":"http:\/\/magicgamesbolivia.com\/?post_type=product&#038;p=3424"},"modified":"2026-02-24T14:16:41","modified_gmt":"2026-02-24T14:16:41","slug":"zombicide-segunda-edicion-washington-z-c","status":"publish","type":"product","link":"https:\/\/magicgamesbolivia.com\/index.php\/product\/zombicide-segunda-edicion-washington-z-c\/","title":{"rendered":"Zombicide Segunda Edici\u00f3n Washington Z.C."},"content":{"rendered":"<p><i>\u00bfD\u00f3nde te pill\u00f3 a ti la invasi\u00f3n zombi? Nosotros est\u00e1bamos en Washington D.C. \u00c9ramos gente corriente con vidas corrientes. Engranajes de una maquinaria. Qui\u00e9n iba a imaginarse que todo estaba a punto de cambiar. Al principio se oyeron ruidos a lo lejos. Vimos que la gente hu\u00eda como alma que lleva el diablo. Luego hubo disparos, explosiones y gritos. Hab\u00eda comenzado el caos que precedi\u00f3 al desmoronamiento de la civilizaci\u00f3n, y con ello a nuestra liberaci\u00f3n definitiva. Aquel d\u00eda, Washington D.C. se convirti\u00f3 en Washington Z.C. Zombie City, la ciudad de los zombis. \u00c9sta es nuestra historia.<\/i><br \/>\n\u00a1Vive una experiencia Zombicide como nunca antes! Washington Z.C. presenta a 6 nuevos Supervivientes y una campa\u00f1a completa ambientada en la Casa Blanca y sus alrededores. Con las reglas avanzadas de esta expansi\u00f3n, la trama se desarrolla a lo largo de 10 misiones que plantean desaf\u00edos y oportunidades en funci\u00f3n de las decisiones que tomen los jugadores. \u00a1Explora las nuevas mec\u00e1nicas que permiten a los Supervivientes conservar cartas de Equipo para futuras misiones y conseguir logros que les brindar\u00e1n aptitudes exclusivas en los cap\u00edtulos posteriores de su aventura! Toma decisiones cruciales usando cartas de Objetivo. Consigue las sofisticadas armas del Servicio Secreto y emplea las reglas de A por todas para desatar todo su potencial aun a riesgo de romperlas. La ficha especial de Reloj y las reglas de nocturnidad permiten a los Supervivientes luchar durante toda la noche para salvarse no s\u00f3lo ellos, \u00a1sino al mism\u00edsimo Presidente! \u00bfQu\u00e9 horrores descubrir\u00e9is en la sede presidencial?<\/p>\n<p><strong>CONTENIDO<\/strong><br \/>\n\u2022 8 miniaturas &#8211; 6 Supervivientes &#8211; 2 Acompa\u00f1antes<br \/>\n\u2022 6 tarjetas de Superviviente<br \/>\n\u2022 95 cartas de Equipo<br \/>\n\u2022 95 cartas de Objetivo<br \/>\n\u2022 6 m\u00f3dulos de tablero de doble cara<br \/>\n\u2022 6 dados de A por todas<br \/>\n\u2022 8 fichas<br \/>\n\u2022 1 cuaderno de reglas<br \/>\n\u2022 1 bloc de hojas de campa\u00f1a<\/p>\n<p><strong>NOTA<\/strong><br \/>\nZombicide: Washington Z.C. es una expansi\u00f3n para el juego de tablero Zombicide 2\u00aa edici\u00f3n.<\/p>\n","protected":false},"excerpt":{"rendered":"<p><i>\u00bfD\u00f3nde te pill\u00f3 a ti la invasi\u00f3n zombi? Nosotros est\u00e1bamos en Washington D.C. \u00c9ramos gente corriente con vidas corrientes. Engranajes de una maquinaria. Qui\u00e9n iba a imaginarse que todo estaba a punto de cambiar. Al principio se oyeron ruidos a lo lejos. Vimos que la gente hu\u00eda como alma que lleva el diablo. Luego hubo disparos, explosiones y gritos. Hab\u00eda comenzado el caos que precedi\u00f3 al desmoronamiento de la civilizaci\u00f3n, y con ello a nuestra liberaci\u00f3n definitiva. Aquel d\u00eda, Washington D.C. se convirti\u00f3 en Washington Z.C. Zombie City, la ciudad de los zombis. \u00c9sta es nuestra historia.<\/i><br \/>\n\u00a1Vive una experiencia Zombicide como nunca antes! Washington Z.C. presenta a 6 nuevos Supervivientes y una campa\u00f1a completa ambientada en la Casa Blanca y sus alrededores. Con las reglas avanzadas de esta expansi\u00f3n, la trama se desarrolla a lo largo de 10 misiones que plantean desaf\u00edos y oportunidades en funci\u00f3n de las decisiones que tomen los jugadores. \u00a1Explora las nuevas mec\u00e1nicas que permiten a los Supervivientes conservar cartas de Equipo para futuras misiones y conseguir logros que les brindar\u00e1n aptitudes exclusivas en los cap\u00edtulos posteriores de su aventura! Toma decisiones cruciales usando cartas de Objetivo. Consigue las sofisticadas armas del Servicio Secreto y emplea las reglas de A por todas para desatar todo su potencial aun a riesgo de romperlas. La ficha especial de Reloj y las reglas de nocturnidad permiten a los Supervivientes luchar durante toda la noche para salvarse no s\u00f3lo ellos, \u00a1sino al mism\u00edsimo Presidente! \u00bfQu\u00e9 horrores descubrir\u00e9is en la sede presidencial?<\/p>\n<p><strong>CONTENIDO<\/strong><br \/>\n\u2022 8 miniaturas &#8211; 6 Supervivientes &#8211; 2 Acompa\u00f1antes<br \/>\n\u2022 6 tarjetas de Superviviente<br \/>\n\u2022 95 cartas de Equipo<br \/>\n\u2022 95 cartas de Objetivo<br \/>\n\u2022 6 m\u00f3dulos de tablero de doble cara<br \/>\n\u2022 6 dados de A por todas<br \/>\n\u2022 8 fichas<br \/>\n\u2022 1 cuaderno de reglas<br \/>\n\u2022 1 bloc de hojas de campa\u00f1a<\/p>\n<p><strong>NOTA<\/strong><br \/>\nZombicide: Washington Z.C. es una expansi\u00f3n para el juego de tablero Zombicide 2\u00aa edici\u00f3n.<\/p>\n","protected":false},"featured_media":3425,"comment_status":"open","ping_status":"closed","template":"","meta":{"_themeisle_gutenberg_block_has_review":false},"product_brand":[],"product_cat":[123,29],"product_tag":[288,624,191],"class_list":{"0":"post-3424","1":"product","2":"type-product","3":"status-publish","4":"has-post-thumbnail","6":"product_cat-otros-juegos","7":"product_cat-juegos-de-mesa","8":"product_tag-expansion","9":"product_tag-wd","10":"product_tag-zombicide","12":"first","13":"instock","14":"shipping-taxable","15":"purchasable","16":"product-type-simple"},"_links":{"self":[{"href":"https:\/\/magicgamesbolivia.com\/index.php\/wp-json\/wp\/v2\/product\/3424","targetHints":{"allow":["GET"]}}],"collection":[{"href":"https:\/\/magicgamesbolivia.com\/index.php\/wp-json\/wp\/v2\/product"}],"about":[{"href":"https:\/\/magicgamesbolivia.com\/index.php\/wp-json\/wp\/v2\/types\/product"}],"replies":[{"embeddable":true,"href":"https:\/\/magicgamesbolivia.com\/index.php\/wp-json\/wp\/v2\/comments?post=3424"}],"version-history":[{"count":1,"href":"https:\/\/magicgamesbolivia.com\/index.php\/wp-json\/wp\/v2\/product\/3424\/revisions"}],"predecessor-version":[{"id":3429,"href":"https:\/\/magicgamesbolivia.com\/index.php\/wp-json\/wp\/v2\/product\/3424\/revisions\/3429"}],"wp:featuredmedia":[{"embeddable":true,"href":"https:\/\/magicgamesbolivia.com\/index.php\/wp-json\/wp\/v2\/media\/3425"}],"wp:attachment":[{"href":"https:\/\/magicgamesbolivia.com\/index.php\/wp-json\/wp\/v2\/media?parent=3424"}],"wp:term":[{"taxonomy":"product_brand","embeddable":true,"href":"https:\/\/magicgamesbolivia.com\/index.php\/wp-json\/wp\/v2\/product_brand?post=3424"},{"taxonomy":"product_cat","embeddable":true,"href":"https:\/\/magicgamesbolivia.com\/index.php\/wp-json\/wp\/v2\/product_cat?post=3424"},{"taxonomy":"product_tag","embeddable":true,"href":"https:\/\/magicgamesbolivia.com\/index.php\/wp-json\/wp\/v2\/product_tag?post=3424"}],"curies":[{"name":"wp","href":"https:\/\/api.w.org\/{rel}","templated":true}]}}