{"id":2867,"date":"2022-09-04T13:36:39","date_gmt":"2022-09-04T13:36:39","guid":{"rendered":"http:\/\/magicgamesbolivia.com\/?post_type=product&#038;p=2867"},"modified":"2025-07-01T19:47:07","modified_gmt":"2025-07-01T19:47:07","slug":"dixit-anniversary","status":"publish","type":"product","link":"https:\/\/magicgamesbolivia.com\/index.php\/product\/dixit-anniversary\/","title":{"rendered":"Dixit Anniversary"},"content":{"rendered":"<p>Dixit se viste de gala para celebrar su d\u00e9cimo aniversario con una ampliaci\u00f3n conmemorativa: Dixit 10 Aniversario. Una caja que incluye un mazo de juego completamente nuevo e ilustrado a prop\u00f3sito para la ocasi\u00f3n. Con una espectacular caja con brillos dorados y un portada muy elegante.<\/p>\n<p>En esta edici\u00f3n han participado los ilustradores: Marie Cardouat, Pier\u00f3, Xavier Collette, Cl\u00e9ment Lef\u00e8vre, Franck Dion, Carine Hinder, J\u00e9r\u00f2me P\u00e9lissier, Marina Coudray, Paul Echegoyen.<\/p>\n<p><strong>Este juego contiene 84 cartas tama\u00f1o Dixit (80x120mm)<\/strong><\/p>\n","protected":false},"excerpt":{"rendered":"<p><strong>Esta es una expansi\u00f3n para el juego Dixit. Para jugar necesitas el juego Dixit o Dixit Odissey.<\/strong><\/p>\n<p>.<\/p>\n<p>Dixit se viste de gala para celebrar su d\u00e9cimo aniversario con una ampliaci\u00f3n conmemorativa: Dixit 10 Aniversario. Una caja que incluye un mazo de juego completamente nuevo e ilustrado a prop\u00f3sito para la ocasi\u00f3n. Con una espectacular caja con brillos dorados y un portada muy elegante.<\/p>\n<p>En esta edici\u00f3n han participado los ilustradores: Marie Cardouat, Pier\u00f3, Xavier Collette, Cl\u00e9ment Lef\u00e8vre, Franck Dion, Carine Hinder, J\u00e9r\u00f2me P\u00e9lissier, Marina Coudray, Paul Echegoyen.<\/p>\n<p><strong>Este juego contiene 84 cartas tama\u00f1o Dixit (80x120mm)<\/strong><\/p>\n","protected":false},"featured_media":5006,"comment_status":"open","ping_status":"closed","template":"","meta":{"_themeisle_gutenberg_block_has_review":false},"product_brand":[],"product_cat":[123,29],"product_tag":[470,124,288],"class_list":{"0":"post-2867","1":"product","2":"type-product","3":"status-publish","4":"has-post-thumbnail","6":"product_cat-otros-juegos","7":"product_cat-juegos-de-mesa","8":"product_tag-anniversary","9":"product_tag-dixit","10":"product_tag-expansion","12":"first","13":"outofstock","14":"sold-individually","15":"shipping-taxable","16":"purchasable","17":"product-type-simple"},"_links":{"self":[{"href":"https:\/\/magicgamesbolivia.com\/index.php\/wp-json\/wp\/v2\/product\/2867","targetHints":{"allow":["GET"]}}],"collection":[{"href":"https:\/\/magicgamesbolivia.com\/index.php\/wp-json\/wp\/v2\/product"}],"about":[{"href":"https:\/\/magicgamesbolivia.com\/index.php\/wp-json\/wp\/v2\/types\/product"}],"replies":[{"embeddable":true,"href":"https:\/\/magicgamesbolivia.com\/index.php\/wp-json\/wp\/v2\/comments?post=2867"}],"version-history":[{"count":1,"href":"https:\/\/magicgamesbolivia.com\/index.php\/wp-json\/wp\/v2\/product\/2867\/revisions"}],"predecessor-version":[{"id":2871,"href":"https:\/\/magicgamesbolivia.com\/index.php\/wp-json\/wp\/v2\/product\/2867\/revisions\/2871"}],"wp:featuredmedia":[{"embeddable":true,"href":"https:\/\/magicgamesbolivia.com\/index.php\/wp-json\/wp\/v2\/media\/5006"}],"wp:attachment":[{"href":"https:\/\/magicgamesbolivia.com\/index.php\/wp-json\/wp\/v2\/media?parent=2867"}],"wp:term":[{"taxonomy":"product_brand","embeddable":true,"href":"https:\/\/magicgamesbolivia.com\/index.php\/wp-json\/wp\/v2\/product_brand?post=2867"},{"taxonomy":"product_cat","embeddable":true,"href":"https:\/\/magicgamesbolivia.com\/index.php\/wp-json\/wp\/v2\/product_cat?post=2867"},{"taxonomy":"product_tag","embeddable":true,"href":"https:\/\/magicgamesbolivia.com\/index.php\/wp-json\/wp\/v2\/product_tag?post=2867"}],"curies":[{"name":"wp","href":"https:\/\/api.w.org\/{rel}","templated":true}]}}