{"id":2771,"date":"2022-08-09T00:52:09","date_gmt":"2022-08-09T00:52:09","guid":{"rendered":"http:\/\/magicgamesbolivia.com\/?post_type=product&#038;p=2771"},"modified":"2025-05-28T20:40:04","modified_gmt":"2025-05-28T20:40:04","slug":"2771","status":"publish","type":"product","link":"https:\/\/magicgamesbolivia.com\/index.php\/product\/2771\/","title":{"rendered":"La Guerra del Anillo\u00a0Segunda Edici\u00f3n"},"content":{"rendered":"<p>Como jugador de los Pueblos Libres, est\u00e1s al mando de las orgullosas huestes de los reinos m\u00e1s importantes de la Tercera Edad. Desde los se\u00f1ores de los caballos de Rohan hasta los soldados de Gondor y los se\u00f1ores elfos de Rivendel, lideras la defensa de los \u00faltimos reinos libres de la Tierra Media. Enfr\u00e9ntate a los malvados esbirros de Sauron en el campo de batalla en un intento desesperado por retrasar su ataque, mientras conduces a la Comunidad del Anillo en la misi\u00f3n al monte del Destino.<\/p>\n<p>Como jugador de la Sombra, lideras las hordas del Se\u00f1or Oscuro y sus secuaces m\u00e1s poderosos mientras intentan llevar la oscuridad a la Tierra Media. Legiones de orcos, troles, jinetes de lobos y los temibles Espectros del Anillo esperan tus \u00f3rdenes. Encuentra al Portador del Anillo y lleva el precioso objeto a su amo, o aplasta a los enemigos con tus poderosos ej\u00e9rcitos. Esta es tu oportunidad de forjar el destino de una \u00e9poca.<\/p>\n<p>En La Guerra del Anillo, un grupo de jugadores toma el control de los Pueblos Libres, mientras que otro controla los ej\u00e9rcitos de la Sombra. Inicialmente, las naciones de los Pueblos Libres son reacias a alzarse en armas contra Sauron, por lo que deben sufrir un ataque o ser persuadidas por Gandalf u otros Compa\u00f1eros para que comiencen a luchar: esto est\u00e1 representado por el Marcador Pol\u00edtico, que muestra si una naci\u00f3n est\u00e1 lista para luchar en la Guerra del Anillo o no. El juego se puede ganar mediante una victoria militar si Sauron conquista un cierto n\u00famero de ciudades y fortalezas de los Pueblos Libres, o viceversa. Pero la verdadera esperanza de los Pueblos Libres radica en la misi\u00f3n del Portador del Anillo: mientras los ej\u00e9rcitos se enfrentan en la Tierra Media, la Comunidad del Anillo est\u00e1 tratando de llegar en secreto al monte del Destino para destruir el Anillo \u00danico. Sauron no es consciente de la intenci\u00f3n real de sus enemigos, pero est\u00e1 buscando el precioso Anillo en la Tierra Media, por lo que la Comunidad se enfrentar\u00e1 a numerosos peligros, representados por las reglas de la B\u00fasqueda del anillo. Aun as\u00ed, la Comunidad puede impulsar a los Pueblos Libres a la lucha contra Sauron, por lo que el jugador que los representa debe equilibrar la necesidad de proteger al Portador del Anillo de cualquier da\u00f1o con la de armar una defensa adecuada contra los ej\u00e9rcitos de la Sombra, para que no invadan la Tierra Media antes de que el Portador del Anillo complete su misi\u00f3n.<\/p>\n<p>Cada turno de juego gira en torno al lanzamiento de dados de acci\u00f3n: cada dado corresponde a una acci\u00f3n que un jugador puede realizar durante el turno. Dependiendo de la cara que aparezca en cada dado, son posibles diferentes acciones (mover ej\u00e9rcitos o personajes, reclutar tropas, avanzar en una pista pol\u00edtica). Los dados de acci\u00f3n tambi\u00e9n se pueden usar para robar o jugar cartas de evento. Las cartas de evento se juegan para representar acontecimientos espec\u00edficos de la historia (o que posiblemente podr\u00edan haber sucedido) que no se pueden representar a trav\u00e9s del juego normal. Cada carta de evento tambi\u00e9n puede crear un turno inesperado en el juego, permitiendo acciones especiales o alterando el curso de una batalla.<\/p>\n<p><a href=\"https:\/\/devir.es\/como-jugar-a-la-guerra-del-anillo\">La Guerra del Anillo\u00a0<\/a>Segunda Edici\u00f3n es un juego estrat\u00e9gico y t\u00e1ctico de guerra de fantas\u00eda que brinda una experiencia de juego \u00fanica e inolvidable. La hermosa asimetr\u00eda del juego lo hace m\u00e1s cre\u00edble y org\u00e1nico. Puedes intentar jugar en ambos bandos y disfrutar de la sensaci\u00f3n totalmente diferente que obtienes al luchar por el Bien o por el Mal. Si eres fan\u00e1tico de El se\u00f1or de los anillos, este es un juego que no querr\u00e1s perderte.<\/p>\n","protected":false},"excerpt":{"rendered":"<p><a href=\"https:\/\/devir.es\/como-jugar-a-la-guerra-del-anillo\">Guerra del Anillo<\/a>\u00a0es un aclamado juego de estrategia competitivo para 2-4 personas, dise\u00f1ado por Roberto Di Meglio,<a href=\"https:\/\/devir.es\/devirpedia\/marco-maggi-y-francesco-nepitello\">\u00a0Marco Maggi y Francesco Nepitello,\u00a0<\/a>que permite a sus jugadores sumergirse en el fant\u00e1stico mundo de El Se\u00f1or de los Anillos de J.R.R. Tolkien y experimentar su acci\u00f3n \u00e9pica, conflicto dram\u00e1tico y personajes memorables.<\/p>\n<div class=\"block-icons\">\n<div class=\"icon\"><img decoding=\"async\" src=\"https:\/\/devir.es\/static\/version1658184508\/frontend\/Devir\/Pyre\/es_ES\/images\/minmax.png\" alt=\"M\u00ednimo\/m\u00e1ximo jugadores\" width=\"40px\" \/>2-4<\/div>\n<div class=\"icon\"><img decoding=\"async\" src=\"https:\/\/devir.es\/static\/version1658184508\/frontend\/Devir\/Pyre\/es_ES\/images\/minrecage.png\" alt=\"Edad m\u00ednima recomendada\" width=\"40px\" \/>+13<\/div>\n<div class=\"icon\"><img decoding=\"async\" src=\"https:\/\/devir.es\/static\/version1658184508\/frontend\/Devir\/Pyre\/es_ES\/images\/gametime.png\" alt=\"Tiempo de juego\" width=\"40px\" \/>Un finde<\/div>\n<\/div>\n<p>&nbsp;<\/p>\n<div class=\"block-icons\">\n<div class=\"icon\"><b>Aprender:\u00a0<\/b>60 min<\/div>\n<div class=\"icon\"><b>Ense\u00f1ar:\u00a0<\/b><img \/>Media hora<\/div>\n<\/div>\n","protected":false},"featured_media":2772,"comment_status":"open","ping_status":"closed","template":"","meta":{"_themeisle_gutenberg_block_has_review":false},"product_brand":[],"product_cat":[29,30],"product_tag":[31,438,437,289,439],"class_list":{"0":"post-2771","1":"product","2":"type-product","3":"status-publish","4":"has-post-thumbnail","6":"product_cat-juegos-de-mesa","7":"product_cat-devir","8":"product_tag-devir","9":"product_tag-gandalf","10":"product_tag-guerradelanillo","11":"product_tag-lordoftherings","12":"product_tag-mordor","14":"first","15":"outofstock","16":"sold-individually","17":"shipping-taxable","18":"purchasable","19":"product-type-simple"},"_links":{"self":[{"href":"https:\/\/magicgamesbolivia.com\/index.php\/wp-json\/wp\/v2\/product\/2771","targetHints":{"allow":["GET"]}}],"collection":[{"href":"https:\/\/magicgamesbolivia.com\/index.php\/wp-json\/wp\/v2\/product"}],"about":[{"href":"https:\/\/magicgamesbolivia.com\/index.php\/wp-json\/wp\/v2\/types\/product"}],"replies":[{"embeddable":true,"href":"https:\/\/magicgamesbolivia.com\/index.php\/wp-json\/wp\/v2\/comments?post=2771"}],"version-history":[{"count":2,"href":"https:\/\/magicgamesbolivia.com\/index.php\/wp-json\/wp\/v2\/product\/2771\/revisions"}],"predecessor-version":[{"id":2776,"href":"https:\/\/magicgamesbolivia.com\/index.php\/wp-json\/wp\/v2\/product\/2771\/revisions\/2776"}],"wp:featuredmedia":[{"embeddable":true,"href":"https:\/\/magicgamesbolivia.com\/index.php\/wp-json\/wp\/v2\/media\/2772"}],"wp:attachment":[{"href":"https:\/\/magicgamesbolivia.com\/index.php\/wp-json\/wp\/v2\/media?parent=2771"}],"wp:term":[{"taxonomy":"product_brand","embeddable":true,"href":"https:\/\/magicgamesbolivia.com\/index.php\/wp-json\/wp\/v2\/product_brand?post=2771"},{"taxonomy":"product_cat","embeddable":true,"href":"https:\/\/magicgamesbolivia.com\/index.php\/wp-json\/wp\/v2\/product_cat?post=2771"},{"taxonomy":"product_tag","embeddable":true,"href":"https:\/\/magicgamesbolivia.com\/index.php\/wp-json\/wp\/v2\/product_tag?post=2771"}],"curies":[{"name":"wp","href":"https:\/\/api.w.org\/{rel}","templated":true}]}}