{"id":2681,"date":"2022-08-02T14:59:06","date_gmt":"2022-08-02T14:59:06","guid":{"rendered":"http:\/\/magicgamesbolivia.com\/?post_type=product&#038;p=2681"},"modified":"2026-01-14T14:02:06","modified_gmt":"2026-01-14T14:02:06","slug":"munchkin-9-jurasico-sarcastico","status":"publish","type":"product","link":"https:\/\/magicgamesbolivia.com\/index.php\/product\/munchkin-9-jurasico-sarcastico\/","title":{"rendered":"Munchkin 9: Jur\u00e1sico Sarc\u00e1stico"},"content":{"rendered":"<p>Lleg\u00f3 la hora de luchar contra los monstruos m\u00e1s desagradables de la prehistoria. No es necesario que llegue un asteroide para que los dinosaurios se extingan. Y menos a\u00fan, cuando hay munchkins deseando ganar niveles por todas partes.<\/p>\n","protected":false},"excerpt":{"rendered":"<p>Lleg\u00f3 la hora de luchar contra los monstruos m\u00e1s desagradables de la prehistoria. No es necesario que llegue un asteroide para que los dinosaurios se extingan. Y menos a\u00fan, cuando hay munchkins deseando ganar niveles por todas partes.<\/p>\n","protected":false},"featured_media":2682,"comment_status":"open","ping_status":"closed","template":"","meta":{"_themeisle_gutenberg_block_has_review":false},"product_brand":[],"product_cat":[29,104],"product_tag":[181,288,218,417],"class_list":{"0":"post-2681","1":"product","2":"type-product","3":"status-publish","4":"has-post-thumbnail","6":"product_cat-juegos-de-mesa","7":"product_cat-edge","8":"product_tag-edge","9":"product_tag-expansion","10":"product_tag-juegodemesa","11":"product_tag-munchkin9","13":"first","14":"instock","15":"sold-individually","16":"shipping-taxable","17":"purchasable","18":"product-type-simple"},"_links":{"self":[{"href":"https:\/\/magicgamesbolivia.com\/index.php\/wp-json\/wp\/v2\/product\/2681","targetHints":{"allow":["GET"]}}],"collection":[{"href":"https:\/\/magicgamesbolivia.com\/index.php\/wp-json\/wp\/v2\/product"}],"about":[{"href":"https:\/\/magicgamesbolivia.com\/index.php\/wp-json\/wp\/v2\/types\/product"}],"replies":[{"embeddable":true,"href":"https:\/\/magicgamesbolivia.com\/index.php\/wp-json\/wp\/v2\/comments?post=2681"}],"version-history":[{"count":1,"href":"https:\/\/magicgamesbolivia.com\/index.php\/wp-json\/wp\/v2\/product\/2681\/revisions"}],"predecessor-version":[{"id":2683,"href":"https:\/\/magicgamesbolivia.com\/index.php\/wp-json\/wp\/v2\/product\/2681\/revisions\/2683"}],"wp:featuredmedia":[{"embeddable":true,"href":"https:\/\/magicgamesbolivia.com\/index.php\/wp-json\/wp\/v2\/media\/2682"}],"wp:attachment":[{"href":"https:\/\/magicgamesbolivia.com\/index.php\/wp-json\/wp\/v2\/media?parent=2681"}],"wp:term":[{"taxonomy":"product_brand","embeddable":true,"href":"https:\/\/magicgamesbolivia.com\/index.php\/wp-json\/wp\/v2\/product_brand?post=2681"},{"taxonomy":"product_cat","embeddable":true,"href":"https:\/\/magicgamesbolivia.com\/index.php\/wp-json\/wp\/v2\/product_cat?post=2681"},{"taxonomy":"product_tag","embeddable":true,"href":"https:\/\/magicgamesbolivia.com\/index.php\/wp-json\/wp\/v2\/product_tag?post=2681"}],"curies":[{"name":"wp","href":"https:\/\/api.w.org\/{rel}","templated":true}]}}