{"id":2597,"date":"2022-07-26T22:51:13","date_gmt":"2022-07-26T22:51:13","guid":{"rendered":"http:\/\/magicgamesbolivia.com\/?post_type=product&#038;p=2597"},"modified":"2024-06-08T19:15:17","modified_gmt":"2024-06-08T19:15:17","slug":"ultimate-railroads","status":"publish","type":"product","link":"https:\/\/magicgamesbolivia.com\/index.php\/product\/ultimate-railroads\/","title":{"rendered":"ULTIMATE  RAILROADS"},"content":{"rendered":"<p><i>Ultimate Railroads<\/i>\u00a0es la edici\u00f3n m\u00e1s completa publicada hasta la fecha del multipremiado t\u00edtulo\u00a0<i>Russian Railroads<\/i>, que incluye el juego base y las expansiones\u00a0<i>German Railroads<\/i>\u00a0y\u00a0<i>American Railroads<\/i>, adem\u00e1s de diversos contenidos promocionales y dos nuevos elementos hasta ahora no publicados:\u00a0<i>Asian Railroads<\/i>\u00a0y una variante para jugar en solitario.<\/p>\n<p>En\u00a0<i>Russian Railroads<\/i>\u00a0los jugadores adoptan el papel de magnates del ferrocarril que deben construir la red ferroviaria m\u00e1s avanzada. En el siglo XIX, la fuerza del vapor lleva el progreso por toda Rusia y los jugadores competir\u00e1n en una carrera fren\u00e9tica para ser los primeros en construir la ruta Transiberiana y unir las principales urbes del pa\u00eds. A lo largo de diversas rondas, los participantes ir\u00e1n sumando puntos de victoria gracias a sus acciones. Al finalizar el \u00faltimo turno, el jugador que sume m\u00e1s puntos se proclama vencedor.<\/p>\n<p>La mec\u00e1nica principal de\u00a0<i>Russian Railroads<\/i>\u00a0es la colocaci\u00f3n de trabajadores. Cada jugador deber\u00e1 elegir como y donde invierte el tiempo de sus obreros contratados. Puedes optar por desarrollar v\u00edas sencillas y as\u00ed llegar antes a nuevos y valiosos territorios y conectar r\u00e1pidamente dos puntos. Por otro lado, modernizar la red ferroviaria mejorar\u00e1 el rendimiento de las m\u00e1quinas y construir nuevas locomotoras permitir\u00e1n cubrir mayores distancias. Tambi\u00e9n tienes la opci\u00f3n de contratar ingenieros y construir f\u00e1bricas, que ofrecen un buen rendimiento a largo plazo.<\/p>\n<p>Sumando las expansiones que incorpora la edici\u00f3n Ultimate, la competici\u00f3n por desarrollar la mejor red ferroviaria se ampl\u00eda a todo el mundo. Las estrategias se multiplican para los jugadores, que tienen a su disposici\u00f3n nuevos marcadores y elementos. En\u00a0<i>American Railroads<\/i>\u00a0entran en juego el mercado de valores, que premiar\u00e1 a los m\u00e1s emprendedores, o elementos como la dinamita, vital para abrir paso para construir nuevas v\u00edas. En\u00a0<i>German Railroads<\/i>, por otro lado, entra en juego un nuevo recurso, el carb\u00f3n, que servir\u00e1 para mejorar locomotoras o f\u00e1bricas o bien usarlo en fundiciones. Y en\u00a0<i>Asian Railroads<\/i>\u00a0los jugadores desarrollar\u00e1n rutas en China, Corea y Jap\u00f3n, pero a diferencia del juego base, deber\u00e1n compartir un tablero de industria en el que todos los jugadores construir\u00e1n sus f\u00e1bricas.<\/p>\n","protected":false},"excerpt":{"rendered":"<p>En\u00a0<i>Ultimate Railroads<\/i>\u00a0hay muchos caminos para lograr el primer puesto. Construye v\u00edas para ampliar las l\u00edneas ferroviarias m\u00e1s estrat\u00e9gicas, contrata ingenieros o edifica f\u00e1bricas para ganar puntos de victoria. Consigue las mayores bonificaciones colocando tus trabajadores en los lugares apropiados y sorprende al mundo con un progreso sin parang\u00f3n. Todo ello con la edici\u00f3n m\u00e1s completa publicada hasta la fecha, que en total suma 140 piezas de madera, 52 cartas, 8 tableros con rutas en las dos caras y m\u00e1s de 320 componentes. Un t\u00edtulo que no puede faltar en las estanter\u00edas de los jugadores expertos y de cualquier amante de los trenes que se precie.<\/p>\n<div class=\"block-icons\">\n<div class=\"icon\"><img decoding=\"async\" src=\"https:\/\/devir.es\/static\/version1658184508\/frontend\/Devir\/Pyre\/es_ES\/images\/minmax.png\" alt=\"M\u00ednimo\/m\u00e1ximo jugadores\" width=\"40px\" \/>1-4<\/div>\n<div class=\"icon\"><img decoding=\"async\" src=\"https:\/\/devir.es\/static\/version1658184508\/frontend\/Devir\/Pyre\/es_ES\/images\/minrecage.png\" alt=\"Edad m\u00ednima recomendada\" width=\"40px\" \/>+12<\/div>\n<div class=\"icon\"><img decoding=\"async\" src=\"https:\/\/devir.es\/static\/version1658184508\/frontend\/Devir\/Pyre\/es_ES\/images\/gametime.png\" alt=\"Tiempo de juego\" width=\"40px\" \/>Hora y media<\/div>\n<\/div>\n<div class=\"block-icons\">\n<div class=\"icon\"><b>Aprender:\u00a0<\/b>60 min<\/div>\n<div class=\"icon\"><b>Ense\u00f1ar:\u00a0<\/b><img \/>Media hora<\/div>\n<\/div>\n","protected":false},"featured_media":2598,"comment_status":"open","ping_status":"closed","template":"","meta":{"_themeisle_gutenberg_block_has_review":false},"product_brand":[],"product_cat":[29,30],"product_tag":[31,272,155,394],"class_list":{"0":"post-2597","1":"product","2":"type-product","3":"status-publish","4":"has-post-thumbnail","6":"product_cat-juegos-de-mesa","7":"product_cat-devir","8":"product_tag-devir","9":"product_tag-eurogames","10":"product_tag-juegosdemesa","11":"product_tag-railroads","13":"first","14":"outofstock","15":"sold-individually","16":"shipping-taxable","17":"purchasable","18":"product-type-simple"},"_links":{"self":[{"href":"https:\/\/magicgamesbolivia.com\/index.php\/wp-json\/wp\/v2\/product\/2597","targetHints":{"allow":["GET"]}}],"collection":[{"href":"https:\/\/magicgamesbolivia.com\/index.php\/wp-json\/wp\/v2\/product"}],"about":[{"href":"https:\/\/magicgamesbolivia.com\/index.php\/wp-json\/wp\/v2\/types\/product"}],"replies":[{"embeddable":true,"href":"https:\/\/magicgamesbolivia.com\/index.php\/wp-json\/wp\/v2\/comments?post=2597"}],"version-history":[{"count":2,"href":"https:\/\/magicgamesbolivia.com\/index.php\/wp-json\/wp\/v2\/product\/2597\/revisions"}],"predecessor-version":[{"id":3660,"href":"https:\/\/magicgamesbolivia.com\/index.php\/wp-json\/wp\/v2\/product\/2597\/revisions\/3660"}],"wp:featuredmedia":[{"embeddable":true,"href":"https:\/\/magicgamesbolivia.com\/index.php\/wp-json\/wp\/v2\/media\/2598"}],"wp:attachment":[{"href":"https:\/\/magicgamesbolivia.com\/index.php\/wp-json\/wp\/v2\/media?parent=2597"}],"wp:term":[{"taxonomy":"product_brand","embeddable":true,"href":"https:\/\/magicgamesbolivia.com\/index.php\/wp-json\/wp\/v2\/product_brand?post=2597"},{"taxonomy":"product_cat","embeddable":true,"href":"https:\/\/magicgamesbolivia.com\/index.php\/wp-json\/wp\/v2\/product_cat?post=2597"},{"taxonomy":"product_tag","embeddable":true,"href":"https:\/\/magicgamesbolivia.com\/index.php\/wp-json\/wp\/v2\/product_tag?post=2597"}],"curies":[{"name":"wp","href":"https:\/\/api.w.org\/{rel}","templated":true}]}}