{"id":2567,"date":"2022-07-13T15:03:58","date_gmt":"2022-07-13T15:03:58","guid":{"rendered":"http:\/\/magicgamesbolivia.com\/?post_type=product&#038;p=2567"},"modified":"2023-10-31T14:45:36","modified_gmt":"2023-10-31T14:45:36","slug":"2567","status":"publish","type":"product","link":"https:\/\/magicgamesbolivia.com\/index.php\/product\/2567\/","title":{"rendered":"Wavelength"},"content":{"rendered":"<p><em>El party game social definitivo !!! juguemos a leer la mente.\u00a0Wavelength es un juego de adivinanzas sociales en el que dos equipos compiten para leer la mente del otro.<\/em><\/p>\n<p>Los equipos se turnan para girar un dial hasta donde creen que se encuentra una diana oculta en un espectro entre dos t\u00e9rminos. Uno de los jugadores de tu equipo, el P\u015biquico, sabe exactamente d\u00f3nde est\u00e1 la diana y roba una carta con un par de t\u00e9rminos enfrentados (como: Oficio \u2013 Carrera, \u00c1spero \u2013 Suave, Fantas\u00eda \u2013 Ciencia Ficci\u00f3n, Canci\u00f3n Triste \u2013 Canci\u00f3n feliz, etc. El ps\u00edquico debe proporcionar una pista que indique mediante un concepto donde se encuentra la diana entre esos dos binarios.<\/p>\n<p>Por ejemplo, si la carta de esta ronda es CALIENTE \u2013 FR\u00cdA y la diana est\u00e1 ligeramente hacia el lado \u00abfr\u00edo\u00bb del centro, el Ps\u00edquico necesita dar una pista en alg\u00fan lugar de esa regi\u00f3n. Tal vez \u00abensalada\u00bb?<\/p>\n<p>Despu\u00e9s de que el Ps\u00edquico de su pista, su equipo discute d\u00f3nde creen que se encuentra la diana y gira el dial a esa ubicaci\u00f3n en ese espectro. Cuanto m\u00e1s se acerquen al centro de la diana \u00a1m\u00e1s puntos sumar\u00e1n! Todo ello mientras el otro equipo interviene en la discusi\u00f3n, aportando razonamientos err\u00f3neos y buscando confundir a sus rivales para hacerlos fallar en su predicci\u00f3n.<\/p>\n","protected":false},"excerpt":{"rendered":"<div class=\"elementor-column elementor-col-25 elementor-top-column elementor-element elementor-element-15c52224\" data-id=\"15c52224\" data-element_type=\"column\">\n<div class=\"elementor-column-wrap elementor-element-populated\">\n<div class=\"elementor-widget-wrap\">\n<div class=\"elementor-element elementor-element-77b275cf elementor-icon-list--layout-traditional elementor-list-item-link-full_width elementor-widget elementor-widget-icon-list\" data-id=\"77b275cf\" data-element_type=\"widget\" data-widget_type=\"icon-list.default\">\n<div class=\"elementor-widget-container\">\n<ul class=\"elementor-icon-list-items\">\n<li class=\"elementor-icon-list-item\"><span class=\"elementor-icon-list-text\">Autor: Wolfang Warsch, Alex Hague y Justin Vickers<\/span><\/li>\n<li class=\"elementor-icon-list-item\"><i class=\"fas fa-users\" aria-hidden=\"true\"><\/i><span class=\"elementor-icon-list-text\">Jugadores: De 2 a 12<\/span><\/li>\n<li class=\"elementor-icon-list-item\"><i class=\"fas fa-clock\" aria-hidden=\"true\"><\/i><span class=\"elementor-icon-list-text\">Duraci\u00f3n: De 30 a 45 minutos<\/span><\/li>\n<\/ul>\n<\/div>\n<\/div>\n<\/div>\n<\/div>\n<\/div>\n<div class=\"elementor-column elementor-col-25 elementor-top-column elementor-element elementor-element-39769135\" data-id=\"39769135\" data-element_type=\"column\">\n<div class=\"elementor-column-wrap elementor-element-populated\">\n<div class=\"elementor-widget-wrap\">\n<div class=\"elementor-element elementor-element-4dffe99a elementor-icon-list--layout-traditional elementor-list-item-link-full_width elementor-widget elementor-widget-icon-list\" data-id=\"4dffe99a\" data-element_type=\"widget\" data-widget_type=\"icon-list.default\">\n<div class=\"elementor-widget-container\">\n<ul class=\"elementor-icon-list-items\">\n<li class=\"elementor-icon-list-item\"><i class=\"fas fa-user-graduate\" aria-hidden=\"true\"><\/i><span class=\"elementor-icon-list-text\">Edad: A partir de 14 a\u00f1os<\/span><\/li>\n<\/ul>\n<\/div>\n<\/div>\n<\/div>\n<\/div>\n<\/div>\n","protected":false},"featured_media":2568,"comment_status":"open","ping_status":"closed","template":"","meta":{"_themeisle_gutenberg_block_has_review":false},"product_brand":[],"product_cat":[123,29],"product_tag":[156,218,351,384,383],"class_list":{"0":"post-2567","1":"product","2":"type-product","3":"status-publish","4":"has-post-thumbnail","6":"product_cat-otros-juegos","7":"product_cat-juegos-de-mesa","8":"product_tag-boardgames","9":"product_tag-juegodemesa","10":"product_tag-partygames","11":"product_tag-social","12":"product_tag-wavelength","14":"first","15":"outofstock","16":"sold-individually","17":"shipping-taxable","18":"purchasable","19":"product-type-simple"},"_links":{"self":[{"href":"https:\/\/magicgamesbolivia.com\/index.php\/wp-json\/wp\/v2\/product\/2567","targetHints":{"allow":["GET"]}}],"collection":[{"href":"https:\/\/magicgamesbolivia.com\/index.php\/wp-json\/wp\/v2\/product"}],"about":[{"href":"https:\/\/magicgamesbolivia.com\/index.php\/wp-json\/wp\/v2\/types\/product"}],"replies":[{"embeddable":true,"href":"https:\/\/magicgamesbolivia.com\/index.php\/wp-json\/wp\/v2\/comments?post=2567"}],"version-history":[{"count":3,"href":"https:\/\/magicgamesbolivia.com\/index.php\/wp-json\/wp\/v2\/product\/2567\/revisions"}],"predecessor-version":[{"id":3039,"href":"https:\/\/magicgamesbolivia.com\/index.php\/wp-json\/wp\/v2\/product\/2567\/revisions\/3039"}],"wp:featuredmedia":[{"embeddable":true,"href":"https:\/\/magicgamesbolivia.com\/index.php\/wp-json\/wp\/v2\/media\/2568"}],"wp:attachment":[{"href":"https:\/\/magicgamesbolivia.com\/index.php\/wp-json\/wp\/v2\/media?parent=2567"}],"wp:term":[{"taxonomy":"product_brand","embeddable":true,"href":"https:\/\/magicgamesbolivia.com\/index.php\/wp-json\/wp\/v2\/product_brand?post=2567"},{"taxonomy":"product_cat","embeddable":true,"href":"https:\/\/magicgamesbolivia.com\/index.php\/wp-json\/wp\/v2\/product_cat?post=2567"},{"taxonomy":"product_tag","embeddable":true,"href":"https:\/\/magicgamesbolivia.com\/index.php\/wp-json\/wp\/v2\/product_tag?post=2567"}],"curies":[{"name":"wp","href":"https:\/\/api.w.org\/{rel}","templated":true}]}}