{"id":2563,"date":"2022-07-13T14:57:56","date_gmt":"2022-07-13T14:57:56","guid":{"rendered":"http:\/\/magicgamesbolivia.com\/?post_type=product&#038;p=2563"},"modified":"2025-04-02T19:20:04","modified_gmt":"2025-04-02T19:20:04","slug":"just-one","status":"publish","type":"product","link":"https:\/\/magicgamesbolivia.com\/index.php\/product\/just-one\/","title":{"rendered":"JUST ONE"},"content":{"rendered":"<div class=\"flex-1 overflow-hidden\">\n<div class=\"react-scroll-to-bottom--css-cvzqq-79elbk h-full dark:bg-gray-800\">\n<div class=\"react-scroll-to-bottom--css-cvzqq-1n7m0yu\">\n<div class=\"flex flex-col items-center text-sm dark:bg-gray-800\">\n<div class=\"group w-full text-gray-800 dark:text-gray-100 border-b border-black\/10 dark:border-gray-900\/50 bg-gray-50 dark:bg-[#444654]\">\n<div class=\"text-base gap-4 md:gap-6 md:max-w-2xl lg:max-w-xl xl:max-w-3xl p-4 md:py-6 flex lg:px-0 m-auto\">\n<div class=\"relative flex w-[calc(100%-50px)] flex-col gap-1 md:gap-3 lg:w-[calc(100%-115px)]\">\n<div class=\"flex flex-grow flex-col gap-3\">\n<div class=\"min-h-[20px] flex flex-col items-start gap-4 whitespace-pre-wrap\">\n<div class=\"markdown prose w-full break-words dark:prose-invert light\">\n<p>Just One es un emocionante juego de mesa colaborativo en el que todos los jugadores trabajan juntos para ganar. Este divertido Party game gan\u00f3 el premio Spiel des Jahres en 2019, y se ha convertido en un \u00e9xito mundial.<\/p>\n<p>En Just One, los jugadores deben adivinar una palabra secreta, pero con una twist: \u00a1s\u00f3lo pueden recibir una pista de sus compa\u00f1eros! Cada ronda, un jugador diferente ser\u00e1 el adivinador y los dem\u00e1s tendr\u00e1n que escribir una palabra que lo ayude a adivinar. El truco est\u00e1 en que si dos o m\u00e1s jugadores escriben la misma palabra, se cancelan entre s\u00ed, por lo que es importante pensar fuera de la caja.<\/p>\n<p>El objetivo del juego es adivinar tantas palabras como sea posible antes de que se agoten las cartas. Cada acierto suma un punto, mientras que cada fallo resta uno, \u00a1as\u00ed que la cooperaci\u00f3n y la creatividad son clave para ganar!<\/p>\n<p>Just One es un juego perfecto para reuniones con amigos o familiares, ya que es f\u00e1cil de aprender y muy divertido de jugar. \u00a1No esperes m\u00e1s para unirte a la diversi\u00f3n y demostrar que juntos pueden vencer al juego!<\/p>\n<\/div>\n<\/div>\n<\/div>\n<div class=\"flex justify-between lg:block\">\n<div class=\"text-gray-400 flex self-end lg:self-center justify-center mt-2 gap-2 md:gap-3 lg:gap-1 lg:absolute lg:top-0 lg:translate-x-full lg:right-0 lg:mt-0 lg:pl-2 visible\"><\/div>\n<\/div>\n<\/div>\n<\/div>\n<\/div>\n<div class=\"w-full h-32 md:h-48 flex-shrink-0\"><\/div>\n<\/div>\n<p>&nbsp;<\/p>\n<\/div>\n<\/div>\n<\/div>\n<div class=\"absolute bottom-0 left-0 w-full border-t md:border-t-0 dark:border-white\/20 md:border-transparent md:dark:border-transparent md:bg-vert-light-gradient bg-white dark:bg-gray-800 md:!bg-transparent dark:md:bg-vert-dark-gradient pt-2\">\n<form class=\"stretch mx-2 flex flex-row gap-3 last:mb-2 md:mx-4 md:last:mb-6 lg:mx-auto lg:max-w-2xl xl:max-w-3xl\">\n<div class=\"relative flex h-full flex-1 md:flex-col\">\n<div class=\"flex ml-1 md:w-full md:m-auto md:mb-2 gap-0 md:gap-2 justify-center\"><\/div>\n<\/div>\n<\/form>\n<\/div>\n","protected":false},"excerpt":{"rendered":"<p>En este juego, los jugadores deben tratar de descubrir la mayor cantidad posible de palabras misteriosas. Cada jugador tendr\u00e1 un turno para adivinar una palabra, mientras que los dem\u00e1s jugadores deben dar pistas sin ponerse de acuerdo entre s\u00ed. Es importante que las pistas sean lo m\u00e1s originales posible, ya que cualquier pista id\u00e9ntica ser\u00e1 anulada. La suma de todas las pistas deber\u00eda ayudar al jugador que adivina a identificar la palabra misteriosa.<\/p>\n<p>Se trata de un juego de mesa simple que se explica en solo dos minutos y es adecuado para cualquier grupo.<\/p>\n<p>Puede ser jugado por 3 a 7 personas y toma alrededor de 20 minutos para jugar.<\/p>\n<p>Es adecuado para jugadores mayores de 8 a\u00f1os.<\/p>\n","protected":false},"featured_media":2564,"comment_status":"open","ping_status":"closed","template":"","meta":{"_themeisle_gutenberg_block_has_review":false},"product_brand":[],"product_cat":[123,29],"product_tag":[382,267,155,381,351],"class_list":{"0":"post-2563","1":"product","2":"type-product","3":"status-publish","4":"has-post-thumbnail","6":"product_cat-otros-juegos","7":"product_cat-juegos-de-mesa","8":"product_tag-divertido","9":"product_tag-familiar","10":"product_tag-juegosdemesa","11":"product_tag-justone","12":"product_tag-partygames","14":"first","15":"outofstock","16":"sold-individually","17":"shipping-taxable","18":"purchasable","19":"product-type-simple"},"_links":{"self":[{"href":"https:\/\/magicgamesbolivia.com\/index.php\/wp-json\/wp\/v2\/product\/2563","targetHints":{"allow":["GET"]}}],"collection":[{"href":"https:\/\/magicgamesbolivia.com\/index.php\/wp-json\/wp\/v2\/product"}],"about":[{"href":"https:\/\/magicgamesbolivia.com\/index.php\/wp-json\/wp\/v2\/types\/product"}],"replies":[{"embeddable":true,"href":"https:\/\/magicgamesbolivia.com\/index.php\/wp-json\/wp\/v2\/comments?post=2563"}],"version-history":[{"count":4,"href":"https:\/\/magicgamesbolivia.com\/index.php\/wp-json\/wp\/v2\/product\/2563\/revisions"}],"predecessor-version":[{"id":4012,"href":"https:\/\/magicgamesbolivia.com\/index.php\/wp-json\/wp\/v2\/product\/2563\/revisions\/4012"}],"wp:featuredmedia":[{"embeddable":true,"href":"https:\/\/magicgamesbolivia.com\/index.php\/wp-json\/wp\/v2\/media\/2564"}],"wp:attachment":[{"href":"https:\/\/magicgamesbolivia.com\/index.php\/wp-json\/wp\/v2\/media?parent=2563"}],"wp:term":[{"taxonomy":"product_brand","embeddable":true,"href":"https:\/\/magicgamesbolivia.com\/index.php\/wp-json\/wp\/v2\/product_brand?post=2563"},{"taxonomy":"product_cat","embeddable":true,"href":"https:\/\/magicgamesbolivia.com\/index.php\/wp-json\/wp\/v2\/product_cat?post=2563"},{"taxonomy":"product_tag","embeddable":true,"href":"https:\/\/magicgamesbolivia.com\/index.php\/wp-json\/wp\/v2\/product_tag?post=2563"}],"curies":[{"name":"wp","href":"https:\/\/api.w.org\/{rel}","templated":true}]}}