{"id":2539,"date":"2022-06-27T14:40:48","date_gmt":"2022-06-27T14:40:48","guid":{"rendered":"http:\/\/magicgamesbolivia.com\/?post_type=product&#038;p=2539"},"modified":"2022-12-22T19:52:21","modified_gmt":"2022-12-22T19:52:21","slug":"monopoly-star-wars-mandalorian","status":"publish","type":"product","link":"https:\/\/magicgamesbolivia.com\/index.php\/product\/monopoly-star-wars-mandalorian\/","title":{"rendered":"Monopoly Star Wars Mandalorian"},"content":{"rendered":"<h1 class=\"a-size-base-plus a-text-bold\">Sobre este art\u00edculo<\/h1>\n<ul class=\"a-unordered-list a-vertical a-spacing-mini\">\n<li><span class=\"a-list-item\">Inspirado en la serie de televisi\u00f3n: este juego de mesa Monopoly: Star Wars The Mandalorian est\u00e1 inspirado en la serie de televisi\u00f3n de acci\u00f3n en vivo The Mandalorian en Disney Plus<\/span><\/li>\n<li><span class=\"a-list-item\">MONOPOLY Fichas: Los fan\u00e1ticos de Mandalorian pueden jugar como un personaje favorito de la serie: The Mandalorian, Cara Dune, IG-11 o Kuiil. Cada personaje tiene una habilidad especial representada en su tarjeta de personaje<\/span><\/li>\n<li><span class=\"a-list-item\">El ni\u00f1o: cuando un jugador pasa o aterriza en el espacio del ni\u00f1o, (el personaje que los fan\u00e1ticos llaman \u00abBaby Yoda\u00bb) toman la ficha infantil y pueden usar la habilidad de su personaje m\u00e1s la habilidad \u00fanica del ni\u00f1o<\/span><\/li>\n<li><span class=\"a-list-item\">Batalla a los enemigos imperiales: incluye un soldado de asalto incinerador, soldado de la muerte y fichas enemigas Moff Gideon que pueden cambiar el juego y conducir a batallas. Si un enemigo imperial consigue El ni\u00f1o, el juego termin\u00f3<\/span><\/li>\n<li><span class=\"a-list-item\">Compra esconditos: compra escondites y gana cr\u00e9ditos imperiales cobrando alquiler<\/span><\/li>\n<\/ul>\n","protected":false},"excerpt":{"rendered":"<p>edad 8 o +<\/p>\n<p>Idioma Esp<\/p>\n<p>2 a 4 jugadores.<\/p>\n","protected":false},"featured_media":2540,"comment_status":"open","ping_status":"closed","template":"","meta":{"_themeisle_gutenberg_block_has_review":false},"product_brand":[],"product_cat":[123,29],"product_tag":[155,375,203,121],"class_list":{"0":"post-2539","1":"product","2":"type-product","3":"status-publish","4":"has-post-thumbnail","6":"product_cat-otros-juegos","7":"product_cat-juegos-de-mesa","8":"product_tag-juegosdemesa","9":"product_tag-mandalorian","10":"product_tag-monopoly","11":"product_tag-starwars","13":"first","14":"outofstock","15":"sold-individually","16":"shipping-taxable","17":"purchasable","18":"product-type-simple"},"_links":{"self":[{"href":"https:\/\/magicgamesbolivia.com\/index.php\/wp-json\/wp\/v2\/product\/2539","targetHints":{"allow":["GET"]}}],"collection":[{"href":"https:\/\/magicgamesbolivia.com\/index.php\/wp-json\/wp\/v2\/product"}],"about":[{"href":"https:\/\/magicgamesbolivia.com\/index.php\/wp-json\/wp\/v2\/types\/product"}],"replies":[{"embeddable":true,"href":"https:\/\/magicgamesbolivia.com\/index.php\/wp-json\/wp\/v2\/comments?post=2539"}],"version-history":[{"count":1,"href":"https:\/\/magicgamesbolivia.com\/index.php\/wp-json\/wp\/v2\/product\/2539\/revisions"}],"predecessor-version":[{"id":2542,"href":"https:\/\/magicgamesbolivia.com\/index.php\/wp-json\/wp\/v2\/product\/2539\/revisions\/2542"}],"wp:featuredmedia":[{"embeddable":true,"href":"https:\/\/magicgamesbolivia.com\/index.php\/wp-json\/wp\/v2\/media\/2540"}],"wp:attachment":[{"href":"https:\/\/magicgamesbolivia.com\/index.php\/wp-json\/wp\/v2\/media?parent=2539"}],"wp:term":[{"taxonomy":"product_brand","embeddable":true,"href":"https:\/\/magicgamesbolivia.com\/index.php\/wp-json\/wp\/v2\/product_brand?post=2539"},{"taxonomy":"product_cat","embeddable":true,"href":"https:\/\/magicgamesbolivia.com\/index.php\/wp-json\/wp\/v2\/product_cat?post=2539"},{"taxonomy":"product_tag","embeddable":true,"href":"https:\/\/magicgamesbolivia.com\/index.php\/wp-json\/wp\/v2\/product_tag?post=2539"}],"curies":[{"name":"wp","href":"https:\/\/api.w.org\/{rel}","templated":true}]}}