{"id":2419,"date":"2022-05-11T20:38:13","date_gmt":"2022-05-11T20:38:13","guid":{"rendered":"http:\/\/magicgamesbolivia.com\/?post_type=product&#038;p=2419"},"modified":"2024-03-19T22:34:26","modified_gmt":"2024-03-19T22:34:26","slug":"los-autos-locos","status":"publish","type":"product","link":"https:\/\/magicgamesbolivia.com\/index.php\/product\/los-autos-locos\/","title":{"rendered":"LOS AUTOS LOCOS"},"content":{"rendered":"<p><em>\u00a1Hoy hace un d\u00eda espl\u00e9ndido en el circuito! Nuestros intr\u00e9pidos pilotos se disponen a montar en sus b\u00f3lidos personalizados y dejar un rastro de huellas de neum\u00e1ticos a trav\u00e9s de bosques, desiertos, llanuras y dem\u00e1s parajes naturales. \u00a1Pisar\u00e1n a fondo para situarse en cabeza, forzar\u00e1n sus motores al l\u00edmite y no se detendr\u00e1n ante nada hasta cruzar la l\u00ednea de meta!<\/em><\/p>\n<p><em>\u00a1Pero m\u00e1s vale que se anden con ojo, porque Pierre Nodoyuna tambi\u00e9n est\u00e1 ah\u00ed fuera! \u00a1Siempre que este p\u00e9rfido tunante y su burl\u00f3n perro Pat\u00e1n compiten en uno de estos eventos, pillar baches o quedarse sin gasolina son las menores preocupaciones para los dem\u00e1s pilotos! All\u00ed donde aparece el S\u00faper Perrari, los corredores tienen que v\u00e9rselas con las sucias tretas empleadas por el diab\u00f3lico d\u00fao para hacerse con una victoria inmerecida.<\/em><\/p>\n<p><strong>Los autos locos<\/strong>\u00a0es un trepidante\u00a0<strong>juego de mesa<\/strong>, de\u00a0<strong>carreras de coches<\/strong>, en un circuito donde tendr\u00e1s que enfrentarte a las\u00a0<strong>condiciones desiguales del terreno<\/strong>, a las\u00a0<strong>habilidades especiales de tus rivales<\/strong>\u00a0y a las peligrosas trampas que os tender\u00e1\u00a0<strong>Pierre Nodoyuna<\/strong>.<\/p>\n<p>\u00a1<strong>Sube a tu disparatado veh\u00edculo<\/strong>, calienta el motor y<strong>\u00a0prep\u00e1rate para la carrera<\/strong>! \u00a1Alcanza la<strong>\u00a0l\u00ednea de meta<\/strong>\u00a0en primer lugar con tu\u00a0<strong>b\u00f3lido favorito<\/strong>, ya sea por las buenas o por las malas!<\/p>\n","protected":false},"excerpt":{"rendered":"<table class=\"table-data-sheet\">\n<tbody>\n<tr class=\"odd\">\n<td>N\u00famero de jugadores:<\/td>\n<td>De 2 a 6 jugadores<\/td>\n<\/tr>\n<tr class=\"even\">\n<td>Duraci\u00f3n aproximada del juego:<\/td>\n<td>15 Minutos<\/td>\n<\/tr>\n<tr class=\"odd\">\n<td>Edad m\u00ednima recomendada:<\/td>\n<td>8 a\u00f1os<\/td>\n<\/tr>\n<tr class=\"even\">\n<td>Tipo:<\/td>\n<td>Juego de tablero<\/td>\n<\/tr>\n<tr class=\"odd\">\n<td>G\u00e9nero:<\/td>\n<td>Estrategia<\/td>\n<\/tr>\n<tr class=\"even\">\n<td>Idioma:<\/td>\n<td>Espa\u00f1ol<\/td>\n<\/tr>\n<tr class=\"odd\">\n<td>Marca:<\/td>\n<td>Edge Entertainment<\/td>\n<\/tr>\n<\/tbody>\n<\/table>\n","protected":false},"featured_media":2420,"comment_status":"open","ping_status":"closed","template":"","meta":{"_themeisle_gutenberg_block_has_review":false},"product_brand":[],"product_cat":[29,104],"product_tag":[334,181,267,155,330],"class_list":{"0":"post-2419","1":"product","2":"type-product","3":"status-publish","4":"has-post-thumbnail","6":"product_cat-juegos-de-mesa","7":"product_cat-edge","8":"product_tag-autoslocos","9":"product_tag-edge","10":"product_tag-familiar","11":"product_tag-juegosdemesa","12":"product_tag-tematico","14":"first","15":"outofstock","16":"sold-individually","17":"shipping-taxable","18":"purchasable","19":"product-type-simple"},"_links":{"self":[{"href":"https:\/\/magicgamesbolivia.com\/index.php\/wp-json\/wp\/v2\/product\/2419","targetHints":{"allow":["GET"]}}],"collection":[{"href":"https:\/\/magicgamesbolivia.com\/index.php\/wp-json\/wp\/v2\/product"}],"about":[{"href":"https:\/\/magicgamesbolivia.com\/index.php\/wp-json\/wp\/v2\/types\/product"}],"replies":[{"embeddable":true,"href":"https:\/\/magicgamesbolivia.com\/index.php\/wp-json\/wp\/v2\/comments?post=2419"}],"version-history":[{"count":2,"href":"https:\/\/magicgamesbolivia.com\/index.php\/wp-json\/wp\/v2\/product\/2419\/revisions"}],"predecessor-version":[{"id":3665,"href":"https:\/\/magicgamesbolivia.com\/index.php\/wp-json\/wp\/v2\/product\/2419\/revisions\/3665"}],"wp:featuredmedia":[{"embeddable":true,"href":"https:\/\/magicgamesbolivia.com\/index.php\/wp-json\/wp\/v2\/media\/2420"}],"wp:attachment":[{"href":"https:\/\/magicgamesbolivia.com\/index.php\/wp-json\/wp\/v2\/media?parent=2419"}],"wp:term":[{"taxonomy":"product_brand","embeddable":true,"href":"https:\/\/magicgamesbolivia.com\/index.php\/wp-json\/wp\/v2\/product_brand?post=2419"},{"taxonomy":"product_cat","embeddable":true,"href":"https:\/\/magicgamesbolivia.com\/index.php\/wp-json\/wp\/v2\/product_cat?post=2419"},{"taxonomy":"product_tag","embeddable":true,"href":"https:\/\/magicgamesbolivia.com\/index.php\/wp-json\/wp\/v2\/product_tag?post=2419"}],"curies":[{"name":"wp","href":"https:\/\/api.w.org\/{rel}","templated":true}]}}