{"id":2188,"date":"2022-01-26T21:23:05","date_gmt":"2022-01-26T21:23:05","guid":{"rendered":"http:\/\/magicgamesbolivia.com\/?post_type=product&#038;p=2188"},"modified":"2026-03-06T14:06:57","modified_gmt":"2026-03-06T14:06:57","slug":"night-of-the-living-dead-la-noche-de-los-muertos-vivientes","status":"publish","type":"product","link":"https:\/\/magicgamesbolivia.com\/index.php\/product\/night-of-the-living-dead-la-noche-de-los-muertos-vivientes\/","title":{"rendered":"Night of the Living Dead &#8211; La noche de los muertos vivientes"},"content":{"rendered":"<p>Me comunican que tenemos nuevos datos que acaban de llegar a nuestra redacci\u00f3n. Se trata de un informe del cuartel general de la Defensa Civil en Washington. Se ha descubierto que personas que acababan de morir han vuelto de nuevo a la vida y han cometido asesinatos. Se han realizado amplias investigaciones en funerarias, dep\u00f3sitos de cad\u00e1veres y hospitales, las cuales han revelado que los reci\u00e9n fallecidos vuelven a la vida y asesinan y devoran a seres humanos.<\/p>\n<p>El centro de supervivencia del Pent\u00e1gono ha dictaminado que esos seres pueden ser eliminados por medio de un disparo en la cabeza o de un fuerte golpe en el cr\u00e1neo. \u00a1Al destruir el cerebro, se destruye tambi\u00e9n el esp\u00edritu!<\/p>\n<p>\u00bfY si vosotros fuerais los h\u00e9roes de\u00a0<em>La noche de los muertos vivientes<\/em>, la famosa pel\u00edcula dirigida por George A. Romero? Encarnad a los protagonistas de esta obra de culto y unid vuestras fuerzas para sobrevivir a la horda de muertos vivientes, controlada por el propio juego mediante unas reglas sencillas e intuitivas. \u00a1Cambia el perfil de tu superviviente del modo Romero, que refleja el tono dram\u00e1tico de la pel\u00edcula, al modo Zombicidio, que te convierte en una m\u00e1quina de exterminar no muertos! Busca armas, elimina muertos vivientes y mejora las habilidades de tu superviviente. Pero ve con cuidado, porque cuantos m\u00e1s muertos vivientes destruyas, m\u00e1s aparecer\u00e1n. \u00bfLograr\u00e9is sobrevivir a la Noche?<\/p>\n<p>Vive los acontecimientos de La noche de los muertos vivientes en una serie de 10 escenarios \u00fanicos que recrean la trama de la pel\u00edcula y la contin\u00faan donde esta qued\u00f3. \u00a1Ahora el destino de los supervivientes est\u00e1 en tus manos!<\/p>\n","protected":false},"excerpt":{"rendered":"<p>Vive los acontecimientos de La noche de los muertos vivientes en una serie de 10 escenarios \u00fanicos que recrean la trama de la pel\u00edcula y la contin\u00faan donde esta qued\u00f3. \u00a1Ahora el destino de los supervivientes est\u00e1 en tus manos!<\/p>\n<div class=\"news_box background_color_grey_light product_components\">\n<div class=\"news_box_content\">66 miniaturas, 111 cartas peque\u00f1as, 6 m\u00f3dulos de tablero (de doble cara), 6 paneles de control, 6 tarjetas de Superviviente (de doble cara), 12 peanas de colores, 6 dados, 48 indicadores, 25 fichas.<\/div>\n<\/div>\n","protected":false},"featured_media":2189,"comment_status":"open","ping_status":"closed","template":"","meta":{"_themeisle_gutenberg_block_has_review":false},"product_brand":[],"product_cat":[29,104],"product_tag":[291,155,191,192],"class_list":{"0":"post-2188","1":"product","2":"type-product","3":"status-publish","4":"has-post-thumbnail","6":"product_cat-juegos-de-mesa","7":"product_cat-edge","8":"product_tag-coperativo","9":"product_tag-juegosdemesa","10":"product_tag-zombicide","11":"product_tag-zombies","13":"first","14":"outofstock","15":"sold-individually","16":"shipping-taxable","17":"purchasable","18":"product-type-simple"},"_links":{"self":[{"href":"https:\/\/magicgamesbolivia.com\/index.php\/wp-json\/wp\/v2\/product\/2188","targetHints":{"allow":["GET"]}}],"collection":[{"href":"https:\/\/magicgamesbolivia.com\/index.php\/wp-json\/wp\/v2\/product"}],"about":[{"href":"https:\/\/magicgamesbolivia.com\/index.php\/wp-json\/wp\/v2\/types\/product"}],"replies":[{"embeddable":true,"href":"https:\/\/magicgamesbolivia.com\/index.php\/wp-json\/wp\/v2\/comments?post=2188"}],"version-history":[{"count":1,"href":"https:\/\/magicgamesbolivia.com\/index.php\/wp-json\/wp\/v2\/product\/2188\/revisions"}],"predecessor-version":[{"id":2192,"href":"https:\/\/magicgamesbolivia.com\/index.php\/wp-json\/wp\/v2\/product\/2188\/revisions\/2192"}],"wp:featuredmedia":[{"embeddable":true,"href":"https:\/\/magicgamesbolivia.com\/index.php\/wp-json\/wp\/v2\/media\/2189"}],"wp:attachment":[{"href":"https:\/\/magicgamesbolivia.com\/index.php\/wp-json\/wp\/v2\/media?parent=2188"}],"wp:term":[{"taxonomy":"product_brand","embeddable":true,"href":"https:\/\/magicgamesbolivia.com\/index.php\/wp-json\/wp\/v2\/product_brand?post=2188"},{"taxonomy":"product_cat","embeddable":true,"href":"https:\/\/magicgamesbolivia.com\/index.php\/wp-json\/wp\/v2\/product_cat?post=2188"},{"taxonomy":"product_tag","embeddable":true,"href":"https:\/\/magicgamesbolivia.com\/index.php\/wp-json\/wp\/v2\/product_tag?post=2188"}],"curies":[{"name":"wp","href":"https:\/\/api.w.org\/{rel}","templated":true}]}}