{"id":2176,"date":"2022-06-20T19:22:08","date_gmt":"2022-06-20T19:22:08","guid":{"rendered":"http:\/\/magicgamesbolivia.com\/?post_type=product&#038;p=2176"},"modified":"2023-05-17T02:38:32","modified_gmt":"2023-05-17T02:38:32","slug":"blood-rage-misticos-de-midgard","status":"publish","type":"product","link":"https:\/\/magicgamesbolivia.com\/index.php\/product\/blood-rage-misticos-de-midgard\/","title":{"rendered":"Blood Rage Misticos de Midgard"},"content":{"rendered":"<p>En todos los clanes hay vikingos singulares que han nacido con el don para comunicarse con los dioses. Estos m\u00edsticos reciben muchos y muy distintos nombres, y las proezas sobrenaturales que son capaces de realizar los convierten en recursos de incalculable valor para sus clanes. \u00a1Y jam\u00e1s han sido tan necesarios sus poderes como en los \u00faltimos d\u00edas del Ragnar\u00f6k!<\/p>\n<p>Esta expansi\u00f3n ofrece a todos los clanes la posibilidad de reclutar una nueva y poderosa unidad para sus batallas: \u00a1los M\u00edsticos de Midgard! Estos chamanes guerreros invaden los territorios enemigos con suma facilidad, y a lo largo de las distintas Edades pueden obtener nuevas capacidades otorgadas por los dioses. \u00a1Sin lugar a dudas, los clanes que cuenten con sus poderes m\u00edsticos se ganar\u00e1n un lugar de honor junto al trono de Od\u00edn!<\/p>\n<p>Contiene 11 cartas (Funa Mini Usa 41x63mm)<\/p>\n","protected":false},"excerpt":{"rendered":"<p>Esta expansi\u00f3n ofrece a todos los clanes la posibilidad de reclutar una nueva y poderosa unidad para sus batallas: \u00a1los M\u00edsticos de Midgard! Estos chamanes guerreros invaden los territorios enemigos con suma facilidad, y a lo largo de las distintas Edades pueden obtener nuevas capacidades otorgadas por los dioses. \u00a1Sin lugar a dudas, los clanes que cuenten con sus poderes m\u00edsticos&#8230;<\/p>\n","protected":false},"featured_media":2489,"comment_status":"open","ping_status":"closed","template":"","meta":{"_themeisle_gutenberg_block_has_review":false},"product_brand":[],"product_cat":[123,29],"product_tag":[284,288],"class_list":{"0":"post-2176","1":"product","2":"type-product","3":"status-publish","4":"has-post-thumbnail","6":"product_cat-otros-juegos","7":"product_cat-juegos-de-mesa","8":"product_tag-bloodrage","9":"product_tag-expansion","11":"first","12":"outofstock","13":"sold-individually","14":"shipping-taxable","15":"purchasable","16":"product-type-simple"},"_links":{"self":[{"href":"https:\/\/magicgamesbolivia.com\/index.php\/wp-json\/wp\/v2\/product\/2176","targetHints":{"allow":["GET"]}}],"collection":[{"href":"https:\/\/magicgamesbolivia.com\/index.php\/wp-json\/wp\/v2\/product"}],"about":[{"href":"https:\/\/magicgamesbolivia.com\/index.php\/wp-json\/wp\/v2\/types\/product"}],"replies":[{"embeddable":true,"href":"https:\/\/magicgamesbolivia.com\/index.php\/wp-json\/wp\/v2\/comments?post=2176"}],"version-history":[{"count":1,"href":"https:\/\/magicgamesbolivia.com\/index.php\/wp-json\/wp\/v2\/product\/2176\/revisions"}],"predecessor-version":[{"id":2490,"href":"https:\/\/magicgamesbolivia.com\/index.php\/wp-json\/wp\/v2\/product\/2176\/revisions\/2490"}],"wp:featuredmedia":[{"embeddable":true,"href":"https:\/\/magicgamesbolivia.com\/index.php\/wp-json\/wp\/v2\/media\/2489"}],"wp:attachment":[{"href":"https:\/\/magicgamesbolivia.com\/index.php\/wp-json\/wp\/v2\/media?parent=2176"}],"wp:term":[{"taxonomy":"product_brand","embeddable":true,"href":"https:\/\/magicgamesbolivia.com\/index.php\/wp-json\/wp\/v2\/product_brand?post=2176"},{"taxonomy":"product_cat","embeddable":true,"href":"https:\/\/magicgamesbolivia.com\/index.php\/wp-json\/wp\/v2\/product_cat?post=2176"},{"taxonomy":"product_tag","embeddable":true,"href":"https:\/\/magicgamesbolivia.com\/index.php\/wp-json\/wp\/v2\/product_tag?post=2176"}],"curies":[{"name":"wp","href":"https:\/\/api.w.org\/{rel}","templated":true}]}}