{"id":1841,"date":"2021-09-17T21:56:02","date_gmt":"2021-09-17T21:56:02","guid":{"rendered":"http:\/\/magicgamesbolivia.com\/?post_type=product&#038;p=1841"},"modified":"2026-04-08T17:14:11","modified_gmt":"2026-04-08T17:14:11","slug":"7-wonders-duel","status":"publish","type":"product","link":"https:\/\/magicgamesbolivia.com\/index.php\/product\/7-wonders-duel\/","title":{"rendered":"7 WONDERS DUEL"},"content":{"rendered":"<p>Una partida a 7 Wonders Duel transcurre\u00a0<strong>a lo largo de 3 Eras<\/strong>\u00a0(rondas) en las que los jugadores ir\u00e1n\u00a0<strong>alternando turnos<\/strong>\u00a0cogiendo una de las cartas disponibles de la zona de juego y realizando una de las tres acciones posibles.<\/p>\n<p>Al inicio de la ronda, cogemos el\u00a0<strong>mazo de Era<\/strong>\u00a0correspondiente y colocamos las cartas en el centro de la mesa siguiendo la\u00a0<strong>estructura<\/strong>\u00a0indicada en el manual. De este modo, iremos\u00a0<strong>superponiendo parcialmente las cartas<\/strong>, alternando filas boca arriba y boca abajo, formando as\u00ed una especie de pir\u00e1mide en la que tan solo las cartas de la primera fila est\u00e1n completamente visibles.<\/p>\n<p>As\u00ed, en nuestro turno podemos\u00a0<strong>elegir una de entre todas las cartas que est\u00e9n accesibles<\/strong>, la jugamos y, si al final de este dejamos al descubierto una carta que estuviera boca abajo, la volteamos antes de pasar el turno al otro jugador.<\/p>\n","protected":false},"excerpt":{"rendered":"<p><strong>Dos de las civilizaciones m\u00e1s importantes<\/strong>\u00a0de la antig\u00fcedad se enfrentan en un\u00a0<strong>duelo hist\u00f3rico<\/strong>\u00a0sin precedentes del que solo puede salir una victoriosa. Construiremos prominentes estructuras, levantaremos maravillas nunca vistas, impulsaremos el desarrollo cient\u00edfico y apretaremos con nuestro ej\u00e9rcito para hacernos con la partida.<\/p>\n<table>\n<tbody>\n<tr>\n<td>N\u00famero de jugadores:<\/td>\n<td>2<\/td>\n<\/tr>\n<tr>\n<td>Duraci\u00f3n:<\/td>\n<td>30 minutos<\/td>\n<\/tr>\n<tr>\n<td>Edad m\u00ednima:<\/td>\n<td>10 a\u00f1os<\/td>\n<\/tr>\n<tr>\n<td>G\u00e9nero:<\/td>\n<td><a href=\"https:\/\/donmeeple.com\/que-significa-draft\">draft<br \/>\n<\/a><a href=\"https:\/\/donmeeple.com\/que-significa-set-collection\/\">set collection<\/a><\/td>\n<\/tr>\n<tr>\n<td>Complejidad:<\/td>\n<td>2,22 \/ 5<\/td>\n<\/tr>\n<tr>\n<td>Editorial:<\/td>\n<td><a href=\"https:\/\/donmeeple.com\/etiqueta\/asmodee\/\">Asmodee<\/a><\/td>\n<\/tr>\n<tr>\n<td>Dise\u00f1o:<\/td>\n<td>Antoine Bauza<br \/>\nBruno Cathala<\/td>\n<\/tr>\n<\/tbody>\n<\/table>\n","protected":false},"featured_media":1842,"comment_status":"open","ping_status":"closed","template":"","meta":{"_themeisle_gutenberg_block_has_review":false},"product_brand":[],"product_cat":[123,29],"product_tag":[231,156,155],"class_list":{"0":"post-1841","1":"product","2":"type-product","3":"status-publish","4":"has-post-thumbnail","6":"product_cat-otros-juegos","7":"product_cat-juegos-de-mesa","8":"product_tag-7wondersduel","9":"product_tag-boardgames","10":"product_tag-juegosdemesa","12":"first","13":"outofstock","14":"sold-individually","15":"shipping-taxable","16":"purchasable","17":"product-type-simple"},"_links":{"self":[{"href":"https:\/\/magicgamesbolivia.com\/index.php\/wp-json\/wp\/v2\/product\/1841","targetHints":{"allow":["GET"]}}],"collection":[{"href":"https:\/\/magicgamesbolivia.com\/index.php\/wp-json\/wp\/v2\/product"}],"about":[{"href":"https:\/\/magicgamesbolivia.com\/index.php\/wp-json\/wp\/v2\/types\/product"}],"replies":[{"embeddable":true,"href":"https:\/\/magicgamesbolivia.com\/index.php\/wp-json\/wp\/v2\/comments?post=1841"}],"version-history":[{"count":3,"href":"https:\/\/magicgamesbolivia.com\/index.php\/wp-json\/wp\/v2\/product\/1841\/revisions"}],"predecessor-version":[{"id":3670,"href":"https:\/\/magicgamesbolivia.com\/index.php\/wp-json\/wp\/v2\/product\/1841\/revisions\/3670"}],"wp:featuredmedia":[{"embeddable":true,"href":"https:\/\/magicgamesbolivia.com\/index.php\/wp-json\/wp\/v2\/media\/1842"}],"wp:attachment":[{"href":"https:\/\/magicgamesbolivia.com\/index.php\/wp-json\/wp\/v2\/media?parent=1841"}],"wp:term":[{"taxonomy":"product_brand","embeddable":true,"href":"https:\/\/magicgamesbolivia.com\/index.php\/wp-json\/wp\/v2\/product_brand?post=1841"},{"taxonomy":"product_cat","embeddable":true,"href":"https:\/\/magicgamesbolivia.com\/index.php\/wp-json\/wp\/v2\/product_cat?post=1841"},{"taxonomy":"product_tag","embeddable":true,"href":"https:\/\/magicgamesbolivia.com\/index.php\/wp-json\/wp\/v2\/product_tag?post=1841"}],"curies":[{"name":"wp","href":"https:\/\/api.w.org\/{rel}","templated":true}]}}