{"id":1724,"date":"2021-09-08T21:06:53","date_gmt":"2021-09-08T21:06:53","guid":{"rendered":"http:\/\/magicgamesbolivia.com\/?post_type=product&#038;p=1724"},"modified":"2024-01-29T21:38:14","modified_gmt":"2024-01-29T21:38:14","slug":"mi-pequeno-scythe","status":"publish","type":"product","link":"https:\/\/magicgamesbolivia.com\/index.php\/product\/mi-pequeno-scythe\/","title":{"rendered":"MI PEQUE\u00d1O SCYTHE"},"content":{"rendered":"<p><em>J\u00f3venes Buscadores, ha llegado vuestro momento. Sacad vuestra peque\u00f1a guada\u00f1a y partid en busca de vuestro destino. Como descendientes de una antigua familia de Buscadores, el linaje del que proced\u00e9is t\u00fa y tu hermano se remonta hasta el propio Pomme. Vuestra herencia familiar es la capacidad de detectar las manzanas y joyas de Pomme a largas distancias. Con vosotros habr\u00e9is de llevar siempre una guada\u00f1a, la herramienta m\u00e1s importante de un Buscador. Que os sirva de ayuda para demostrar que sois dignos de gobernar Pomme en nombre de vuestro reino.<\/em><\/p>\n<p>Mi peque\u00f1o Scythe es un juego competitivo para toda la familia, en el que cada jugador controla a 2 animalitos representados por miniaturas que se embarcan en una aventura por el Reino de Pomme. Con el fin de ser los primeros en ganar 4 trofeos de entre 8 categor\u00edas posibles, los jugadores se turnar\u00e1n para realizar las acciones Mover, Buscar o Crear. De este modo, los jugadores podr\u00e1n incrementar su amistad mutua y su reserva de tartas, mejorar las acciones de su tablero, completar misiones, aprender hechizos m\u00e1gicos, entregar joyas y manzanas en el Castillo Siemprelibre y, quiz\u00e1, incluso enzarzarse en una pelea de tartas.<\/p>\n<p>Algunas de las mec\u00e1nicas de Mi peque\u00f1o Scythe est\u00e1n inspiradas en el exitoso juego Scythe, simplificando el modo de juego y adapt\u00e1ndolo para que jugadores de todas las edades puedan disfrutarlo. \u00a1Explora el reino de Pomme y cor\u00f3nate como vencedor del Torneo de la Cosecha!<\/p>\n","protected":false},"excerpt":{"rendered":"<div class=\"fusion-layout-column fusion_builder_column_inner fusion-builder-nested-column-0 fusion_builder_column_inner_1_2 1_2 fusion-one-half fusion-column-first\">\n<div class=\"fusion-column-wrapper fusion-flex-column-wrapper-legacy\">\n<div class=\"fusion-text fusion-text-3\">\n<div class=\"cl-juego-ii-autor\"><strong>Autores:<\/strong>\u00a0Hoby Chou y Vienna Chou<\/div>\n<div class=\"cl-juego-ii-jug\"><strong>Jugadores:<\/strong>\u00a01-6<\/div>\n<div class=\"cl-juego-ii-dur\"><strong>Duraci\u00f3n:<\/strong>\u00a045 -60 minutos<\/div>\n<\/div>\n<div class=\"fusion-clearfix\"><strong>Edad:<\/strong>\u00a0a partir de 8 a\u00f1os<\/div>\n<div><\/div>\n<\/div>\n<\/div>\n","protected":false},"featured_media":1725,"comment_status":"open","ping_status":"closed","template":"","meta":{"_themeisle_gutenberg_block_has_review":false},"product_brand":[],"product_cat":[29,93,57],"product_tag":[204,155,197],"class_list":{"0":"post-1724","1":"product","2":"type-product","3":"status-publish","4":"has-post-thumbnail","6":"product_cat-juegos-de-mesa","7":"product_cat-maldito-games","8":"product_cat-juegos-infantiles","9":"product_tag-infantiles","10":"product_tag-juegosdemesa","11":"product_tag-malditogames","13":"first","14":"instock","15":"sold-individually","16":"shipping-taxable","17":"purchasable","18":"product-type-simple"},"_links":{"self":[{"href":"https:\/\/magicgamesbolivia.com\/index.php\/wp-json\/wp\/v2\/product\/1724","targetHints":{"allow":["GET"]}}],"collection":[{"href":"https:\/\/magicgamesbolivia.com\/index.php\/wp-json\/wp\/v2\/product"}],"about":[{"href":"https:\/\/magicgamesbolivia.com\/index.php\/wp-json\/wp\/v2\/types\/product"}],"replies":[{"embeddable":true,"href":"https:\/\/magicgamesbolivia.com\/index.php\/wp-json\/wp\/v2\/comments?post=1724"}],"version-history":[{"count":1,"href":"https:\/\/magicgamesbolivia.com\/index.php\/wp-json\/wp\/v2\/product\/1724\/revisions"}],"predecessor-version":[{"id":1729,"href":"https:\/\/magicgamesbolivia.com\/index.php\/wp-json\/wp\/v2\/product\/1724\/revisions\/1729"}],"wp:featuredmedia":[{"embeddable":true,"href":"https:\/\/magicgamesbolivia.com\/index.php\/wp-json\/wp\/v2\/media\/1725"}],"wp:attachment":[{"href":"https:\/\/magicgamesbolivia.com\/index.php\/wp-json\/wp\/v2\/media?parent=1724"}],"wp:term":[{"taxonomy":"product_brand","embeddable":true,"href":"https:\/\/magicgamesbolivia.com\/index.php\/wp-json\/wp\/v2\/product_brand?post=1724"},{"taxonomy":"product_cat","embeddable":true,"href":"https:\/\/magicgamesbolivia.com\/index.php\/wp-json\/wp\/v2\/product_cat?post=1724"},{"taxonomy":"product_tag","embeddable":true,"href":"https:\/\/magicgamesbolivia.com\/index.php\/wp-json\/wp\/v2\/product_tag?post=1724"}],"curies":[{"name":"wp","href":"https:\/\/api.w.org\/{rel}","templated":true}]}}