{"id":1706,"date":"2021-09-06T20:20:41","date_gmt":"2021-09-06T20:20:41","guid":{"rendered":"http:\/\/magicgamesbolivia.com\/?post_type=product&#038;p=1706"},"modified":"2024-08-29T21:17:47","modified_gmt":"2024-08-29T21:17:47","slug":"anachrony-un-juego-de-d-turczi-r-amann-v-peter","status":"publish","type":"product","link":"https:\/\/magicgamesbolivia.com\/index.php\/product\/anachrony-un-juego-de-d-turczi-r-amann-v-peter\/","title":{"rendered":"ANACHRONY un juego de D. Turczi, R. Amann, V. Peter"},"content":{"rendered":"<p><em>Son los \u00faltimos a\u00f1os del Siglo XXVI. La Tierra est\u00e1 recuper\u00e1ndose de una explosi\u00f3n catastr\u00f3fica que extermin\u00f3 a la mayor\u00eda de la poblaci\u00f3n hace siglos y provoc\u00f3 que casi toda la superficie se volviera inhabitable, debido a las sobrenaturales condiciones atmosf\u00e9ricas. Los humanos supervivientes se organizaron de acuerdo a cuatro ideolog\u00edas radicalmente distintas, llamadas Caminos, para reconstruir el mundo como consideran oportuno: Harmon\u00eda, Dominaci\u00f3n, Progreso y Salvaci\u00f3n. Los seguidores de los cuatro Caminos viven en una fr\u00e1gil paz, pero en casi completo aislamiento respecto a los dem\u00e1s. Su \u00fanico punto de encuentro es la \u00faltima gran metr\u00f3polis de la Tierra, ahora conocida como la Capital.<\/em><\/p>\n<p><em>Al suministrarle energ\u00eda a las misteriosas Grietas Temporales que se abrieron a ra\u00edz del cataclismo, cada Camino logr\u00f3 volver y contactar con momentos espec\u00edficos de su pasado. Hacer esto les permite acelerar en gran medida su progreso, pero entrometerse demasiado puede poner en peligro el continuo espacio-temporal. Pero el progreso es m\u00e1s importante ahora que nunca: si debemos creer el misterioso mensaje que ha llegado a trav\u00e9s de la Grieta Temporal, un cataclismo a\u00fan m\u00e1s terrible acecha en el horizonte: un asteroide portador de una sustancia misteriosa llamada Neutronio se dirige hacia la Tierra. Pero hay algo m\u00e1s extra\u00f1o todav\u00eda, los cient\u00edficos han descubierto que la impronta energ\u00e9tica del asteroide encaja con la explosi\u00f3n de siglos atr\u00e1s\u2026<\/em><\/p>\n<p><em>Anachrony<\/em>\u00a0es un juego competitivo de estrategia ambientado en un mundo post-apocal\u00edptico, que incluye un sistema \u00fanico de colocaci\u00f3n de trabajadores con dos niveles. Para viajar a la Capital o adentrarse en las \u00e1reas devastadas para buscar recursos, los jugadores no solo necesitar\u00e1n a varios Especialistas (Ingenieros, Cient\u00edficos, Administradores y Genios), sino tambi\u00e9n Exotrajes que les protejan y otorguen mejoras \u2013 y ambas cosas escansean.<\/p>\n<p>Mediante los viajes en el tiempo, los jugadores podr\u00e1n interactuar con turnos anteriores, y asumir\u00e1n el rol de simb\u00f3licos l\u00edderes de los cuatro Caminos, debiendo esforzarse no solo en alcanzar la supremac\u00eda y el bienestar de los suyos, sino tambi\u00e9n de sobrevivir junto al resto de ideolog\u00edas.<\/p>\n<p>El juego se desarrolla a lo largo de 4-7 turnos (llamados Eras), dependiendo del tiempo en el que suceda el cataclismo (a menos que, por supuesto, \u00a1sea evitado!). Los turnos se miden en una L\u00ednea de Tiempo din\u00e1mica. Suministr\u00e1ndole energ\u00eda a las Grietas Temporales, los jugadores pueden proveerse de recursos a su \u201cyo\u201d del pasado. Cada Camino tiene un objetivo radicalmente distinto que recompensa con una enorme cantidad de puntos de victoria al jugador que lo complete.<\/p>\n<p>Tras la cuarta Era, un impacto de asteroide sacudir\u00e1 la Tierra, amenazando con destruir la Capital, y los Caminos deber\u00e1n estar preparados para el cataclismo y ayudar a evacuar la Capital en ruinas. Los asentamientos de los Caminos sobrevivir\u00e1n al impacto, pero la Capital no. Aquel Camino que logre obtener m\u00e1s puntos ser\u00e1 el nuevo emplazamiento para la Capital, es decir, la fuerza m\u00e1s importante del planeta.<\/p>\n","protected":false},"excerpt":{"rendered":"<div class=\"fusion-title title fusion-title-3 sep-underline sep-solid fusion-title-text fusion-title-size-two\">\n<h2 class=\"title-heading-left fusion-responsive-typography-calculated\">Sobre el juego<\/h2>\n<\/div>\n<div class=\"fusion-builder-row fusion-builder-row-inner fusion-row\">\n<div class=\"fusion-layout-column fusion_builder_column_inner fusion-builder-nested-column-0 fusion_builder_column_inner_1_2 1_2 fusion-one-half fusion-column-first\">\n<div class=\"fusion-column-wrapper fusion-flex-column-wrapper-legacy\">\n<div class=\"fusion-text fusion-text-3\">\n<div class=\"cl-juego-ii-autor\"><strong>Autor:<\/strong>\u00a0Richard Amann, Viktor Peter y D\u00e1vid Turczi<\/div>\n<div class=\"cl-juego-ii-jug\"><strong>Jugadores:\u00a0<\/strong>1-4<\/div>\n<div class=\"cl-juego-ii-dur\"><strong>Duraci\u00f3n:<\/strong>\u00a060-120 minutos<\/div>\n<\/div>\n<div class=\"fusion-clearfix\"><\/div>\n<\/div>\n<\/div>\n<div class=\"fusion-layout-column fusion_builder_column_inner fusion-builder-nested-column-1 fusion_builder_column_inner_1_2 1_2 fusion-one-half fusion-column-last\">\n<div class=\"fusion-column-wrapper fusion-flex-column-wrapper-legacy\">\n<div class=\"fusion-text fusion-text-4\">\n<div class=\"cl-juego-ii-edad\"><strong>Edad:<\/strong>\u00a0a partir de 15 a\u00f1os<\/div>\n<\/div>\n<\/div>\n<\/div>\n<\/div>\n","protected":false},"featured_media":1709,"comment_status":"open","ping_status":"closed","template":"","meta":{"_themeisle_gutenberg_block_has_review":false},"product_brand":[],"product_cat":[29,93],"product_tag":[196,155,197],"class_list":{"0":"post-1706","1":"product","2":"type-product","3":"status-publish","4":"has-post-thumbnail","6":"product_cat-juegos-de-mesa","7":"product_cat-maldito-games","8":"product_tag-anachrony","9":"product_tag-juegosdemesa","10":"product_tag-malditogames","12":"first","13":"outofstock","14":"shipping-taxable","15":"purchasable","16":"product-type-simple"},"_links":{"self":[{"href":"https:\/\/magicgamesbolivia.com\/index.php\/wp-json\/wp\/v2\/product\/1706","targetHints":{"allow":["GET"]}}],"collection":[{"href":"https:\/\/magicgamesbolivia.com\/index.php\/wp-json\/wp\/v2\/product"}],"about":[{"href":"https:\/\/magicgamesbolivia.com\/index.php\/wp-json\/wp\/v2\/types\/product"}],"replies":[{"embeddable":true,"href":"https:\/\/magicgamesbolivia.com\/index.php\/wp-json\/wp\/v2\/comments?post=1706"}],"version-history":[{"count":2,"href":"https:\/\/magicgamesbolivia.com\/index.php\/wp-json\/wp\/v2\/product\/1706\/revisions"}],"predecessor-version":[{"id":2036,"href":"https:\/\/magicgamesbolivia.com\/index.php\/wp-json\/wp\/v2\/product\/1706\/revisions\/2036"}],"wp:featuredmedia":[{"embeddable":true,"href":"https:\/\/magicgamesbolivia.com\/index.php\/wp-json\/wp\/v2\/media\/1709"}],"wp:attachment":[{"href":"https:\/\/magicgamesbolivia.com\/index.php\/wp-json\/wp\/v2\/media?parent=1706"}],"wp:term":[{"taxonomy":"product_brand","embeddable":true,"href":"https:\/\/magicgamesbolivia.com\/index.php\/wp-json\/wp\/v2\/product_brand?post=1706"},{"taxonomy":"product_cat","embeddable":true,"href":"https:\/\/magicgamesbolivia.com\/index.php\/wp-json\/wp\/v2\/product_cat?post=1706"},{"taxonomy":"product_tag","embeddable":true,"href":"https:\/\/magicgamesbolivia.com\/index.php\/wp-json\/wp\/v2\/product_tag?post=1706"}],"curies":[{"name":"wp","href":"https:\/\/api.w.org\/{rel}","templated":true}]}}