{"id":1694,"date":"2021-09-06T19:38:00","date_gmt":"2021-09-06T19:38:00","guid":{"rendered":"http:\/\/magicgamesbolivia.com\/?post_type=product&#038;p=1694"},"modified":"2024-07-01T15:39:45","modified_gmt":"2024-07-01T15:39:45","slug":"zombicide-segunda-edicion","status":"publish","type":"product","link":"https:\/\/magicgamesbolivia.com\/index.php\/product\/zombicide-segunda-edicion\/","title":{"rendered":"Zombicide Segunda Edici\u00f3n"},"content":{"rendered":"<p>Los zombis son controlados por el propio juego, usando reglas simples y una baraja de cartas. Encuentra armas, mata zombis y aumenta la adrenalina de tus supervivientes para que desarrollen su verdadero potencial. \u00a1Cuantos m\u00e1s zombis mates, m\u00e1s zombis vendr\u00e1n! Zombicide: 2\u00aa Edici\u00f3n contiene reglas actualizadas y simplificadas y material de todos los sets cl\u00e1sicos de Zombicide.<\/p>\n<p>Escoge entre los 12 supervivientes (6 adultos, 6 ni\u00f1os) para formar el equipo de tus sue\u00f1os, avanzando r\u00e1pidamente a trav\u00e9s de las 25 misiones construidas con las fichas modulares del mapa.<\/p>\n","protected":false},"excerpt":{"rendered":"<div>\n<table width=\"100%\">\n<tbody>\n<tr>\n<td class=\"v_align_top\">\n<h3 class=\"add-left claim_collection_big\">Trabaja en equipo. \u00c1rmate. Sube de nivel. \u00a1Acaba con ellos!<\/h3>\n<\/td>\n<\/tr>\n<\/tbody>\n<\/table>\n<\/div>\n<div class=\"add-top p_collection\">\n<p><em>Zombicide: 2\u00aa Edici\u00f3n<\/em>\u00a0es un juego cooperativo para 1 a 6 jugadores, de 14 a\u00f1os en adelante. Juega en equipo con tus amigos como supervivientes de una invasi\u00f3n de zombis en un mundo inspirado en las pel\u00edculas de acci\u00f3n y de terror.<\/p>\n<\/div>\n","protected":false},"featured_media":1695,"comment_status":"open","ping_status":"closed","template":"","meta":{"_themeisle_gutenberg_block_has_review":false},"product_brand":[],"product_cat":[29,104],"product_tag":[156,155,191,192],"class_list":{"0":"post-1694","1":"product","2":"type-product","3":"status-publish","4":"has-post-thumbnail","6":"product_cat-juegos-de-mesa","7":"product_cat-edge","8":"product_tag-boardgames","9":"product_tag-juegosdemesa","10":"product_tag-zombicide","11":"product_tag-zombies","13":"first","14":"outofstock","15":"sold-individually","16":"shipping-taxable","17":"purchasable","18":"product-type-simple"},"_links":{"self":[{"href":"https:\/\/magicgamesbolivia.com\/index.php\/wp-json\/wp\/v2\/product\/1694","targetHints":{"allow":["GET"]}}],"collection":[{"href":"https:\/\/magicgamesbolivia.com\/index.php\/wp-json\/wp\/v2\/product"}],"about":[{"href":"https:\/\/magicgamesbolivia.com\/index.php\/wp-json\/wp\/v2\/types\/product"}],"replies":[{"embeddable":true,"href":"https:\/\/magicgamesbolivia.com\/index.php\/wp-json\/wp\/v2\/comments?post=1694"}],"version-history":[{"count":1,"href":"https:\/\/magicgamesbolivia.com\/index.php\/wp-json\/wp\/v2\/product\/1694\/revisions"}],"predecessor-version":[{"id":1698,"href":"https:\/\/magicgamesbolivia.com\/index.php\/wp-json\/wp\/v2\/product\/1694\/revisions\/1698"}],"wp:featuredmedia":[{"embeddable":true,"href":"https:\/\/magicgamesbolivia.com\/index.php\/wp-json\/wp\/v2\/media\/1695"}],"wp:attachment":[{"href":"https:\/\/magicgamesbolivia.com\/index.php\/wp-json\/wp\/v2\/media?parent=1694"}],"wp:term":[{"taxonomy":"product_brand","embeddable":true,"href":"https:\/\/magicgamesbolivia.com\/index.php\/wp-json\/wp\/v2\/product_brand?post=1694"},{"taxonomy":"product_cat","embeddable":true,"href":"https:\/\/magicgamesbolivia.com\/index.php\/wp-json\/wp\/v2\/product_cat?post=1694"},{"taxonomy":"product_tag","embeddable":true,"href":"https:\/\/magicgamesbolivia.com\/index.php\/wp-json\/wp\/v2\/product_tag?post=1694"}],"curies":[{"name":"wp","href":"https:\/\/api.w.org\/{rel}","templated":true}]}}