{"id":1651,"date":"2021-08-18T20:59:20","date_gmt":"2021-08-18T20:59:20","guid":{"rendered":"http:\/\/magicgamesbolivia.com\/?post_type=product&#038;p=1651"},"modified":"2021-12-18T20:54:08","modified_gmt":"2021-12-18T20:54:08","slug":"monstruo-final-el-siguiente-nivel","status":"publish","type":"product","link":"https:\/\/magicgamesbolivia.com\/index.php\/product\/monstruo-final-el-siguiente-nivel\/","title":{"rendered":"Monstruo final: El siguiente nivel"},"content":{"rendered":"<p>\u00a1Lleva tu construcci\u00f3n de mazmorras al\u00a0<em>Siguiente Nivel<\/em>\u00a0con\u00a0<em>Monstruo Final\u2122<\/em>! Convi\u00e9rtete en uno de los doce Monstruos Finales, construye letales Habitaciones con Trampas o Monstruos, lanza Hechizos \u00e9picos y enfr\u00e9ntate a desaf\u00edos como los H\u00e9roes h\u00edbridos o los H\u00e9roes oscuros. Estas 160 cartas completamente nuevas pueden jugarse como un juego independiente, con todo lo necesario para partidas de 2 a 4 jugadores, o pueden mezclarse con\u00a0<em>Monstruo Final\u2122<\/em>: El juego de cartas de construcci\u00f3n de mazmorras para disfrutar del doble de variedad.\u00a0<em>El Siguiente Nivel\u2122<\/em>\u00a0es la versi\u00f3n m\u00e1s emocionante de\u00a0<em>Monstruo Final\u2122<\/em>\u00a0hasta la fecha. \u00a1Usa todo tu poder!<\/p>\n<div class=\"news_box background_color_grey_light product_components\">\n<div class=\"news_box_content\">\n<h6><\/h6>\n<\/div>\n<\/div>\n","protected":false},"excerpt":{"rendered":"<p>\u00a1Convi\u00e9rtete en un villano de videojuego, construye una mazmorra mort\u00edfera y aplasta a los insolentes h\u00e9roes en este juego de cartas de inspiraci\u00f3n retro!<\/p>\n","protected":false},"featured_media":1652,"comment_status":"open","ping_status":"closed","template":"","meta":{"_themeisle_gutenberg_block_has_review":false},"product_brand":[],"product_cat":[29,104],"product_tag":[181,155,180],"class_list":{"0":"post-1651","1":"product","2":"type-product","3":"status-publish","4":"has-post-thumbnail","6":"product_cat-juegos-de-mesa","7":"product_cat-edge","8":"product_tag-edge","9":"product_tag-juegosdemesa","10":"product_tag-monstruofinal","12":"first","13":"outofstock","14":"sold-individually","15":"shipping-taxable","16":"purchasable","17":"product-type-simple"},"_links":{"self":[{"href":"https:\/\/magicgamesbolivia.com\/index.php\/wp-json\/wp\/v2\/product\/1651","targetHints":{"allow":["GET"]}}],"collection":[{"href":"https:\/\/magicgamesbolivia.com\/index.php\/wp-json\/wp\/v2\/product"}],"about":[{"href":"https:\/\/magicgamesbolivia.com\/index.php\/wp-json\/wp\/v2\/types\/product"}],"replies":[{"embeddable":true,"href":"https:\/\/magicgamesbolivia.com\/index.php\/wp-json\/wp\/v2\/comments?post=1651"}],"version-history":[{"count":1,"href":"https:\/\/magicgamesbolivia.com\/index.php\/wp-json\/wp\/v2\/product\/1651\/revisions"}],"predecessor-version":[{"id":1654,"href":"https:\/\/magicgamesbolivia.com\/index.php\/wp-json\/wp\/v2\/product\/1651\/revisions\/1654"}],"wp:featuredmedia":[{"embeddable":true,"href":"https:\/\/magicgamesbolivia.com\/index.php\/wp-json\/wp\/v2\/media\/1652"}],"wp:attachment":[{"href":"https:\/\/magicgamesbolivia.com\/index.php\/wp-json\/wp\/v2\/media?parent=1651"}],"wp:term":[{"taxonomy":"product_brand","embeddable":true,"href":"https:\/\/magicgamesbolivia.com\/index.php\/wp-json\/wp\/v2\/product_brand?post=1651"},{"taxonomy":"product_cat","embeddable":true,"href":"https:\/\/magicgamesbolivia.com\/index.php\/wp-json\/wp\/v2\/product_cat?post=1651"},{"taxonomy":"product_tag","embeddable":true,"href":"https:\/\/magicgamesbolivia.com\/index.php\/wp-json\/wp\/v2\/product_tag?post=1651"}],"curies":[{"name":"wp","href":"https:\/\/api.w.org\/{rel}","templated":true}]}}