{"id":1523,"date":"2021-08-16T16:05:46","date_gmt":"2021-08-16T16:05:46","guid":{"rendered":"https:\/\/magicgamesbolivia.com\/?post_type=product&#038;p=1523"},"modified":"2026-03-16T19:55:57","modified_gmt":"2026-03-16T19:55:57","slug":"7-wonders-nueva-edicion","status":"publish","type":"product","link":"https:\/\/magicgamesbolivia.com\/index.php\/product\/7-wonders-nueva-edicion\/","title":{"rendered":"7 WONDERS  (Nueva edici\u00f3n)"},"content":{"rendered":"<p>7 Wonders\u00bb es un juego de tablero, de 2 a 7 jugadores, lleno de intensidad y en el que tu estrategia y tu capacidad de decisi\u00f3n determinar\u00e1n el futuro de tu ciudad.<\/p>\n<table id=\"product-attribute-specs-table\" class=\"data table additional-attributes\">\n<tbody>\n<tr>\n<th class=\"col label\" scope=\"row\">Mec\u00e1nica<\/th>\n<td class=\"col data\" data-th=\"Mec\u00e1nica\">Colecci\u00f3n de sets, Draft<\/td>\n<\/tr>\n<tr>\n<th class=\"col label\" scope=\"row\">Tem\u00e1tica<\/th>\n<td class=\"col data\" data-th=\"Tem\u00e1tica\">Historia<\/td>\n<\/tr>\n<tr>\n<th class=\"col label\" scope=\"row\">Si buscas&#8230;<\/th>\n<td class=\"col data\" data-th=\"Si buscas...\">Familiares<\/td>\n<\/tr>\n<tr>\n<th class=\"col label\" scope=\"row\">Edad<\/th>\n<td class=\"col data\" data-th=\"Edad\">de 10 a 14 a\u00f1os, de 14 a 18 a\u00f1os, m\u00e1s de 18 a\u00f1os<\/td>\n<\/tr>\n<tr>\n<th class=\"col label\" scope=\"row\">N\u00fam. jugadores<\/th>\n<td class=\"col data\" data-th=\"N\u00fam. jugadores\">3, 4, 5, 6, 7<\/td>\n<\/tr>\n<\/tbody>\n<\/table>\n<p>&nbsp;<\/p>\n","protected":false},"excerpt":{"rendered":"<p>7 Wonders\u00bb es un juego de tablero, de 2 a 7 jugadores, lleno de intensidad y en el que tu estrategia y tu capacidad de decisi\u00f3n determinar\u00e1n el futuro de tu ciudad. Mec\u00e1nica Colecci\u00f3n de sets, Draft Tem\u00e1tica Historia Si buscas&#8230; Familiares Edad de 10 a 14 a\u00f1os, de 14 a 18 a\u00f1os, m\u00e1s de [&hellip;]<\/p>\n","protected":false},"featured_media":1524,"comment_status":"open","ping_status":"closed","template":"","meta":{"_themeisle_gutenberg_block_has_review":false},"product_brand":[],"product_cat":[123,29],"product_tag":[156,157,158,155],"class_list":{"0":"post-1523","1":"product","2":"type-product","3":"status-publish","4":"has-post-thumbnail","6":"product_cat-otros-juegos","7":"product_cat-juegos-de-mesa","8":"product_tag-boardgames","9":"product_tag-bolivia","10":"product_tag-cochabamba","11":"product_tag-juegosdemesa","13":"first","14":"instock","15":"shipping-taxable","16":"purchasable","17":"product-type-simple"},"_links":{"self":[{"href":"https:\/\/magicgamesbolivia.com\/index.php\/wp-json\/wp\/v2\/product\/1523","targetHints":{"allow":["GET"]}}],"collection":[{"href":"https:\/\/magicgamesbolivia.com\/index.php\/wp-json\/wp\/v2\/product"}],"about":[{"href":"https:\/\/magicgamesbolivia.com\/index.php\/wp-json\/wp\/v2\/types\/product"}],"replies":[{"embeddable":true,"href":"https:\/\/magicgamesbolivia.com\/index.php\/wp-json\/wp\/v2\/comments?post=1523"}],"version-history":[{"count":4,"href":"https:\/\/magicgamesbolivia.com\/index.php\/wp-json\/wp\/v2\/product\/1523\/revisions"}],"predecessor-version":[{"id":3673,"href":"https:\/\/magicgamesbolivia.com\/index.php\/wp-json\/wp\/v2\/product\/1523\/revisions\/3673"}],"wp:featuredmedia":[{"embeddable":true,"href":"https:\/\/magicgamesbolivia.com\/index.php\/wp-json\/wp\/v2\/media\/1524"}],"wp:attachment":[{"href":"https:\/\/magicgamesbolivia.com\/index.php\/wp-json\/wp\/v2\/media?parent=1523"}],"wp:term":[{"taxonomy":"product_brand","embeddable":true,"href":"https:\/\/magicgamesbolivia.com\/index.php\/wp-json\/wp\/v2\/product_brand?post=1523"},{"taxonomy":"product_cat","embeddable":true,"href":"https:\/\/magicgamesbolivia.com\/index.php\/wp-json\/wp\/v2\/product_cat?post=1523"},{"taxonomy":"product_tag","embeddable":true,"href":"https:\/\/magicgamesbolivia.com\/index.php\/wp-json\/wp\/v2\/product_tag?post=1523"}],"curies":[{"name":"wp","href":"https:\/\/api.w.org\/{rel}","templated":true}]}}