{"id":1147,"date":"2021-03-16T23:54:31","date_gmt":"2021-03-16T23:54:31","guid":{"rendered":"https:\/\/magicgamesbolivia.com\/?post_type=product&#038;p=1147"},"modified":"2025-06-16T20:19:32","modified_gmt":"2025-06-16T20:19:32","slug":"marco-polo-ii-al-servicio-del-khan","status":"publish","type":"product","link":"https:\/\/magicgamesbolivia.com\/index.php\/product\/marco-polo-ii-al-servicio-del-khan\/","title":{"rendered":"MARCO POLO II: Al Servicio del KHAN"},"content":{"rendered":"<p>No hay descanso para nuestro Marco Polo, el mercader, explorador mas viajero de la historia. Tras su famoso viaje a Pek\u00edn, Marco Polo se pone al servicio del Khan para visitar otras ciudades de Oriente, dispuesto a maravillarnos con sus cr\u00f3nicas Marco Polo II: Al servicio del Khan, nos ofrece el mismo sistema de juego que Marco Polo, pero con reglas m\u00e1s avanzadas, que reducen el azar a la m\u00ednima expresi\u00f3n y nos presentan nuevos personajes y habilidades, algunos compatibles con el cl\u00e1sico Marco Polo (que no es necesario tenerlo para jugar a este Marco Polo II<\/p>\n<p>&nbsp;<\/p>\n<h2>Componentes del juego<\/h2>\n<ul>\n<li>1 tablero<\/li>\n<li>1 indicador de jugador inicial<em>\u00a0(reloj de arena)<\/em><\/li>\n<li>4 tablillas individuales<\/li>\n<li>7 bonificadores de ciudad<\/li>\n<li>7 cartas de personaje<\/li>\n<li>10 bonificadores de puesto avanzado<\/li>\n<li>16 sellos de gremio<\/li>\n<li>18 fichas de oferta<\/li>\n<li>49 contratos\n<ul>\n<li>42 rojos<\/li>\n<li>7 azules<\/li>\n<\/ul>\n<\/li>\n<li>68 monedas\n<ul>\n<li>40 de 1<\/li>\n<li>18 de 5<\/li>\n<li>10 de 10)<\/li>\n<\/ul>\n<\/li>\n<li>4 cartas de puntuaci\u00f3n 50\/100<\/li>\n<li>14 cartas de objetivo<\/li>\n<li>25 cartas de ciudad<\/li>\n<li>18 lingotes de oro\n<ul>\n<li>14 peque\u00f1os<\/li>\n<li>4 grandes<\/li>\n<\/ul>\n<\/li>\n<li>18 bobinas de seda\n<ul>\n<li>14 peque\u00f1as<\/li>\n<li>4 grandes<\/li>\n<\/ul>\n<\/li>\n<li>19 sacos de pimienta\n<ul>\n<li>14 peque\u00f1os<\/li>\n<li>5 grandes<\/li>\n<\/ul>\n<\/li>\n<li>26 piedras de jade<\/li>\n<li>26 camellos\n<ul>\n<li>20 peque\u00f1os<\/li>\n<li>6 grandes<\/li>\n<\/ul>\n<\/li>\n<li>12 peones\u00a0<em>(3 en cada uno de los colores\u00a0azul, amarillo, verde y rojo)<\/em><\/li>\n<li>26 dados\u00a0<em>(5 en cada uno de los colores azul,\u00a0amarillo, verde y rojo y 6 de color negro)<\/em><\/li>\n<li>44 puestos comerciales\u00a0<em>(11 en cada uno de los\u00a0colores azul, amarillo, verde y rojo)<\/em><\/li>\n<li>4 cartas de ayuda<\/li>\n<li>1 reglamento<\/li>\n<li>1 suplemento<\/li>\n<\/ul>\n","protected":false},"excerpt":{"rendered":"<p>No hay descanso para nuestro Marco Polo, el mercader, explorador mas viajero de la historia. Tras su famoso viaje a Pek\u00edn, Marco Polo se pone al servicio del Khan para visitar otras ciudades de Oriente, dispuesto a maravillarnos con sus cr\u00f3nicas Marco Polo II: Al servicio del Khan, nos ofrece el mismo sistema de juego que Marco Polo, pero con reglas m\u00e1s avanzadas, que reducen el azar a la m\u00ednima expresi\u00f3n y nos presentan nuevos personajes y habilidades, algunos compatibles con el cl\u00e1sico Marco Polo (que no es necesario tenerlo para jugar a este Marco Polo II<\/p>\n","protected":false},"featured_media":1148,"comment_status":"open","ping_status":"closed","template":"","meta":{"_themeisle_gutenberg_block_has_review":false},"product_brand":[],"product_cat":[29,30],"product_tag":[91,89,90],"class_list":{"0":"post-1147","1":"product","2":"type-product","3":"status-publish","4":"has-post-thumbnail","6":"product_cat-juegos-de-mesa","7":"product_cat-devir","8":"product_tag-khan","9":"product_tag-marco","10":"product_tag-polo","12":"first","13":"outofstock","14":"shipping-taxable","15":"purchasable","16":"product-type-simple"},"_links":{"self":[{"href":"https:\/\/magicgamesbolivia.com\/index.php\/wp-json\/wp\/v2\/product\/1147","targetHints":{"allow":["GET"]}}],"collection":[{"href":"https:\/\/magicgamesbolivia.com\/index.php\/wp-json\/wp\/v2\/product"}],"about":[{"href":"https:\/\/magicgamesbolivia.com\/index.php\/wp-json\/wp\/v2\/types\/product"}],"replies":[{"embeddable":true,"href":"https:\/\/magicgamesbolivia.com\/index.php\/wp-json\/wp\/v2\/comments?post=1147"}],"version-history":[{"count":1,"href":"https:\/\/magicgamesbolivia.com\/index.php\/wp-json\/wp\/v2\/product\/1147\/revisions"}],"predecessor-version":[{"id":1149,"href":"https:\/\/magicgamesbolivia.com\/index.php\/wp-json\/wp\/v2\/product\/1147\/revisions\/1149"}],"wp:featuredmedia":[{"embeddable":true,"href":"https:\/\/magicgamesbolivia.com\/index.php\/wp-json\/wp\/v2\/media\/1148"}],"wp:attachment":[{"href":"https:\/\/magicgamesbolivia.com\/index.php\/wp-json\/wp\/v2\/media?parent=1147"}],"wp:term":[{"taxonomy":"product_brand","embeddable":true,"href":"https:\/\/magicgamesbolivia.com\/index.php\/wp-json\/wp\/v2\/product_brand?post=1147"},{"taxonomy":"product_cat","embeddable":true,"href":"https:\/\/magicgamesbolivia.com\/index.php\/wp-json\/wp\/v2\/product_cat?post=1147"},{"taxonomy":"product_tag","embeddable":true,"href":"https:\/\/magicgamesbolivia.com\/index.php\/wp-json\/wp\/v2\/product_tag?post=1147"}],"curies":[{"name":"wp","href":"https:\/\/api.w.org\/{rel}","templated":true}]}}