{"id":1102,"date":"2021-03-12T03:39:08","date_gmt":"2021-03-12T03:39:08","guid":{"rendered":"https:\/\/magicgamesbolivia.com\/?post_type=product&#038;p=1102"},"modified":"2023-01-04T13:18:08","modified_gmt":"2023-01-04T13:18:08","slug":"trapwords","status":"publish","type":"product","link":"https:\/\/magicgamesbolivia.com\/index.php\/product\/trapwords\/","title":{"rendered":"TRAPWORDS"},"content":{"rendered":"<p>Solo t\u00fa conoces la palabra secreta que tus compa\u00f1eros deber\u00e1n adivinar. Se supone que tienes que darles pistas, pero el otro equipo ha creado una lista de \u201ctrampalabras\u201d que no puedes decir. Adem\u00e1s, no sabes que palabras hay en esa lista. \u00a1Y encima tienes un l\u00edmite de tiempo! \u00a1Adelante! \u00bfA qu\u00e9 esperas?<\/p>\n","protected":false},"excerpt":{"rendered":"<p>Solo t\u00fa conoces la palabra secreta que tus compa\u00f1eros deber\u00e1n adivinar. Se supone que tienes que darles pistas, pero el otro equipo ha creado una lista de \u201ctrampalabras\u201d que no puedes decir. Adem\u00e1s, no sabes que palabras hay en esa lista. \u00a1Y encima tienes un l\u00edmite de tiempo! \u00a1Adelante! \u00bfA qu\u00e9 esperas?<\/p>\n","protected":false},"featured_media":1103,"comment_status":"open","ping_status":"closed","template":"","meta":{"_themeisle_gutenberg_block_has_review":false},"product_brand":[],"product_cat":[29,30],"product_tag":[74],"class_list":{"0":"post-1102","1":"product","2":"type-product","3":"status-publish","4":"has-post-thumbnail","6":"product_cat-juegos-de-mesa","7":"product_cat-devir","8":"product_tag-trapwords","10":"first","11":"outofstock","12":"shipping-taxable","13":"purchasable","14":"product-type-simple"},"_links":{"self":[{"href":"https:\/\/magicgamesbolivia.com\/index.php\/wp-json\/wp\/v2\/product\/1102","targetHints":{"allow":["GET"]}}],"collection":[{"href":"https:\/\/magicgamesbolivia.com\/index.php\/wp-json\/wp\/v2\/product"}],"about":[{"href":"https:\/\/magicgamesbolivia.com\/index.php\/wp-json\/wp\/v2\/types\/product"}],"replies":[{"embeddable":true,"href":"https:\/\/magicgamesbolivia.com\/index.php\/wp-json\/wp\/v2\/comments?post=1102"}],"version-history":[{"count":2,"href":"https:\/\/magicgamesbolivia.com\/index.php\/wp-json\/wp\/v2\/product\/1102\/revisions"}],"predecessor-version":[{"id":3639,"href":"https:\/\/magicgamesbolivia.com\/index.php\/wp-json\/wp\/v2\/product\/1102\/revisions\/3639"}],"wp:featuredmedia":[{"embeddable":true,"href":"https:\/\/magicgamesbolivia.com\/index.php\/wp-json\/wp\/v2\/media\/1103"}],"wp:attachment":[{"href":"https:\/\/magicgamesbolivia.com\/index.php\/wp-json\/wp\/v2\/media?parent=1102"}],"wp:term":[{"taxonomy":"product_brand","embeddable":true,"href":"https:\/\/magicgamesbolivia.com\/index.php\/wp-json\/wp\/v2\/product_brand?post=1102"},{"taxonomy":"product_cat","embeddable":true,"href":"https:\/\/magicgamesbolivia.com\/index.php\/wp-json\/wp\/v2\/product_cat?post=1102"},{"taxonomy":"product_tag","embeddable":true,"href":"https:\/\/magicgamesbolivia.com\/index.php\/wp-json\/wp\/v2\/product_tag?post=1102"}],"curies":[{"name":"wp","href":"https:\/\/api.w.org\/{rel}","templated":true}]}}